{"id":6487,"date":"2025-10-31T01:22:07","date_gmt":"2025-10-31T01:22:07","guid":{"rendered":"https:\/\/tlatelolcounam.mx\/uva\/?post_type=tribe_events&#038;p=6487"},"modified":"2025-10-31T01:22:19","modified_gmt":"2025-10-31T01:22:19","slug":"taller-trazar-el-dolor","status":"publish","type":"tribe_events","link":"https:\/\/tlatelolcounam.mx\/uva\/event\/taller-trazar-el-dolor\/","title":{"rendered":"\u270d\ud83c\udffb\ud83d\ude13TALLER ESPECIAL: TRAZAR EL DOLOR"},"content":{"rendered":"<p><span style=\"font-weight: 400;\">Taller continuo de elaboraci\u00f3n de c\u00f3mics de entre una y dos p\u00e1ginas sobre vivencias de violencia de g\u00e9nero, poniendo las sensaciones f\u00edsicas y los sentimientos al centro. Dentro del marco de las actividades del 25N.<\/span><\/p>\n<p><span style=\"font-weight: 400;\">Grupo 1: 12 a 14 h<\/span><\/p>\n<p><span style=\"font-weight: 400;\">Grupo 2: 14 a 16 h<\/span><\/p>\n<p><span style=\"font-weight: 400;\">Grupo 3: 16 a 18 h<\/span><\/p>\n<p><span style=\"font-weight: 400;\">Dada la naturaleza sensible de la actividad,\u00a0 recomendamos discreci\u00f3n para hacer de este taller un espacio seguro y de cuidado.<\/span><\/p>\n","protected":false},"excerpt":{"rendered":"<p>Taller continuo de elaboraci\u00f3n de c\u00f3mics de entre una y dos p\u00e1ginas sobre vivencias de violencia de g\u00e9nero, poniendo las&nbsp;<a href=\"https:\/\/tlatelolcounam.mx\/uva\/event\/taller-trazar-el-dolor\/\">&hellip;<\/a><\/p>\n","protected":false},"author":2,"featured_media":6475,"template":"","meta":{"_tribe_events_status":"","_tribe_events_status_reason":"","footnotes":""},"tags":[42,60],"tribe_events_cat":[39],"class_list":["post-6487","tribe_events","type-tribe_events","status-publish","has-post-thumbnail","hentry","tag-cartelera","tag-eventos-especiales","tribe_events_cat-cartelera","cat_cartelera","odd"],"_links":{"self":[{"href":"https:\/\/tlatelolcounam.mx\/uva\/wp-json\/wp\/v2\/tribe_events\/6487","targetHints":{"allow":["GET"]}}],"collection":[{"href":"https:\/\/tlatelolcounam.mx\/uva\/wp-json\/wp\/v2\/tribe_events"}],"about":[{"href":"https:\/\/tlatelolcounam.mx\/uva\/wp-json\/wp\/v2\/types\/tribe_events"}],"author":[{"embeddable":true,"href":"https:\/\/tlatelolcounam.mx\/uva\/wp-json\/wp\/v2\/users\/2"}],"version-history":[{"count":1,"href":"https:\/\/tlatelolcounam.mx\/uva\/wp-json\/wp\/v2\/tribe_events\/6487\/revisions"}],"predecessor-version":[{"id":6488,"href":"https:\/\/tlatelolcounam.mx\/uva\/wp-json\/wp\/v2\/tribe_events\/6487\/revisions\/6488"}],"wp:featuredmedia":[{"embeddable":true,"href":"https:\/\/tlatelolcounam.mx\/uva\/wp-json\/wp\/v2\/media\/6475"}],"wp:attachment":[{"href":"https:\/\/tlatelolcounam.mx\/uva\/wp-json\/wp\/v2\/media?parent=6487"}],"wp:term":[{"taxonomy":"post_tag","embeddable":true,"href":"https:\/\/tlatelolcounam.mx\/uva\/wp-json\/wp\/v2\/tags?post=6487"},{"taxonomy":"tribe_events_cat","embeddable":true,"href":"https:\/\/tlatelolcounam.mx\/uva\/wp-json\/wp\/v2\/tribe_events_cat?post=6487"}],"curies":[{"name":"wp","href":"https:\/\/api.w.org\/{rel}","templated":true}]}}

<p><span style="font-weight: 400;">Taller continuo de elaboración de cómics de entre una y dos páginas sobre vivencias de violencia de género, poniendo las sensaciones físicas y los sentimientos al centro. Dentro del marco de las actividades del 25N.</span></p>
<p><span style="font-weight: 400;">Grupo 1: 12 a 14 h</span></p>
<p><span style="font-weight: 400;">Grupo 2: 14 a 16 h</span></p>
<p><span style="font-weight: 400;">Grupo 3: 16 a 18 h</span></p>
<p><span style="font-weight: 400;">Dada la naturaleza sensible de la actividad,  recomendamos discreción para hacer de este taller un espacio seguro y de cuidado.</span></p>

<p>Taller continuo de elaboración de cómics de entre una y dos páginas sobre vivencias de violencia de género, poniendo las&nbsp;<a href="https://tlatelolcounam.mx/uva/event/taller-trazar-el-dolor/">&hellip;</a></p>
