{"id":6299,"date":"2025-08-28T22:21:24","date_gmt":"2025-08-28T22:21:24","guid":{"rendered":"https:\/\/tlatelolcounam.mx\/uva\/?post_type=tribe_events&#038;p=6299"},"modified":"2025-08-28T22:21:24","modified_gmt":"2025-08-28T22:21:24","slug":"resorte-lector-25-09-02","status":"publish","type":"tribe_events","link":"https:\/\/tlatelolcounam.mx\/uva\/event\/resorte-lector-25-09-02\/","title":{"rendered":"\u27bf\ud83d\udcda RESORTE LECTOR: Infantilizaci\u00f3n de las lenguas originarias"},"content":{"rendered":"<p><span style=\"font-weight: 400;\">Resorte Lector es un espacio virtual para estirar, rebotar y cuestionar posturas adultocentristas y otros prejuicios en\/sobre la literatura infantil y juvenil. Forma parte del bloque juvenil \u201cTertulias Bibliocomunitarias\u201d. <\/span><\/p>\n<p><span style=\"font-weight: 400;\">En esta sesi\u00f3n conversaremos acerca de c\u00f3mo la discriminaci\u00f3n ling\u00fc\u00edstica contra las lenguas originarias tiene un trasfondo adultocentrista y, por supuesto, colonial.<\/span><\/p>\n","protected":false},"excerpt":{"rendered":"<p>Resorte Lector es un espacio virtual para estirar, rebotar y cuestionar posturas adultocentristas y otros prejuicios en\/sobre la literatura infantil&nbsp;<a href=\"https:\/\/tlatelolcounam.mx\/uva\/event\/resorte-lector-25-09-02\/\">&hellip;<\/a><\/p>\n","protected":false},"author":2,"featured_media":6315,"template":"","meta":{"_tribe_events_status":"","_tribe_events_status_reason":"","footnotes":""},"tags":[42,60,72],"tribe_events_cat":[39],"class_list":["post-6299","tribe_events","type-tribe_events","status-publish","has-post-thumbnail","hentry","tag-cartelera","tag-eventos-especiales","tag-tertulias-bibliocomunitarias","tribe_events_cat-cartelera","cat_cartelera","odd"],"_links":{"self":[{"href":"https:\/\/tlatelolcounam.mx\/uva\/wp-json\/wp\/v2\/tribe_events\/6299","targetHints":{"allow":["GET"]}}],"collection":[{"href":"https:\/\/tlatelolcounam.mx\/uva\/wp-json\/wp\/v2\/tribe_events"}],"about":[{"href":"https:\/\/tlatelolcounam.mx\/uva\/wp-json\/wp\/v2\/types\/tribe_events"}],"author":[{"embeddable":true,"href":"https:\/\/tlatelolcounam.mx\/uva\/wp-json\/wp\/v2\/users\/2"}],"version-history":[{"count":1,"href":"https:\/\/tlatelolcounam.mx\/uva\/wp-json\/wp\/v2\/tribe_events\/6299\/revisions"}],"predecessor-version":[{"id":6300,"href":"https:\/\/tlatelolcounam.mx\/uva\/wp-json\/wp\/v2\/tribe_events\/6299\/revisions\/6300"}],"wp:featuredmedia":[{"embeddable":true,"href":"https:\/\/tlatelolcounam.mx\/uva\/wp-json\/wp\/v2\/media\/6315"}],"wp:attachment":[{"href":"https:\/\/tlatelolcounam.mx\/uva\/wp-json\/wp\/v2\/media?parent=6299"}],"wp:term":[{"taxonomy":"post_tag","embeddable":true,"href":"https:\/\/tlatelolcounam.mx\/uva\/wp-json\/wp\/v2\/tags?post=6299"},{"taxonomy":"tribe_events_cat","embeddable":true,"href":"https:\/\/tlatelolcounam.mx\/uva\/wp-json\/wp\/v2\/tribe_events_cat?post=6299"}],"curies":[{"name":"wp","href":"https:\/\/api.w.org\/{rel}","templated":true}]}}

➿📚 RESORTE LECTOR: Infantilización de las lenguas originarias

<p><span style="font-weight: 400;">Resorte Lector es un espacio virtual para estirar, rebotar y cuestionar posturas adultocentristas y otros prejuicios en/sobre la literatura infantil y juvenil. Forma parte del bloque juvenil “Tertulias Bibliocomunitarias”. </span></p>
<p><span style="font-weight: 400;">En esta sesión conversaremos acerca de cómo la discriminación lingüística contra las lenguas originarias tiene un trasfondo adultocentrista y, por supuesto, colonial.</span></p>
