{"id":5906,"date":"2025-04-03T00:28:48","date_gmt":"2025-04-03T00:28:48","guid":{"rendered":"https:\/\/tlatelolcounam.mx\/uva\/?post_type=tribe_events&#038;p=5906"},"modified":"2025-04-03T00:28:48","modified_gmt":"2025-04-03T00:28:48","slug":"mirar-libritos-25-04-2","status":"publish","type":"tribe_events","link":"https:\/\/tlatelolcounam.mx\/uva\/event\/mirar-libritos-25-04-2\/","title":{"rendered":"\ud83d\udc40\ud83d\udcda MIRAR LIBRITOS: Libros \u00e1lbum de poes\u00eda"},"content":{"rendered":"<p><span style=\"font-weight: 400;\">Espacio para combinar acervos de libros \u00e1lbum de poes\u00eda para ni\u00f1xs.<\/span><\/p>\n","protected":false},"excerpt":{"rendered":"<p>Espacio para combinar acervos de libros \u00e1lbum de poes\u00eda para ni\u00f1xs.<\/p>\n","protected":false},"author":2,"featured_media":5901,"template":"","meta":{"_tribe_events_status":"","_tribe_events_status_reason":"","footnotes":""},"tags":[57,42,75],"tribe_events_cat":[39],"class_list":["post-5906","tribe_events","type-tribe_events","status-publish","has-post-thumbnail","hentry","tag-bibliotecas-y-cultura-de-paz","tag-cartelera","tag-mirar-libritos","tribe_events_cat-cartelera","cat_cartelera","odd"],"_links":{"self":[{"href":"https:\/\/tlatelolcounam.mx\/uva\/wp-json\/wp\/v2\/tribe_events\/5906","targetHints":{"allow":["GET"]}}],"collection":[{"href":"https:\/\/tlatelolcounam.mx\/uva\/wp-json\/wp\/v2\/tribe_events"}],"about":[{"href":"https:\/\/tlatelolcounam.mx\/uva\/wp-json\/wp\/v2\/types\/tribe_events"}],"author":[{"embeddable":true,"href":"https:\/\/tlatelolcounam.mx\/uva\/wp-json\/wp\/v2\/users\/2"}],"version-history":[{"count":1,"href":"https:\/\/tlatelolcounam.mx\/uva\/wp-json\/wp\/v2\/tribe_events\/5906\/revisions"}],"predecessor-version":[{"id":5907,"href":"https:\/\/tlatelolcounam.mx\/uva\/wp-json\/wp\/v2\/tribe_events\/5906\/revisions\/5907"}],"wp:featuredmedia":[{"embeddable":true,"href":"https:\/\/tlatelolcounam.mx\/uva\/wp-json\/wp\/v2\/media\/5901"}],"wp:attachment":[{"href":"https:\/\/tlatelolcounam.mx\/uva\/wp-json\/wp\/v2\/media?parent=5906"}],"wp:term":[{"taxonomy":"post_tag","embeddable":true,"href":"https:\/\/tlatelolcounam.mx\/uva\/wp-json\/wp\/v2\/tags?post=5906"},{"taxonomy":"tribe_events_cat","embeddable":true,"href":"https:\/\/tlatelolcounam.mx\/uva\/wp-json\/wp\/v2\/tribe_events_cat?post=5906"}],"curies":[{"name":"wp","href":"https:\/\/api.w.org\/{rel}","templated":true}]}}

👀📚 MIRAR LIBRITOS: Libros álbum de poesía

<p><span style="font-weight: 400;">Espacio para combinar acervos de libros álbum de poesía para niñxs.</span></p>

<p>Espacio para combinar acervos de libros álbum de poesía para niñxs.</p>
