{"id":5777,"date":"2025-02-07T18:11:08","date_gmt":"2025-02-07T18:11:08","guid":{"rendered":"https:\/\/tlatelolcounam.mx\/uva\/?post_type=tribe_events&#038;p=5777"},"modified":"2025-02-07T18:11:08","modified_gmt":"2025-02-07T18:11:08","slug":"techpaktia-in-amoxcalli","status":"publish","type":"tribe_events","link":"https:\/\/tlatelolcounam.mx\/uva\/event\/techpaktia-in-amoxcalli\/","title":{"rendered":"\ud83d\udcda \u00a1TECHPAKTIA IN AMOXCALLI! (\u00a1Nos gusta la biblitoteca!)"},"content":{"rendered":"<p><span style=\"font-weight: 400;\">Reuni\u00f3n mensual (parte del bloque infantil &#8220;Crecer entre libros&#8221;) para compartir aprendizajes y lecturas en lengua nawatl con el p\u00fablico general. Iniciamos esta actividad como celebraci\u00f3n del D\u00eda Internacional de la Lengua Materna, el 21 de febrero.<\/span><\/p>\n<p>Entrada libre | Cupo limitado<\/p>\n","protected":false},"excerpt":{"rendered":"<p>Reuni\u00f3n mensual (parte del bloque infantil &#8220;Crecer entre libros&#8221;) para compartir aprendizajes y lecturas en lengua nawatl con el p\u00fablico&nbsp;<a href=\"https:\/\/tlatelolcounam.mx\/uva\/event\/techpaktia-in-amoxcalli\/\">&hellip;<\/a><\/p>\n","protected":false},"author":2,"featured_media":5770,"template":"","meta":{"_tribe_events_status":"","_tribe_events_status_reason":"","footnotes":""},"tags":[42,48,60],"tribe_events_cat":[39],"class_list":["post-5777","tribe_events","type-tribe_events","status-publish","has-post-thumbnail","hentry","tag-cartelera","tag-crecer-entre-libros","tag-eventos-especiales","tribe_events_cat-cartelera","cat_cartelera","odd"],"_links":{"self":[{"href":"https:\/\/tlatelolcounam.mx\/uva\/wp-json\/wp\/v2\/tribe_events\/5777","targetHints":{"allow":["GET"]}}],"collection":[{"href":"https:\/\/tlatelolcounam.mx\/uva\/wp-json\/wp\/v2\/tribe_events"}],"about":[{"href":"https:\/\/tlatelolcounam.mx\/uva\/wp-json\/wp\/v2\/types\/tribe_events"}],"author":[{"embeddable":true,"href":"https:\/\/tlatelolcounam.mx\/uva\/wp-json\/wp\/v2\/users\/2"}],"version-history":[{"count":1,"href":"https:\/\/tlatelolcounam.mx\/uva\/wp-json\/wp\/v2\/tribe_events\/5777\/revisions"}],"predecessor-version":[{"id":5778,"href":"https:\/\/tlatelolcounam.mx\/uva\/wp-json\/wp\/v2\/tribe_events\/5777\/revisions\/5778"}],"wp:featuredmedia":[{"embeddable":true,"href":"https:\/\/tlatelolcounam.mx\/uva\/wp-json\/wp\/v2\/media\/5770"}],"wp:attachment":[{"href":"https:\/\/tlatelolcounam.mx\/uva\/wp-json\/wp\/v2\/media?parent=5777"}],"wp:term":[{"taxonomy":"post_tag","embeddable":true,"href":"https:\/\/tlatelolcounam.mx\/uva\/wp-json\/wp\/v2\/tags?post=5777"},{"taxonomy":"tribe_events_cat","embeddable":true,"href":"https:\/\/tlatelolcounam.mx\/uva\/wp-json\/wp\/v2\/tribe_events_cat?post=5777"}],"curies":[{"name":"wp","href":"https:\/\/api.w.org\/{rel}","templated":true}]}}

<p><span style="font-weight: 400;">Reunión mensual (parte del bloque infantil &#8220;Crecer entre libros&#8221;) para compartir aprendizajes y lecturas en lengua nawatl con el público general. Iniciamos esta actividad como celebración del Día Internacional de la Lengua Materna, el 21 de febrero.</span></p>
<p>Entrada libre | Cupo limitado</p>

<p>Reunión mensual (parte del bloque infantil &#8220;Crecer entre libros&#8221;) para compartir aprendizajes y lecturas en lengua nawatl con el público&nbsp;<a href="https://tlatelolcounam.mx/uva/event/techpaktia-in-amoxcalli/">&hellip;</a></p>
