{"id":5454,"date":"2024-10-31T19:33:55","date_gmt":"2024-10-31T19:33:55","guid":{"rendered":"https:\/\/tlatelolcounam.mx\/uva\/?post_type=tribe_events&#038;p=5454"},"modified":"2024-10-31T19:33:55","modified_gmt":"2024-10-31T19:33:55","slug":"atth-cuentos-24-11-04","status":"publish","type":"tribe_events","link":"https:\/\/tlatelolcounam.mx\/uva\/event\/atth-cuentos-24-11-04\/","title":{"rendered":"\ud83d\udde3\ufe0f\ud83d\udcd6\u00a1AQU\u00cd T\u00da CUENTAS HISTORIAS!: A la caza del cuento"},"content":{"rendered":"<p>\u00a1Funci\u00f3n presencial de cuentacuentos con <strong>Florina Pi\u00f1a y Arturo Cervantes<\/strong>!\ud83d\ude0e<\/p>\n<p dir=\"ltr\">A la caza del cuento es un espect\u00e1culo de cuentos y cantos que nos remiten a la edad m\u00e1s temprana cuando s\u00f3lo exist\u00eda el disfrute de la voz juguetona que nos hac\u00eda gozar la vida. Escuchar nanas e historias cuando se es ni\u00f1a o ni\u00f1o nos conecta con la primera casa del cuento: el vientre materno como lo ha se\u00f1alado el narrador oral argentino, Rodolfo Castro. E irremediablemente, con aquellas primeras emociones que experimentamos como seres humanos al sentir la tibieza de una mano acariciar aquella panza henchida de vida y escuchar una voz que armonizaba y generaba paz. Paz.<\/p>\n<p>&#8220;\u00a1Aqu\u00ed t\u00fa cuentas historias!&#8221; es un programa de Universo de Letras (Literatura UNAM).<\/p>\n","protected":false},"excerpt":{"rendered":"<p>\u00a1Funci\u00f3n presencial de cuentacuentos con Florina Pi\u00f1a y Arturo Cervantes!\ud83d\ude0e A la caza del cuento es un espect\u00e1culo de cuentos&nbsp;<a href=\"https:\/\/tlatelolcounam.mx\/uva\/event\/atth-cuentos-24-11-04\/\">&hellip;<\/a><\/p>\n","protected":false},"author":2,"featured_media":5433,"template":"","meta":{"_tribe_events_status":"","_tribe_events_status_reason":"","footnotes":""},"tags":[74,42,48],"tribe_events_cat":[39],"class_list":["post-5454","tribe_events","type-tribe_events","status-publish","has-post-thumbnail","hentry","tag-aqui-tu-cuentas-historias","tag-cartelera","tag-crecer-entre-libros","tribe_events_cat-cartelera","cat_cartelera","odd"],"_links":{"self":[{"href":"https:\/\/tlatelolcounam.mx\/uva\/wp-json\/wp\/v2\/tribe_events\/5454","targetHints":{"allow":["GET"]}}],"collection":[{"href":"https:\/\/tlatelolcounam.mx\/uva\/wp-json\/wp\/v2\/tribe_events"}],"about":[{"href":"https:\/\/tlatelolcounam.mx\/uva\/wp-json\/wp\/v2\/types\/tribe_events"}],"author":[{"embeddable":true,"href":"https:\/\/tlatelolcounam.mx\/uva\/wp-json\/wp\/v2\/users\/2"}],"version-history":[{"count":1,"href":"https:\/\/tlatelolcounam.mx\/uva\/wp-json\/wp\/v2\/tribe_events\/5454\/revisions"}],"predecessor-version":[{"id":5455,"href":"https:\/\/tlatelolcounam.mx\/uva\/wp-json\/wp\/v2\/tribe_events\/5454\/revisions\/5455"}],"wp:featuredmedia":[{"embeddable":true,"href":"https:\/\/tlatelolcounam.mx\/uva\/wp-json\/wp\/v2\/media\/5433"}],"wp:attachment":[{"href":"https:\/\/tlatelolcounam.mx\/uva\/wp-json\/wp\/v2\/media?parent=5454"}],"wp:term":[{"taxonomy":"post_tag","embeddable":true,"href":"https:\/\/tlatelolcounam.mx\/uva\/wp-json\/wp\/v2\/tags?post=5454"},{"taxonomy":"tribe_events_cat","embeddable":true,"href":"https:\/\/tlatelolcounam.mx\/uva\/wp-json\/wp\/v2\/tribe_events_cat?post=5454"}],"curies":[{"name":"wp","href":"https:\/\/api.w.org\/{rel}","templated":true}]}}

🗣️📖¡AQUÍ TÚ CUENTAS HISTORIAS!: A la caza del cuento

<p>¡Función presencial de cuentacuentos con <strong>Florina Piña y Arturo Cervantes</strong>!😎</p>
<p dir="ltr">A la caza del cuento es un espectáculo de cuentos y cantos que nos remiten a la edad más temprana cuando sólo existía el disfrute de la voz juguetona que nos hacía gozar la vida. Escuchar nanas e historias cuando se es niña o niño nos conecta con la primera casa del cuento: el vientre materno como lo ha señalado el narrador oral argentino, Rodolfo Castro. E irremediablemente, con aquellas primeras emociones que experimentamos como seres humanos al sentir la tibieza de una mano acariciar aquella panza henchida de vida y escuchar una voz que armonizaba y generaba paz. Paz.</p>
<p>&#8220;¡Aquí tú cuentas historias!&#8221; es un programa de Universo de Letras (Literatura UNAM).</p>

<p>¡Función presencial de cuentacuentos con Florina Piña y Arturo Cervantes!😎 A la caza del cuento es un espectáculo de cuentos&nbsp;<a href="https://tlatelolcounam.mx/uva/event/atth-cuentos-24-11-04/">&hellip;</a></p>
