{"id":5450,"date":"2024-10-31T19:27:24","date_gmt":"2024-10-31T19:27:24","guid":{"rendered":"https:\/\/tlatelolcounam.mx\/uva\/?post_type=tribe_events&#038;p=5450"},"modified":"2024-10-31T19:27:24","modified_gmt":"2024-10-31T19:27:24","slug":"atth-cuentos-24-11-02","status":"publish","type":"tribe_events","link":"https:\/\/tlatelolcounam.mx\/uva\/event\/atth-cuentos-24-11-02\/","title":{"rendered":"\ud83d\udde3\ufe0f\ud83d\udcd6\u00a1AQU\u00cd T\u00da CUENTAS HISTORIAS!: Chamucos y aparecidos"},"content":{"rendered":"<p>\u00a1Funci\u00f3n presencial de cuentacuentos con<strong> C\u00e9sar Rinc\u00f3n<\/strong>!\ud83d\ude0e<\/p>\n<p dir=\"ltr\">Los relatos de este espect\u00e1culo est\u00e1n protagonizados por La Muerte, el Chamuco, La Llorona y otros seres de la cultura popular mexicana. C\u00e9sar Rinc\u00f3n interact\u00faa directamente con la audiencia y en ocasiones pide su apoyo para invocar alg\u00fan personaje. Todos los cuentos abordan temas sobre justicia, prevenci\u00f3n del abuso, derechos humanos o, simplemente, consejos de vida. La tradici\u00f3n oral es la fuente de estos relatos que llevan consigo un mensaje importante llevado a la escena de una manera muy divertida.<\/p>\n<p>&#8220;\u00a1Aqu\u00ed t\u00fa cuentas historias!&#8221; es un programa de Universo de Letras (Literatura UNAM).<\/p>\n","protected":false},"excerpt":{"rendered":"<p>\u00a1Funci\u00f3n presencial de cuentacuentos con C\u00e9sar Rinc\u00f3n!\ud83d\ude0e Los relatos de este espect\u00e1culo est\u00e1n protagonizados por La Muerte, el Chamuco, La&nbsp;<a href=\"https:\/\/tlatelolcounam.mx\/uva\/event\/atth-cuentos-24-11-02\/\">&hellip;<\/a><\/p>\n","protected":false},"author":2,"featured_media":5431,"template":"","meta":{"_tribe_events_status":"","_tribe_events_status_reason":"","footnotes":""},"tags":[74,42,48],"tribe_events_cat":[39],"class_list":["post-5450","tribe_events","type-tribe_events","status-publish","has-post-thumbnail","hentry","tag-aqui-tu-cuentas-historias","tag-cartelera","tag-crecer-entre-libros","tribe_events_cat-cartelera","cat_cartelera","odd"],"_links":{"self":[{"href":"https:\/\/tlatelolcounam.mx\/uva\/wp-json\/wp\/v2\/tribe_events\/5450","targetHints":{"allow":["GET"]}}],"collection":[{"href":"https:\/\/tlatelolcounam.mx\/uva\/wp-json\/wp\/v2\/tribe_events"}],"about":[{"href":"https:\/\/tlatelolcounam.mx\/uva\/wp-json\/wp\/v2\/types\/tribe_events"}],"author":[{"embeddable":true,"href":"https:\/\/tlatelolcounam.mx\/uva\/wp-json\/wp\/v2\/users\/2"}],"version-history":[{"count":1,"href":"https:\/\/tlatelolcounam.mx\/uva\/wp-json\/wp\/v2\/tribe_events\/5450\/revisions"}],"predecessor-version":[{"id":5451,"href":"https:\/\/tlatelolcounam.mx\/uva\/wp-json\/wp\/v2\/tribe_events\/5450\/revisions\/5451"}],"wp:featuredmedia":[{"embeddable":true,"href":"https:\/\/tlatelolcounam.mx\/uva\/wp-json\/wp\/v2\/media\/5431"}],"wp:attachment":[{"href":"https:\/\/tlatelolcounam.mx\/uva\/wp-json\/wp\/v2\/media?parent=5450"}],"wp:term":[{"taxonomy":"post_tag","embeddable":true,"href":"https:\/\/tlatelolcounam.mx\/uva\/wp-json\/wp\/v2\/tags?post=5450"},{"taxonomy":"tribe_events_cat","embeddable":true,"href":"https:\/\/tlatelolcounam.mx\/uva\/wp-json\/wp\/v2\/tribe_events_cat?post=5450"}],"curies":[{"name":"wp","href":"https:\/\/api.w.org\/{rel}","templated":true}]}}

🗣️📖¡AQUÍ TÚ CUENTAS HISTORIAS!: Chamucos y aparecidos

<p>¡Función presencial de cuentacuentos con<strong> César Rincón</strong>!😎</p>
<p dir="ltr">Los relatos de este espectáculo están protagonizados por La Muerte, el Chamuco, La Llorona y otros seres de la cultura popular mexicana. César Rincón interactúa directamente con la audiencia y en ocasiones pide su apoyo para invocar algún personaje. Todos los cuentos abordan temas sobre justicia, prevención del abuso, derechos humanos o, simplemente, consejos de vida. La tradición oral es la fuente de estos relatos que llevan consigo un mensaje importante llevado a la escena de una manera muy divertida.</p>
<p>&#8220;¡Aquí tú cuentas historias!&#8221; es un programa de Universo de Letras (Literatura UNAM).</p>

<p>¡Función presencial de cuentacuentos con César Rincón!😎 Los relatos de este espectáculo están protagonizados por La Muerte, el Chamuco, La&nbsp;<a href="https://tlatelolcounam.mx/uva/event/atth-cuentos-24-11-02/">&hellip;</a></p>
