{"id":5392,"date":"2024-09-19T00:03:48","date_gmt":"2024-09-19T00:03:48","guid":{"rendered":"https:\/\/tlatelolcounam.mx\/uva\/?post_type=tribe_events&#038;p=5392"},"modified":"2024-09-19T00:03:48","modified_gmt":"2024-09-19T00:03:48","slug":"atth-cuentos-24-10-04","status":"publish","type":"tribe_events","link":"https:\/\/tlatelolcounam.mx\/uva\/event\/atth-cuentos-24-10-04\/","title":{"rendered":"\ud83d\udde3\ufe0f\ud83d\udcd6\u00a1AQU\u00cd T\u00da CUENTAS HISTORIAS!: El valiente, la dama, la corona\u2026 \u00a1LOTER\u00cdA!"},"content":{"rendered":"<p>\u00a1Funci\u00f3n presencial de cuentacuentos con<strong> Deya &#8220;Cuent\u00f3loga&#8221;<\/strong>!\ud83d\ude0e<\/p>\n<p dir=\"ltr\">Un espect\u00e1culo vibrante y colorido que celebra la rica tradici\u00f3n del juego de la Loter\u00eda, un cl\u00e1sico en la cultura mexicana. A trav\u00e9s de una serie de relatos, los personajes de las cartas de la Loter\u00eda cobran vida, llevando al p\u00fablico en un viaje lleno de magia, humor y mucho coraz\u00f3n.<\/p>\n<p>&#8220;\u00a1Aqu\u00ed t\u00fa cuentas historias!&#8221; es un programa de Universo de Letras (Literatura UNAM).<\/p>\n","protected":false},"excerpt":{"rendered":"<p>\u00a1Funci\u00f3n presencial de cuentacuentos con Deya &#8220;Cuent\u00f3loga&#8221;!\ud83d\ude0e Un espect\u00e1culo vibrante y colorido que celebra la rica tradici\u00f3n del juego de&nbsp;<a href=\"https:\/\/tlatelolcounam.mx\/uva\/event\/atth-cuentos-24-10-04\/\">&hellip;<\/a><\/p>\n","protected":false},"author":2,"featured_media":5366,"template":"","meta":{"_tribe_events_status":"","_tribe_events_status_reason":"","footnotes":""},"tags":[74,42,48],"tribe_events_cat":[39],"class_list":["post-5392","tribe_events","type-tribe_events","status-publish","has-post-thumbnail","hentry","tag-aqui-tu-cuentas-historias","tag-cartelera","tag-crecer-entre-libros","tribe_events_cat-cartelera","cat_cartelera","odd"],"_links":{"self":[{"href":"https:\/\/tlatelolcounam.mx\/uva\/wp-json\/wp\/v2\/tribe_events\/5392","targetHints":{"allow":["GET"]}}],"collection":[{"href":"https:\/\/tlatelolcounam.mx\/uva\/wp-json\/wp\/v2\/tribe_events"}],"about":[{"href":"https:\/\/tlatelolcounam.mx\/uva\/wp-json\/wp\/v2\/types\/tribe_events"}],"author":[{"embeddable":true,"href":"https:\/\/tlatelolcounam.mx\/uva\/wp-json\/wp\/v2\/users\/2"}],"version-history":[{"count":1,"href":"https:\/\/tlatelolcounam.mx\/uva\/wp-json\/wp\/v2\/tribe_events\/5392\/revisions"}],"predecessor-version":[{"id":5393,"href":"https:\/\/tlatelolcounam.mx\/uva\/wp-json\/wp\/v2\/tribe_events\/5392\/revisions\/5393"}],"wp:featuredmedia":[{"embeddable":true,"href":"https:\/\/tlatelolcounam.mx\/uva\/wp-json\/wp\/v2\/media\/5366"}],"wp:attachment":[{"href":"https:\/\/tlatelolcounam.mx\/uva\/wp-json\/wp\/v2\/media?parent=5392"}],"wp:term":[{"taxonomy":"post_tag","embeddable":true,"href":"https:\/\/tlatelolcounam.mx\/uva\/wp-json\/wp\/v2\/tags?post=5392"},{"taxonomy":"tribe_events_cat","embeddable":true,"href":"https:\/\/tlatelolcounam.mx\/uva\/wp-json\/wp\/v2\/tribe_events_cat?post=5392"}],"curies":[{"name":"wp","href":"https:\/\/api.w.org\/{rel}","templated":true}]}}

🗣️📖¡AQUÍ TÚ CUENTAS HISTORIAS!: El valiente, la dama, la corona… ¡LOTERÍA!

<p>¡Función presencial de cuentacuentos con<strong> Deya &#8220;Cuentóloga&#8221;</strong>!😎</p>
<p dir="ltr">Un espectáculo vibrante y colorido que celebra la rica tradición del juego de la Lotería, un clásico en la cultura mexicana. A través de una serie de relatos, los personajes de las cartas de la Lotería cobran vida, llevando al público en un viaje lleno de magia, humor y mucho corazón.</p>
<p>&#8220;¡Aquí tú cuentas historias!&#8221; es un programa de Universo de Letras (Literatura UNAM).</p>

<p>¡Función presencial de cuentacuentos con Deya &#8220;Cuentóloga&#8221;!😎 Un espectáculo vibrante y colorido que celebra la rica tradición del juego de&nbsp;<a href="https://tlatelolcounam.mx/uva/event/atth-cuentos-24-10-04/">&hellip;</a></p>
