{"id":5388,"date":"2024-09-18T23:56:38","date_gmt":"2024-09-18T23:56:38","guid":{"rendered":"https:\/\/tlatelolcounam.mx\/uva\/?post_type=tribe_events&#038;p=5388"},"modified":"2024-09-18T23:56:38","modified_gmt":"2024-09-18T23:56:38","slug":"atth-cuentos-24-10-02","status":"publish","type":"tribe_events","link":"https:\/\/tlatelolcounam.mx\/uva\/event\/atth-cuentos-24-10-02\/","title":{"rendered":"\ud83d\udde3\ufe0f\ud83d\udcd6\u00a1AQU\u00cd T\u00da CUENTAS HISTORIAS!: Cuentos esc\u00e9pticos para espectadores con miedo"},"content":{"rendered":"<p>\u00a1Funci\u00f3n presencial de cuentacuentos con<strong> Pen\u00e9lope Rivera<\/strong>!\ud83d\ude0e<\/p>\n<p dir=\"ltr\">Selecci\u00f3n basada en diversos autores cl\u00e1sicos y contempor\u00e1neos, leyendas populares, mitos urbanos y an\u00e9cdotas de fantasmas. A pesar de la acelerada contaminaci\u00f3n visual de las redes sociales, las series y el cine, la adultizaci\u00f3n de las ni\u00f1as y los ni\u00f1os, y la vertiginosa falta de atenci\u00f3n, la literatura y la narraci\u00f3n oral, evocan a trav\u00e9s de la escucha e imaginaci\u00f3n activa, a nuestros m\u00e1s profundos miedos, tal y como los describieron Poe, Lovecraft y Llopis.<\/p>\n<p>&#8220;\u00a1Aqu\u00ed t\u00fa cuentas historias!&#8221; es un programa de Universo de Letras (Literatura UNAM).<\/p>\n","protected":false},"excerpt":{"rendered":"<p>\u00a1Funci\u00f3n presencial de cuentacuentos con Pen\u00e9lope Rivera!\ud83d\ude0e Selecci\u00f3n basada en diversos autores cl\u00e1sicos y contempor\u00e1neos, leyendas populares, mitos urbanos y&nbsp;<a href=\"https:\/\/tlatelolcounam.mx\/uva\/event\/atth-cuentos-24-10-02\/\">&hellip;<\/a><\/p>\n","protected":false},"author":2,"featured_media":5364,"template":"","meta":{"_tribe_events_status":"","_tribe_events_status_reason":"","footnotes":""},"tags":[74,42,48],"tribe_events_cat":[39],"class_list":["post-5388","tribe_events","type-tribe_events","status-publish","has-post-thumbnail","hentry","tag-aqui-tu-cuentas-historias","tag-cartelera","tag-crecer-entre-libros","tribe_events_cat-cartelera","cat_cartelera","odd"],"_links":{"self":[{"href":"https:\/\/tlatelolcounam.mx\/uva\/wp-json\/wp\/v2\/tribe_events\/5388","targetHints":{"allow":["GET"]}}],"collection":[{"href":"https:\/\/tlatelolcounam.mx\/uva\/wp-json\/wp\/v2\/tribe_events"}],"about":[{"href":"https:\/\/tlatelolcounam.mx\/uva\/wp-json\/wp\/v2\/types\/tribe_events"}],"author":[{"embeddable":true,"href":"https:\/\/tlatelolcounam.mx\/uva\/wp-json\/wp\/v2\/users\/2"}],"version-history":[{"count":1,"href":"https:\/\/tlatelolcounam.mx\/uva\/wp-json\/wp\/v2\/tribe_events\/5388\/revisions"}],"predecessor-version":[{"id":5389,"href":"https:\/\/tlatelolcounam.mx\/uva\/wp-json\/wp\/v2\/tribe_events\/5388\/revisions\/5389"}],"wp:featuredmedia":[{"embeddable":true,"href":"https:\/\/tlatelolcounam.mx\/uva\/wp-json\/wp\/v2\/media\/5364"}],"wp:attachment":[{"href":"https:\/\/tlatelolcounam.mx\/uva\/wp-json\/wp\/v2\/media?parent=5388"}],"wp:term":[{"taxonomy":"post_tag","embeddable":true,"href":"https:\/\/tlatelolcounam.mx\/uva\/wp-json\/wp\/v2\/tags?post=5388"},{"taxonomy":"tribe_events_cat","embeddable":true,"href":"https:\/\/tlatelolcounam.mx\/uva\/wp-json\/wp\/v2\/tribe_events_cat?post=5388"}],"curies":[{"name":"wp","href":"https:\/\/api.w.org\/{rel}","templated":true}]}}

🗣️📖¡AQUÍ TÚ CUENTAS HISTORIAS!: Cuentos escépticos para espectadores con miedo

<p>¡Función presencial de cuentacuentos con<strong> Penélope Rivera</strong>!😎</p>
<p dir="ltr">Selección basada en diversos autores clásicos y contemporáneos, leyendas populares, mitos urbanos y anécdotas de fantasmas. A pesar de la acelerada contaminación visual de las redes sociales, las series y el cine, la adultización de las niñas y los niños, y la vertiginosa falta de atención, la literatura y la narración oral, evocan a través de la escucha e imaginación activa, a nuestros más profundos miedos, tal y como los describieron Poe, Lovecraft y Llopis.</p>
<p>&#8220;¡Aquí tú cuentas historias!&#8221; es un programa de Universo de Letras (Literatura UNAM).</p>

<p>¡Función presencial de cuentacuentos con Penélope Rivera!😎 Selección basada en diversos autores clásicos y contemporáneos, leyendas populares, mitos urbanos y&nbsp;<a href="https://tlatelolcounam.mx/uva/event/atth-cuentos-24-10-02/">&hellip;</a></p>
