{"id":5383,"date":"2024-09-18T23:45:24","date_gmt":"2024-09-18T23:45:24","guid":{"rendered":"https:\/\/tlatelolcounam.mx\/uva\/?post_type=tribe_events&#038;p=5383"},"modified":"2024-09-18T23:46:41","modified_gmt":"2024-09-18T23:46:41","slug":"especial-ddlb-24","status":"publish","type":"tribe_events","link":"https:\/\/tlatelolcounam.mx\/uva\/event\/especial-ddlb-24\/","title":{"rendered":"\ud83d\udcda EVENTO ESPECIAL: De Sarajevo a al-Shawka: \u00a1Reconstruyamos bibliotecas!"},"content":{"rendered":"<p>Taller para recuperar la memoria de algunas bibliotecas destruidas por la guerra a lo largo de la historia, as\u00ed como celebrar la importancia de crearlas y conservarlas, en conmemoraci\u00f3n del D\u00eda Internacional de las Bibliotecas (24 de octubre).<\/p>\n","protected":false},"excerpt":{"rendered":"<p>Taller para recuperar la memoria de algunas bibliotecas destruidas por la guerra a lo largo de la historia, as\u00ed como&nbsp;<a href=\"https:\/\/tlatelolcounam.mx\/uva\/event\/especial-ddlb-24\/\">&hellip;<\/a><\/p>\n","protected":false},"author":2,"featured_media":5370,"template":"","meta":{"_tribe_events_status":"","_tribe_events_status_reason":"","footnotes":""},"tags":[57,42,75],"tribe_events_cat":[39],"class_list":["post-5383","tribe_events","type-tribe_events","status-publish","has-post-thumbnail","hentry","tag-bibliotecas-y-cultura-de-paz","tag-cartelera","tag-mirar-libritos","tribe_events_cat-cartelera","cat_cartelera","odd"],"_links":{"self":[{"href":"https:\/\/tlatelolcounam.mx\/uva\/wp-json\/wp\/v2\/tribe_events\/5383","targetHints":{"allow":["GET"]}}],"collection":[{"href":"https:\/\/tlatelolcounam.mx\/uva\/wp-json\/wp\/v2\/tribe_events"}],"about":[{"href":"https:\/\/tlatelolcounam.mx\/uva\/wp-json\/wp\/v2\/types\/tribe_events"}],"author":[{"embeddable":true,"href":"https:\/\/tlatelolcounam.mx\/uva\/wp-json\/wp\/v2\/users\/2"}],"version-history":[{"count":2,"href":"https:\/\/tlatelolcounam.mx\/uva\/wp-json\/wp\/v2\/tribe_events\/5383\/revisions"}],"predecessor-version":[{"id":5385,"href":"https:\/\/tlatelolcounam.mx\/uva\/wp-json\/wp\/v2\/tribe_events\/5383\/revisions\/5385"}],"wp:featuredmedia":[{"embeddable":true,"href":"https:\/\/tlatelolcounam.mx\/uva\/wp-json\/wp\/v2\/media\/5370"}],"wp:attachment":[{"href":"https:\/\/tlatelolcounam.mx\/uva\/wp-json\/wp\/v2\/media?parent=5383"}],"wp:term":[{"taxonomy":"post_tag","embeddable":true,"href":"https:\/\/tlatelolcounam.mx\/uva\/wp-json\/wp\/v2\/tags?post=5383"},{"taxonomy":"tribe_events_cat","embeddable":true,"href":"https:\/\/tlatelolcounam.mx\/uva\/wp-json\/wp\/v2\/tribe_events_cat?post=5383"}],"curies":[{"name":"wp","href":"https:\/\/api.w.org\/{rel}","templated":true}]}}

<p>Taller para recuperar la memoria de algunas bibliotecas destruidas por la guerra a lo largo de la historia, así como celebrar la importancia de crearlas y conservarlas, en conmemoración del Día Internacional de las Bibliotecas (24 de octubre).</p>

<p>Taller para recuperar la memoria de algunas bibliotecas destruidas por la guerra a lo largo de la historia, así como&nbsp;<a href="https://tlatelolcounam.mx/uva/event/especial-ddlb-24/">&hellip;</a></p>
