{"id":5327,"date":"2024-08-23T00:40:48","date_gmt":"2024-08-23T00:40:48","guid":{"rendered":"https:\/\/tlatelolcounam.mx\/uva\/?post_type=tribe_events&#038;p=5327"},"modified":"2024-08-23T00:40:48","modified_gmt":"2024-08-23T00:40:48","slug":"atth-cuentos-24-09-04","status":"publish","type":"tribe_events","link":"https:\/\/tlatelolcounam.mx\/uva\/event\/atth-cuentos-24-09-04\/","title":{"rendered":"\ud83d\udde3\ufe0f\ud83d\udcd6\u00a1AQU\u00cd T\u00da CUENTAS HISTORIAS!: La guerrera que guard\u00f3 el mundo en su voz y otros cuentos"},"content":{"rendered":"<p>\u00a1Funci\u00f3n presencial de cuentacuentos con<strong> Lidia Zaragoza<\/strong>!\ud83d\ude0e<\/p>\n<p dir=\"ltr\">De los confines de la tierra emergen las historias que una guerrera guard\u00f3 en su memoria para que as\u00ed se puedan seguir escuchando y contando.<\/p>\n<p>&#8220;\u00a1Aqu\u00ed t\u00fa cuentas historias!&#8221; es un programa de Universo de Letras (Literatura UNAM).<\/p>\n","protected":false},"excerpt":{"rendered":"<p>\u00a1Funci\u00f3n presencial de cuentacuentos con Lidia Zaragoza!\ud83d\ude0e De los confines de la tierra emergen las historias que una guerrera guard\u00f3&nbsp;<a href=\"https:\/\/tlatelolcounam.mx\/uva\/event\/atth-cuentos-24-09-04\/\">&hellip;<\/a><\/p>\n","protected":false},"author":2,"featured_media":5305,"template":"","meta":{"_tribe_events_status":"","_tribe_events_status_reason":"","footnotes":""},"tags":[74,42,48],"tribe_events_cat":[39],"class_list":["post-5327","tribe_events","type-tribe_events","status-publish","has-post-thumbnail","hentry","tag-aqui-tu-cuentas-historias","tag-cartelera","tag-crecer-entre-libros","tribe_events_cat-cartelera","cat_cartelera","odd"],"_links":{"self":[{"href":"https:\/\/tlatelolcounam.mx\/uva\/wp-json\/wp\/v2\/tribe_events\/5327","targetHints":{"allow":["GET"]}}],"collection":[{"href":"https:\/\/tlatelolcounam.mx\/uva\/wp-json\/wp\/v2\/tribe_events"}],"about":[{"href":"https:\/\/tlatelolcounam.mx\/uva\/wp-json\/wp\/v2\/types\/tribe_events"}],"author":[{"embeddable":true,"href":"https:\/\/tlatelolcounam.mx\/uva\/wp-json\/wp\/v2\/users\/2"}],"version-history":[{"count":1,"href":"https:\/\/tlatelolcounam.mx\/uva\/wp-json\/wp\/v2\/tribe_events\/5327\/revisions"}],"predecessor-version":[{"id":5328,"href":"https:\/\/tlatelolcounam.mx\/uva\/wp-json\/wp\/v2\/tribe_events\/5327\/revisions\/5328"}],"wp:featuredmedia":[{"embeddable":true,"href":"https:\/\/tlatelolcounam.mx\/uva\/wp-json\/wp\/v2\/media\/5305"}],"wp:attachment":[{"href":"https:\/\/tlatelolcounam.mx\/uva\/wp-json\/wp\/v2\/media?parent=5327"}],"wp:term":[{"taxonomy":"post_tag","embeddable":true,"href":"https:\/\/tlatelolcounam.mx\/uva\/wp-json\/wp\/v2\/tags?post=5327"},{"taxonomy":"tribe_events_cat","embeddable":true,"href":"https:\/\/tlatelolcounam.mx\/uva\/wp-json\/wp\/v2\/tribe_events_cat?post=5327"}],"curies":[{"name":"wp","href":"https:\/\/api.w.org\/{rel}","templated":true}]}}

🗣️📖¡AQUÍ TÚ CUENTAS HISTORIAS!: La guerrera que guardó el mundo en su voz y otros cuentos

<p>¡Función presencial de cuentacuentos con<strong> Lidia Zaragoza</strong>!😎</p>
<p dir="ltr">De los confines de la tierra emergen las historias que una guerrera guardó en su memoria para que así se puedan seguir escuchando y contando.</p>
<p>&#8220;¡Aquí tú cuentas historias!&#8221; es un programa de Universo de Letras (Literatura UNAM).</p>

<p>¡Función presencial de cuentacuentos con Lidia Zaragoza!😎 De los confines de la tierra emergen las historias que una guerrera guardó&nbsp;<a href="https://tlatelolcounam.mx/uva/event/atth-cuentos-24-09-04/">&hellip;</a></p>
