{"id":5320,"date":"2024-08-23T00:23:54","date_gmt":"2024-08-23T00:23:54","guid":{"rendered":"https:\/\/tlatelolcounam.mx\/uva\/?post_type=tribe_events&#038;p=5320"},"modified":"2024-08-23T00:23:54","modified_gmt":"2024-08-23T00:23:54","slug":"atth-cuentos-24-09-01","status":"publish","type":"tribe_events","link":"https:\/\/tlatelolcounam.mx\/uva\/event\/atth-cuentos-24-09-01\/","title":{"rendered":"\ud83d\udde3\ufe0f\ud83d\udcd6\u00a1AQU\u00cd T\u00da CUENTAS HISTORIAS!: Saltimbanqui, juglar del siglo 21"},"content":{"rendered":"<p>\u00a1Funci\u00f3n presencial de cuentacuentos con<strong> Jonathan Rojas<\/strong>!\ud83d\ude0e<\/p>\n<p>Relatos hilvanados entre cuentos y canciones que comparte un &#8220;cuentacuentos cu\u00e1ntico&#8221; en la b\u00fasqueda de una armonizaci\u00f3n humana.<\/p>\n<p>&#8220;\u00a1Aqu\u00ed t\u00fa cuentas historias!&#8221; es un programa de Universo de Letras (Literatura UNAM).<\/p>\n","protected":false},"excerpt":{"rendered":"<p>\u00a1Funci\u00f3n presencial de cuentacuentos con Jonathan Rojas!\ud83d\ude0e Relatos hilvanados entre cuentos y canciones que comparte un &#8220;cuentacuentos cu\u00e1ntico&#8221; en la&nbsp;<a href=\"https:\/\/tlatelolcounam.mx\/uva\/event\/atth-cuentos-24-09-01\/\">&hellip;<\/a><\/p>\n","protected":false},"author":2,"featured_media":5302,"template":"","meta":{"_tribe_events_status":"","_tribe_events_status_reason":"","footnotes":""},"tags":[74,42,48],"tribe_events_cat":[39],"class_list":["post-5320","tribe_events","type-tribe_events","status-publish","has-post-thumbnail","hentry","tag-aqui-tu-cuentas-historias","tag-cartelera","tag-crecer-entre-libros","tribe_events_cat-cartelera","cat_cartelera","odd"],"_links":{"self":[{"href":"https:\/\/tlatelolcounam.mx\/uva\/wp-json\/wp\/v2\/tribe_events\/5320","targetHints":{"allow":["GET"]}}],"collection":[{"href":"https:\/\/tlatelolcounam.mx\/uva\/wp-json\/wp\/v2\/tribe_events"}],"about":[{"href":"https:\/\/tlatelolcounam.mx\/uva\/wp-json\/wp\/v2\/types\/tribe_events"}],"author":[{"embeddable":true,"href":"https:\/\/tlatelolcounam.mx\/uva\/wp-json\/wp\/v2\/users\/2"}],"version-history":[{"count":2,"href":"https:\/\/tlatelolcounam.mx\/uva\/wp-json\/wp\/v2\/tribe_events\/5320\/revisions"}],"predecessor-version":[{"id":5322,"href":"https:\/\/tlatelolcounam.mx\/uva\/wp-json\/wp\/v2\/tribe_events\/5320\/revisions\/5322"}],"wp:featuredmedia":[{"embeddable":true,"href":"https:\/\/tlatelolcounam.mx\/uva\/wp-json\/wp\/v2\/media\/5302"}],"wp:attachment":[{"href":"https:\/\/tlatelolcounam.mx\/uva\/wp-json\/wp\/v2\/media?parent=5320"}],"wp:term":[{"taxonomy":"post_tag","embeddable":true,"href":"https:\/\/tlatelolcounam.mx\/uva\/wp-json\/wp\/v2\/tags?post=5320"},{"taxonomy":"tribe_events_cat","embeddable":true,"href":"https:\/\/tlatelolcounam.mx\/uva\/wp-json\/wp\/v2\/tribe_events_cat?post=5320"}],"curies":[{"name":"wp","href":"https:\/\/api.w.org\/{rel}","templated":true}]}}

🗣️📖¡AQUÍ TÚ CUENTAS HISTORIAS!: Saltimbanqui, juglar del siglo 21

<p>¡Función presencial de cuentacuentos con<strong> Jonathan Rojas</strong>!😎</p>
<p>Relatos hilvanados entre cuentos y canciones que comparte un &#8220;cuentacuentos cuántico&#8221; en la búsqueda de una armonización humana.</p>
<p>&#8220;¡Aquí tú cuentas historias!&#8221; es un programa de Universo de Letras (Literatura UNAM).</p>

<p>¡Función presencial de cuentacuentos con Jonathan Rojas!😎 Relatos hilvanados entre cuentos y canciones que comparte un &#8220;cuentacuentos cuántico&#8221; en la&nbsp;<a href="https://tlatelolcounam.mx/uva/event/atth-cuentos-24-09-01/">&hellip;</a></p>
