{"id":5318,"date":"2024-08-23T00:18:19","date_gmt":"2024-08-23T00:18:19","guid":{"rendered":"https:\/\/tlatelolcounam.mx\/uva\/?post_type=tribe_events&#038;p=5318"},"modified":"2024-08-23T00:18:19","modified_gmt":"2024-08-23T00:18:19","slug":"mirar-libritos-24-09-01","status":"publish","type":"tribe_events","link":"https:\/\/tlatelolcounam.mx\/uva\/event\/mirar-libritos-24-09-01\/","title":{"rendered":"\ud83d\udc40\ud83d\udcda MIRAR LIBRITOS: Desaparecidxs"},"content":{"rendered":"<p>\u00bfQui\u00e9n habla sobre las personas desaparecidas?, \u00bfla desaparici\u00f3n forzada no es un tema que competa a lxs ni\u00f1xs y j\u00f3venes?, \u00bfc\u00f3mo abordan el tema los libros infantiles y juveniles? Hacer y explorar libros sobre desaparecidxs no es f\u00e1cil, por eso necesitamos hacerlo.<\/p>\n","protected":false},"excerpt":{"rendered":"<p>\u00bfQui\u00e9n habla sobre las personas desaparecidas?, \u00bfla desaparici\u00f3n forzada no es un tema que competa a lxs ni\u00f1xs y j\u00f3venes?,&nbsp;<a href=\"https:\/\/tlatelolcounam.mx\/uva\/event\/mirar-libritos-24-09-01\/\">&hellip;<\/a><\/p>\n","protected":false},"author":2,"featured_media":5301,"template":"","meta":{"_tribe_events_status":"","_tribe_events_status_reason":"","footnotes":""},"tags":[57,42,75],"tribe_events_cat":[39],"class_list":["post-5318","tribe_events","type-tribe_events","status-publish","has-post-thumbnail","hentry","tag-bibliotecas-y-cultura-de-paz","tag-cartelera","tag-mirar-libritos","tribe_events_cat-cartelera","cat_cartelera","odd"],"_links":{"self":[{"href":"https:\/\/tlatelolcounam.mx\/uva\/wp-json\/wp\/v2\/tribe_events\/5318","targetHints":{"allow":["GET"]}}],"collection":[{"href":"https:\/\/tlatelolcounam.mx\/uva\/wp-json\/wp\/v2\/tribe_events"}],"about":[{"href":"https:\/\/tlatelolcounam.mx\/uva\/wp-json\/wp\/v2\/types\/tribe_events"}],"author":[{"embeddable":true,"href":"https:\/\/tlatelolcounam.mx\/uva\/wp-json\/wp\/v2\/users\/2"}],"version-history":[{"count":1,"href":"https:\/\/tlatelolcounam.mx\/uva\/wp-json\/wp\/v2\/tribe_events\/5318\/revisions"}],"predecessor-version":[{"id":5319,"href":"https:\/\/tlatelolcounam.mx\/uva\/wp-json\/wp\/v2\/tribe_events\/5318\/revisions\/5319"}],"wp:featuredmedia":[{"embeddable":true,"href":"https:\/\/tlatelolcounam.mx\/uva\/wp-json\/wp\/v2\/media\/5301"}],"wp:attachment":[{"href":"https:\/\/tlatelolcounam.mx\/uva\/wp-json\/wp\/v2\/media?parent=5318"}],"wp:term":[{"taxonomy":"post_tag","embeddable":true,"href":"https:\/\/tlatelolcounam.mx\/uva\/wp-json\/wp\/v2\/tags?post=5318"},{"taxonomy":"tribe_events_cat","embeddable":true,"href":"https:\/\/tlatelolcounam.mx\/uva\/wp-json\/wp\/v2\/tribe_events_cat?post=5318"}],"curies":[{"name":"wp","href":"https:\/\/api.w.org\/{rel}","templated":true}]}}

<p>¿Quién habla sobre las personas desaparecidas?, ¿la desaparición forzada no es un tema que competa a lxs niñxs y jóvenes?, ¿cómo abordan el tema los libros infantiles y juveniles? Hacer y explorar libros sobre desaparecidxs no es fácil, por eso necesitamos hacerlo.</p>

<p>¿Quién habla sobre las personas desaparecidas?, ¿la desaparición forzada no es un tema que competa a lxs niñxs y jóvenes?,&nbsp;<a href="https://tlatelolcounam.mx/uva/event/mirar-libritos-24-09-01/">&hellip;</a></p>
