{"id":4802,"date":"2024-05-24T17:59:27","date_gmt":"2024-05-24T17:59:27","guid":{"rendered":"https:\/\/tlatelolcounam.mx\/uva\/?post_type=tribe_events&#038;p=4802"},"modified":"2024-05-24T17:59:27","modified_gmt":"2024-05-24T17:59:27","slug":"atth-cuentos-24-06-03","status":"publish","type":"tribe_events","link":"https:\/\/tlatelolcounam.mx\/uva\/event\/atth-cuentos-24-06-03\/","title":{"rendered":"\ud83d\udde3\ufe0f\ud83d\udcd6\u00a1AQU\u00cd T\u00da CUENTAS HISTORIAS!: Paseando con el abuelo"},"content":{"rendered":"<p>\u00a1Funci\u00f3n presencial de cuentacuentos con<strong> Elizabeth Cort\u00e9s<\/strong>!\ud83d\ude0e<\/p>\n<p>Cuando Abuelo Sapo y Sapito van a caminar por el bosque, abuelo Sapo le advierte a su nieto sobre los enemigos hambrientos que est\u00e1n al acecho. Sapito est\u00e1 preocupado, pero su abuelo promete compartir con \u00e9l sus secretos especiales<\/p>\n<p>&#8220;\u00a1Aqu\u00ed t\u00fa cuentas historias!&#8221; es un programa de Universo de Letras (Literatura UNAM).<\/p>\n","protected":false},"excerpt":{"rendered":"<p>\u00a1Funci\u00f3n presencial de cuentacuentos con Elizabeth Cort\u00e9s!\ud83d\ude0e Cuando Abuelo Sapo y Sapito van a caminar por el bosque, abuelo Sapo&nbsp;<a href=\"https:\/\/tlatelolcounam.mx\/uva\/event\/atth-cuentos-24-06-03\/\">&hellip;<\/a><\/p>\n","protected":false},"author":2,"featured_media":4785,"template":"","meta":{"_tribe_events_status":"","_tribe_events_status_reason":"","footnotes":""},"tags":[74,42,48],"tribe_events_cat":[39],"class_list":["post-4802","tribe_events","type-tribe_events","status-publish","has-post-thumbnail","hentry","tag-aqui-tu-cuentas-historias","tag-cartelera","tag-crecer-entre-libros","tribe_events_cat-cartelera","cat_cartelera","odd"],"_links":{"self":[{"href":"https:\/\/tlatelolcounam.mx\/uva\/wp-json\/wp\/v2\/tribe_events\/4802","targetHints":{"allow":["GET"]}}],"collection":[{"href":"https:\/\/tlatelolcounam.mx\/uva\/wp-json\/wp\/v2\/tribe_events"}],"about":[{"href":"https:\/\/tlatelolcounam.mx\/uva\/wp-json\/wp\/v2\/types\/tribe_events"}],"author":[{"embeddable":true,"href":"https:\/\/tlatelolcounam.mx\/uva\/wp-json\/wp\/v2\/users\/2"}],"version-history":[{"count":2,"href":"https:\/\/tlatelolcounam.mx\/uva\/wp-json\/wp\/v2\/tribe_events\/4802\/revisions"}],"predecessor-version":[{"id":4804,"href":"https:\/\/tlatelolcounam.mx\/uva\/wp-json\/wp\/v2\/tribe_events\/4802\/revisions\/4804"}],"wp:featuredmedia":[{"embeddable":true,"href":"https:\/\/tlatelolcounam.mx\/uva\/wp-json\/wp\/v2\/media\/4785"}],"wp:attachment":[{"href":"https:\/\/tlatelolcounam.mx\/uva\/wp-json\/wp\/v2\/media?parent=4802"}],"wp:term":[{"taxonomy":"post_tag","embeddable":true,"href":"https:\/\/tlatelolcounam.mx\/uva\/wp-json\/wp\/v2\/tags?post=4802"},{"taxonomy":"tribe_events_cat","embeddable":true,"href":"https:\/\/tlatelolcounam.mx\/uva\/wp-json\/wp\/v2\/tribe_events_cat?post=4802"}],"curies":[{"name":"wp","href":"https:\/\/api.w.org\/{rel}","templated":true}]}}

🗣️📖¡AQUÍ TÚ CUENTAS HISTORIAS!: Paseando con el abuelo

<p>¡Función presencial de cuentacuentos con<strong> Elizabeth Cortés</strong>!😎</p>
<p>Cuando Abuelo Sapo y Sapito van a caminar por el bosque, abuelo Sapo le advierte a su nieto sobre los enemigos hambrientos que están al acecho. Sapito está preocupado, pero su abuelo promete compartir con él sus secretos especiales</p>
<p>&#8220;¡Aquí tú cuentas historias!&#8221; es un programa de Universo de Letras (Literatura UNAM).</p>

<p>¡Función presencial de cuentacuentos con Elizabeth Cortés!😎 Cuando Abuelo Sapo y Sapito van a caminar por el bosque, abuelo Sapo&nbsp;<a href="https://tlatelolcounam.mx/uva/event/atth-cuentos-24-06-03/">&hellip;</a></p>
