{"id":4800,"date":"2024-05-24T17:56:33","date_gmt":"2024-05-24T17:56:33","guid":{"rendered":"https:\/\/tlatelolcounam.mx\/uva\/?post_type=tribe_events&#038;p=4800"},"modified":"2024-05-24T17:56:33","modified_gmt":"2024-05-24T17:56:33","slug":"atth-cuentos-24-06-02","status":"publish","type":"tribe_events","link":"https:\/\/tlatelolcounam.mx\/uva\/event\/atth-cuentos-24-06-02\/","title":{"rendered":"\ud83d\udde3\ufe0f\ud83d\udcd6\u00a1AQU\u00cd T\u00da CUENTAS HISTORIAS!: Leyendas que cuenta el viento"},"content":{"rendered":"<p>\u00a1Funci\u00f3n presencial de cuentacuentos con<strong> Bernardo Govea<\/strong>!\ud83d\ude0e<\/p>\n<p>La historia de Tlacatl, Autor an\u00f3nimo: Una leyenda de origen prehisp\u00e1nico que narra la aventura de un hombre humilde llamado Tlacatl, el cual libera a una serpiente que se encontraba en peligro de muerte, pero la alima\u00f1a, pese al buen gesto del humano, decide com\u00e9rselo siguiendo su instinto. Tlacatl logra convencer a la serpiente de preguntarle a dos animales si est\u00e1 bien que la serpiente se lo coma o est\u00e1 mal, pues \u00e9l le salv\u00f3 la vida. Ambos personajes se internan en el bosque. Tlacatl le pregunta a una mula y a un viejo coyote, este animal decide ayudar al hombre y, gracias a su ingenio, logra enga\u00f1ar a la serpiente. Pero Tlacatl, muy a su pesar, termina por ser un ingrato con su nuevo amigo.<br \/>\nEs una leyenda tradicional que reflexiona sobre la paz, la armon\u00eda y la solidaridad entre los seres humanos y animales.<\/p>\n<p>La familia y la mula, Autor an\u00f3nimo<br \/>\nUna familia de 3 integrantes quiere realizar un viaje en mula al pueblo cercano, pero las constantes cr\u00edticas de sus vecinos les impiden que el viaje sea placentero, primero critican a la se\u00f1ora por ir montada en la mula, despu\u00e9s juzgan al ni\u00f1o por hacer lo mismo y, por \u00faltimo, reprenden al padre por viajar en la mula muestras su esposa e hijo viajan a pie. \u00bfc\u00f3mo crees que terminar\u00e1 este viaje?<\/p>\n<p>&#8220;\u00a1Aqu\u00ed t\u00fa cuentas historias!&#8221; es un programa de Universo de Letras (Literatura UNAM).<\/p>\n","protected":false},"excerpt":{"rendered":"<p>\u00a1Funci\u00f3n presencial de cuentacuentos con Bernardo Govea!\ud83d\ude0e La historia de Tlacatl, Autor an\u00f3nimo: Una leyenda de origen prehisp\u00e1nico que narra&nbsp;<a href=\"https:\/\/tlatelolcounam.mx\/uva\/event\/atth-cuentos-24-06-02\/\">&hellip;<\/a><\/p>\n","protected":false},"author":2,"featured_media":4784,"template":"","meta":{"_tribe_events_status":"","_tribe_events_status_reason":"","footnotes":""},"tags":[74,42,48],"tribe_events_cat":[39],"class_list":["post-4800","tribe_events","type-tribe_events","status-publish","has-post-thumbnail","hentry","tag-aqui-tu-cuentas-historias","tag-cartelera","tag-crecer-entre-libros","tribe_events_cat-cartelera","cat_cartelera","odd"],"_links":{"self":[{"href":"https:\/\/tlatelolcounam.mx\/uva\/wp-json\/wp\/v2\/tribe_events\/4800","targetHints":{"allow":["GET"]}}],"collection":[{"href":"https:\/\/tlatelolcounam.mx\/uva\/wp-json\/wp\/v2\/tribe_events"}],"about":[{"href":"https:\/\/tlatelolcounam.mx\/uva\/wp-json\/wp\/v2\/types\/tribe_events"}],"author":[{"embeddable":true,"href":"https:\/\/tlatelolcounam.mx\/uva\/wp-json\/wp\/v2\/users\/2"}],"version-history":[{"count":1,"href":"https:\/\/tlatelolcounam.mx\/uva\/wp-json\/wp\/v2\/tribe_events\/4800\/revisions"}],"predecessor-version":[{"id":4801,"href":"https:\/\/tlatelolcounam.mx\/uva\/wp-json\/wp\/v2\/tribe_events\/4800\/revisions\/4801"}],"wp:featuredmedia":[{"embeddable":true,"href":"https:\/\/tlatelolcounam.mx\/uva\/wp-json\/wp\/v2\/media\/4784"}],"wp:attachment":[{"href":"https:\/\/tlatelolcounam.mx\/uva\/wp-json\/wp\/v2\/media?parent=4800"}],"wp:term":[{"taxonomy":"post_tag","embeddable":true,"href":"https:\/\/tlatelolcounam.mx\/uva\/wp-json\/wp\/v2\/tags?post=4800"},{"taxonomy":"tribe_events_cat","embeddable":true,"href":"https:\/\/tlatelolcounam.mx\/uva\/wp-json\/wp\/v2\/tribe_events_cat?post=4800"}],"curies":[{"name":"wp","href":"https:\/\/api.w.org\/{rel}","templated":true}]}}

🗣️📖¡AQUÍ TÚ CUENTAS HISTORIAS!: Leyendas que cuenta el viento

<p>¡Función presencial de cuentacuentos con<strong> Bernardo Govea</strong>!😎</p>
<p>La historia de Tlacatl, Autor anónimo: Una leyenda de origen prehispánico que narra la aventura de un hombre humilde llamado Tlacatl, el cual libera a una serpiente que se encontraba en peligro de muerte, pero la alimaña, pese al buen gesto del humano, decide comérselo siguiendo su instinto. Tlacatl logra convencer a la serpiente de preguntarle a dos animales si está bien que la serpiente se lo coma o está mal, pues él le salvó la vida. Ambos personajes se internan en el bosque. Tlacatl le pregunta a una mula y a un viejo coyote, este animal decide ayudar al hombre y, gracias a su ingenio, logra engañar a la serpiente. Pero Tlacatl, muy a su pesar, termina por ser un ingrato con su nuevo amigo.<br />
Es una leyenda tradicional que reflexiona sobre la paz, la armonía y la solidaridad entre los seres humanos y animales.</p>
<p>La familia y la mula, Autor anónimo<br />
Una familia de 3 integrantes quiere realizar un viaje en mula al pueblo cercano, pero las constantes críticas de sus vecinos les impiden que el viaje sea placentero, primero critican a la señora por ir montada en la mula, después juzgan al niño por hacer lo mismo y, por último, reprenden al padre por viajar en la mula muestras su esposa e hijo viajan a pie. ¿cómo crees que terminará este viaje?</p>
<p>&#8220;¡Aquí tú cuentas historias!&#8221; es un programa de Universo de Letras (Literatura UNAM).</p>

<p>¡Función presencial de cuentacuentos con Bernardo Govea!😎 La historia de Tlacatl, Autor anónimo: Una leyenda de origen prehispánico que narra&nbsp;<a href="https://tlatelolcounam.mx/uva/event/atth-cuentos-24-06-02/">&hellip;</a></p>
