{"id":4798,"date":"2024-05-24T17:54:16","date_gmt":"2024-05-24T17:54:16","guid":{"rendered":"https:\/\/tlatelolcounam.mx\/uva\/?post_type=tribe_events&#038;p=4798"},"modified":"2024-05-24T17:54:16","modified_gmt":"2024-05-24T17:54:16","slug":"atth-cuentos-24-06-01","status":"publish","type":"tribe_events","link":"https:\/\/tlatelolcounam.mx\/uva\/event\/atth-cuentos-24-06-01\/","title":{"rendered":"\ud83d\udde3\ufe0f\ud83d\udcd6\u00a1AQU\u00cd T\u00da CUENTAS HISTORIAS!: Cuentos que viajan en avi\u00f3n"},"content":{"rendered":"<p>\u00a1Funci\u00f3n presencial de cuentacuentos con<strong> Charly Vagamundos<\/strong>!\ud83d\ude0e<\/p>\n<p dir=\"ltr\">Charly Vagamundos invita a trav\u00e9s de su voz y sus juegos a un viaje, est\u00e9 inicia en medio de un bosque antiguo en el que se dice habita el mago Merlyn, visitaremos el r\u00edo Amazonas y abordaremos un avi\u00f3n de papel que nos llevar\u00e1 a imaginar y crear historias espont\u00e1neas que al traspasar el portal m\u00e1gico seguro se har\u00e1n realidad.<\/p>\n<p>&#8220;\u00a1Aqu\u00ed t\u00fa cuentas historias!&#8221; es un programa de Universo de Letras (Literatura UNAM).<\/p>\n","protected":false},"excerpt":{"rendered":"<p>\u00a1Funci\u00f3n presencial de cuentacuentos con Charly Vagamundos!\ud83d\ude0e Charly Vagamundos invita a trav\u00e9s de su voz y sus juegos a un&nbsp;<a href=\"https:\/\/tlatelolcounam.mx\/uva\/event\/atth-cuentos-24-06-01\/\">&hellip;<\/a><\/p>\n","protected":false},"author":2,"featured_media":4783,"template":"","meta":{"_tribe_events_status":"","_tribe_events_status_reason":"","footnotes":""},"tags":[74,42,48],"tribe_events_cat":[39],"class_list":["post-4798","tribe_events","type-tribe_events","status-publish","has-post-thumbnail","hentry","tag-aqui-tu-cuentas-historias","tag-cartelera","tag-crecer-entre-libros","tribe_events_cat-cartelera","cat_cartelera","odd"],"_links":{"self":[{"href":"https:\/\/tlatelolcounam.mx\/uva\/wp-json\/wp\/v2\/tribe_events\/4798","targetHints":{"allow":["GET"]}}],"collection":[{"href":"https:\/\/tlatelolcounam.mx\/uva\/wp-json\/wp\/v2\/tribe_events"}],"about":[{"href":"https:\/\/tlatelolcounam.mx\/uva\/wp-json\/wp\/v2\/types\/tribe_events"}],"author":[{"embeddable":true,"href":"https:\/\/tlatelolcounam.mx\/uva\/wp-json\/wp\/v2\/users\/2"}],"version-history":[{"count":1,"href":"https:\/\/tlatelolcounam.mx\/uva\/wp-json\/wp\/v2\/tribe_events\/4798\/revisions"}],"predecessor-version":[{"id":4799,"href":"https:\/\/tlatelolcounam.mx\/uva\/wp-json\/wp\/v2\/tribe_events\/4798\/revisions\/4799"}],"wp:featuredmedia":[{"embeddable":true,"href":"https:\/\/tlatelolcounam.mx\/uva\/wp-json\/wp\/v2\/media\/4783"}],"wp:attachment":[{"href":"https:\/\/tlatelolcounam.mx\/uva\/wp-json\/wp\/v2\/media?parent=4798"}],"wp:term":[{"taxonomy":"post_tag","embeddable":true,"href":"https:\/\/tlatelolcounam.mx\/uva\/wp-json\/wp\/v2\/tags?post=4798"},{"taxonomy":"tribe_events_cat","embeddable":true,"href":"https:\/\/tlatelolcounam.mx\/uva\/wp-json\/wp\/v2\/tribe_events_cat?post=4798"}],"curies":[{"name":"wp","href":"https:\/\/api.w.org\/{rel}","templated":true}]}}

🗣️📖¡AQUÍ TÚ CUENTAS HISTORIAS!: Cuentos que viajan en avión

<p>¡Función presencial de cuentacuentos con<strong> Charly Vagamundos</strong>!😎</p>
<p dir="ltr">Charly Vagamundos invita a través de su voz y sus juegos a un viaje, esté inicia en medio de un bosque antiguo en el que se dice habita el mago Merlyn, visitaremos el río Amazonas y abordaremos un avión de papel que nos llevará a imaginar y crear historias espontáneas que al traspasar el portal mágico seguro se harán realidad.</p>
<p>&#8220;¡Aquí tú cuentas historias!&#8221; es un programa de Universo de Letras (Literatura UNAM).</p>

<p>¡Función presencial de cuentacuentos con Charly Vagamundos!😎 Charly Vagamundos invita a través de su voz y sus juegos a un&nbsp;<a href="https://tlatelolcounam.mx/uva/event/atth-cuentos-24-06-01/">&hellip;</a></p>
