{"id":4769,"date":"2024-04-23T22:32:57","date_gmt":"2024-04-23T22:32:57","guid":{"rendered":"https:\/\/tlatelolcounam.mx\/uva\/?post_type=tribe_events&#038;p=4769"},"modified":"2024-04-23T22:32:57","modified_gmt":"2024-04-23T22:32:57","slug":"atth-cuentos-24-05-02","status":"publish","type":"tribe_events","link":"https:\/\/tlatelolcounam.mx\/uva\/event\/atth-cuentos-24-05-02\/","title":{"rendered":"\ud83d\udde3\ufe0f\ud83d\udcd6\u00a1AQU\u00cd T\u00da CUENTAS HISTORIAS!: Leyendas del M\u00e9xico antiguo"},"content":{"rendered":"<p>\u00a1Funci\u00f3n presencial de cuentacuentos con <strong>Alma Rosa Rivera de los Santos<\/strong>!\ud83d\ude0e<\/p>\n<p dir=\"ltr\">Espect\u00e1culo de narraci\u00f3n oral esc\u00e9nica integrado por mitos y leyendas, que nos explican el origen de los seres y las cosas, como llego el conejo a la luna, la historia del ma\u00edz, del chocolate y del pulque.<\/p>\n<p>&#8220;\u00a1Aqu\u00ed t\u00fa cuentas historias!&#8221; es un programa de Universo de Letras (Literatura UNAM).<\/p>\n","protected":false},"excerpt":{"rendered":"<p>\u00a1Funci\u00f3n presencial de cuentacuentos con Alma Rosa Rivera de los Santos!\ud83d\ude0e Espect\u00e1culo de narraci\u00f3n oral esc\u00e9nica integrado por mitos y&nbsp;<a href=\"https:\/\/tlatelolcounam.mx\/uva\/event\/atth-cuentos-24-05-02\/\">&hellip;<\/a><\/p>\n","protected":false},"author":2,"featured_media":4762,"template":"","meta":{"_tribe_events_status":"","_tribe_events_status_reason":"","footnotes":""},"tags":[61,42,48],"tribe_events_cat":[39],"class_list":["post-4769","tribe_events","type-tribe_events","status-publish","has-post-thumbnail","hentry","tag-aqui-tu-tejes-historias","tag-cartelera","tag-crecer-entre-libros","tribe_events_cat-cartelera","cat_cartelera","odd"],"_links":{"self":[{"href":"https:\/\/tlatelolcounam.mx\/uva\/wp-json\/wp\/v2\/tribe_events\/4769","targetHints":{"allow":["GET"]}}],"collection":[{"href":"https:\/\/tlatelolcounam.mx\/uva\/wp-json\/wp\/v2\/tribe_events"}],"about":[{"href":"https:\/\/tlatelolcounam.mx\/uva\/wp-json\/wp\/v2\/types\/tribe_events"}],"author":[{"embeddable":true,"href":"https:\/\/tlatelolcounam.mx\/uva\/wp-json\/wp\/v2\/users\/2"}],"version-history":[{"count":1,"href":"https:\/\/tlatelolcounam.mx\/uva\/wp-json\/wp\/v2\/tribe_events\/4769\/revisions"}],"predecessor-version":[{"id":4770,"href":"https:\/\/tlatelolcounam.mx\/uva\/wp-json\/wp\/v2\/tribe_events\/4769\/revisions\/4770"}],"wp:featuredmedia":[{"embeddable":true,"href":"https:\/\/tlatelolcounam.mx\/uva\/wp-json\/wp\/v2\/media\/4762"}],"wp:attachment":[{"href":"https:\/\/tlatelolcounam.mx\/uva\/wp-json\/wp\/v2\/media?parent=4769"}],"wp:term":[{"taxonomy":"post_tag","embeddable":true,"href":"https:\/\/tlatelolcounam.mx\/uva\/wp-json\/wp\/v2\/tags?post=4769"},{"taxonomy":"tribe_events_cat","embeddable":true,"href":"https:\/\/tlatelolcounam.mx\/uva\/wp-json\/wp\/v2\/tribe_events_cat?post=4769"}],"curies":[{"name":"wp","href":"https:\/\/api.w.org\/{rel}","templated":true}]}}

🗣️📖¡AQUÍ TÚ CUENTAS HISTORIAS!: Leyendas del México antiguo

<p>¡Función presencial de cuentacuentos con <strong>Alma Rosa Rivera de los Santos</strong>!😎</p>
<p dir="ltr">Espectáculo de narración oral escénica integrado por mitos y leyendas, que nos explican el origen de los seres y las cosas, como llego el conejo a la luna, la historia del maíz, del chocolate y del pulque.</p>
<p>&#8220;¡Aquí tú cuentas historias!&#8221; es un programa de Universo de Letras (Literatura UNAM).</p>

<p>¡Función presencial de cuentacuentos con Alma Rosa Rivera de los Santos!😎 Espectáculo de narración oral escénica integrado por mitos y&nbsp;<a href="https://tlatelolcounam.mx/uva/event/atth-cuentos-24-05-02/">&hellip;</a></p>
