{"id":4733,"date":"2024-03-21T23:14:16","date_gmt":"2024-03-21T23:14:16","guid":{"rendered":"https:\/\/tlatelolcounam.mx\/uva\/?post_type=tribe_events&#038;p=4733"},"modified":"2024-03-21T23:14:39","modified_gmt":"2024-03-21T23:14:39","slug":"atth-cuentos-24-04-04","status":"publish","type":"tribe_events","link":"https:\/\/tlatelolcounam.mx\/uva\/event\/atth-cuentos-24-04-04\/","title":{"rendered":"\ud83d\udde3\ufe0f\ud83d\udcd6\u00a1AQU\u00cd T\u00da TEJES HISTORIAS!: Fest\u00edn para el coraz\u00f3n"},"content":{"rendered":"<p>\u00a1Funci\u00f3n presencial de cuentacuentos con <strong>S\u00faper Grillo Cuentacuentos<\/strong>!\ud83d\ude0e<\/p>\n<p dir=\"ltr\">Cuentos preparados y condimentados con las m\u00e1s finas especias y mensajes bellos para deleitar el\u00a0 coraz\u00f3n, servidos a trav\u00e9s de las ideas de autores de diferentes tiempos y \u00e9pocas. Ideal para toda la familia y todas las edades.<\/p>\n<p>&#8220;\u00a1Aqu\u00ed t\u00fa tejes historias!&#8221; es un programa de Universo de Letras (Literatura UNAM).<\/p>\n","protected":false},"excerpt":{"rendered":"<p>\u00a1Funci\u00f3n presencial de cuentacuentos con S\u00faper Grillo Cuentacuentos!\ud83d\ude0e Cuentos preparados y condimentados con las m\u00e1s finas especias y mensajes bellos&nbsp;<a href=\"https:\/\/tlatelolcounam.mx\/uva\/event\/atth-cuentos-24-04-04\/\">&hellip;<\/a><\/p>\n","protected":false},"author":2,"featured_media":4727,"template":"","meta":{"_tribe_events_status":"","_tribe_events_status_reason":"","footnotes":""},"tags":[61,42,48],"tribe_events_cat":[39],"class_list":["post-4733","tribe_events","type-tribe_events","status-publish","has-post-thumbnail","hentry","tag-aqui-tu-tejes-historias","tag-cartelera","tag-crecer-entre-libros","tribe_events_cat-cartelera","cat_cartelera","odd"],"_links":{"self":[{"href":"https:\/\/tlatelolcounam.mx\/uva\/wp-json\/wp\/v2\/tribe_events\/4733","targetHints":{"allow":["GET"]}}],"collection":[{"href":"https:\/\/tlatelolcounam.mx\/uva\/wp-json\/wp\/v2\/tribe_events"}],"about":[{"href":"https:\/\/tlatelolcounam.mx\/uva\/wp-json\/wp\/v2\/types\/tribe_events"}],"author":[{"embeddable":true,"href":"https:\/\/tlatelolcounam.mx\/uva\/wp-json\/wp\/v2\/users\/2"}],"version-history":[{"count":1,"href":"https:\/\/tlatelolcounam.mx\/uva\/wp-json\/wp\/v2\/tribe_events\/4733\/revisions"}],"predecessor-version":[{"id":4734,"href":"https:\/\/tlatelolcounam.mx\/uva\/wp-json\/wp\/v2\/tribe_events\/4733\/revisions\/4734"}],"wp:featuredmedia":[{"embeddable":true,"href":"https:\/\/tlatelolcounam.mx\/uva\/wp-json\/wp\/v2\/media\/4727"}],"wp:attachment":[{"href":"https:\/\/tlatelolcounam.mx\/uva\/wp-json\/wp\/v2\/media?parent=4733"}],"wp:term":[{"taxonomy":"post_tag","embeddable":true,"href":"https:\/\/tlatelolcounam.mx\/uva\/wp-json\/wp\/v2\/tags?post=4733"},{"taxonomy":"tribe_events_cat","embeddable":true,"href":"https:\/\/tlatelolcounam.mx\/uva\/wp-json\/wp\/v2\/tribe_events_cat?post=4733"}],"curies":[{"name":"wp","href":"https:\/\/api.w.org\/{rel}","templated":true}]}}

🗣️📖¡AQUÍ TÚ TEJES HISTORIAS!: Festín para el corazón

<p>¡Función presencial de cuentacuentos con <strong>Súper Grillo Cuentacuentos</strong>!😎</p>
<p dir="ltr">Cuentos preparados y condimentados con las más finas especias y mensajes bellos para deleitar el  corazón, servidos a través de las ideas de autores de diferentes tiempos y épocas. Ideal para toda la familia y todas las edades.</p>
<p>&#8220;¡Aquí tú tejes historias!&#8221; es un programa de Universo de Letras (Literatura UNAM).</p>

<p>¡Función presencial de cuentacuentos con Súper Grillo Cuentacuentos!😎 Cuentos preparados y condimentados con las más finas especias y mensajes bellos&nbsp;<a href="https://tlatelolcounam.mx/uva/event/atth-cuentos-24-04-04/">&hellip;</a></p>
