{"id":4729,"date":"2024-03-21T23:08:39","date_gmt":"2024-03-21T23:08:39","guid":{"rendered":"https:\/\/tlatelolcounam.mx\/uva\/?post_type=tribe_events&#038;p=4729"},"modified":"2024-03-21T23:08:39","modified_gmt":"2024-03-21T23:08:39","slug":"atth-cuentos-24-04-02","status":"publish","type":"tribe_events","link":"https:\/\/tlatelolcounam.mx\/uva\/event\/atth-cuentos-24-04-02\/","title":{"rendered":"\ud83d\udde3\ufe0f\ud83d\udcd6\u00a1AQU\u00cd T\u00da TEJES HISTORIAS!: El esc\u00e1ndalo de los libros silenciosos"},"content":{"rendered":"<p>\u00a1Funci\u00f3n presencial de cuentacuentos con <strong>Jorge Salvaje<\/strong>!\ud83d\ude0e<\/p>\n<p dir=\"ltr\">\u00bfQui\u00e9n dice que leer es un acto \u00fanicamente para quedarse quietecito y en silencio absoluto? Ven y conoce 5 libros estridentes, sin letras, para leer dando volteretas.<\/p>\n<p>&#8220;\u00a1Aqu\u00ed t\u00fa tejes historias!&#8221; es un programa de Universo de Letras (Literatura UNAM).<\/p>\n","protected":false},"excerpt":{"rendered":"<p>\u00a1Funci\u00f3n presencial de cuentacuentos con Jorge Salvaje!\ud83d\ude0e \u00bfQui\u00e9n dice que leer es un acto \u00fanicamente para quedarse quietecito y en&nbsp;<a href=\"https:\/\/tlatelolcounam.mx\/uva\/event\/atth-cuentos-24-04-02\/\">&hellip;<\/a><\/p>\n","protected":false},"author":2,"featured_media":4725,"template":"","meta":{"_tribe_events_status":"","_tribe_events_status_reason":"","footnotes":""},"tags":[61,42,48],"tribe_events_cat":[39],"class_list":["post-4729","tribe_events","type-tribe_events","status-publish","has-post-thumbnail","hentry","tag-aqui-tu-tejes-historias","tag-cartelera","tag-crecer-entre-libros","tribe_events_cat-cartelera","cat_cartelera","odd"],"_links":{"self":[{"href":"https:\/\/tlatelolcounam.mx\/uva\/wp-json\/wp\/v2\/tribe_events\/4729","targetHints":{"allow":["GET"]}}],"collection":[{"href":"https:\/\/tlatelolcounam.mx\/uva\/wp-json\/wp\/v2\/tribe_events"}],"about":[{"href":"https:\/\/tlatelolcounam.mx\/uva\/wp-json\/wp\/v2\/types\/tribe_events"}],"author":[{"embeddable":true,"href":"https:\/\/tlatelolcounam.mx\/uva\/wp-json\/wp\/v2\/users\/2"}],"version-history":[{"count":1,"href":"https:\/\/tlatelolcounam.mx\/uva\/wp-json\/wp\/v2\/tribe_events\/4729\/revisions"}],"predecessor-version":[{"id":4730,"href":"https:\/\/tlatelolcounam.mx\/uva\/wp-json\/wp\/v2\/tribe_events\/4729\/revisions\/4730"}],"wp:featuredmedia":[{"embeddable":true,"href":"https:\/\/tlatelolcounam.mx\/uva\/wp-json\/wp\/v2\/media\/4725"}],"wp:attachment":[{"href":"https:\/\/tlatelolcounam.mx\/uva\/wp-json\/wp\/v2\/media?parent=4729"}],"wp:term":[{"taxonomy":"post_tag","embeddable":true,"href":"https:\/\/tlatelolcounam.mx\/uva\/wp-json\/wp\/v2\/tags?post=4729"},{"taxonomy":"tribe_events_cat","embeddable":true,"href":"https:\/\/tlatelolcounam.mx\/uva\/wp-json\/wp\/v2\/tribe_events_cat?post=4729"}],"curies":[{"name":"wp","href":"https:\/\/api.w.org\/{rel}","templated":true}]}}

🗣️📖¡AQUÍ TÚ TEJES HISTORIAS!: El escándalo de los libros silenciosos

<p>¡Función presencial de cuentacuentos con <strong>Jorge Salvaje</strong>!😎</p>
<p dir="ltr">¿Quién dice que leer es un acto únicamente para quedarse quietecito y en silencio absoluto? Ven y conoce 5 libros estridentes, sin letras, para leer dando volteretas.</p>
<p>&#8220;¡Aquí tú tejes historias!&#8221; es un programa de Universo de Letras (Literatura UNAM).</p>

<p>¡Función presencial de cuentacuentos con Jorge Salvaje!😎 ¿Quién dice que leer es un acto únicamente para quedarse quietecito y en&nbsp;<a href="https://tlatelolcounam.mx/uva/event/atth-cuentos-24-04-02/">&hellip;</a></p>
