{"id":4723,"date":"2024-03-21T23:00:57","date_gmt":"2024-03-21T23:00:57","guid":{"rendered":"https:\/\/tlatelolcounam.mx\/uva\/?post_type=tribe_events&#038;p=4723"},"modified":"2024-03-21T23:00:57","modified_gmt":"2024-03-21T23:00:57","slug":"atth-cuentos-24-04-01","status":"publish","type":"tribe_events","link":"https:\/\/tlatelolcounam.mx\/uva\/event\/atth-cuentos-24-04-01\/","title":{"rendered":"\ud83d\udde3\ufe0f\ud83d\udcd6\u00a1AQU\u00cd T\u00da TEJES HISTORIAS!: Cuentos wixarit\u00e1ri (huicholes)"},"content":{"rendered":"<p>\u00a1Funci\u00f3n presencial de cuentacuentos con <strong>Luis Javier Morales<\/strong>!\ud83d\ude0e<\/p>\n<p dir=\"ltr\">Adaptaci\u00f3n de \u201cEl sue\u00f1o de los dioses y otros cuentos huicholes\u201d de Gabriela Olmos. Narraci\u00f3n oral, bailada y zapateada de una selecci\u00f3n de cuentos del pueblo wix\u00e1rika (huichol) que dentro de sus relatos entreteje la creaci\u00f3n, el amor, los sue\u00f1os, el miedo, la voz interior y la muerte. Esta propuesta expande el lenguaje del gesto y movimiento corporal dimensionando las lindes y los m\u00e1s all\u00e1 de esta sabidur\u00eda ancestral, la cual distanci\u00e1ndose de moralejas, penetra en el mundo m\u00e1gico, misterioso y terrenal de la<br \/>\nnaturaleza humana, para ser intuida con \u201cla cabeza del coraz\u00f3n\u201d(expresi\u00f3n tzotzil)<\/p>\n<p>&#8220;\u00a1Aqu\u00ed t\u00fa tejes historias!&#8221; es un programa de Universo de Letras (Literatura UNAM).<\/p>\n","protected":false},"excerpt":{"rendered":"<p>\u00a1Funci\u00f3n presencial de cuentacuentos con Luis Javier Morales!\ud83d\ude0e Adaptaci\u00f3n de \u201cEl sue\u00f1o de los dioses y otros cuentos huicholes\u201d de&nbsp;<a href=\"https:\/\/tlatelolcounam.mx\/uva\/event\/atth-cuentos-24-04-01\/\">&hellip;<\/a><\/p>\n","protected":false},"author":2,"featured_media":4724,"template":"","meta":{"_tribe_events_status":"","_tribe_events_status_reason":"","footnotes":""},"tags":[61,42,48],"tribe_events_cat":[39],"class_list":["post-4723","tribe_events","type-tribe_events","status-publish","has-post-thumbnail","hentry","tag-aqui-tu-tejes-historias","tag-cartelera","tag-crecer-entre-libros","tribe_events_cat-cartelera","cat_cartelera","odd"],"_links":{"self":[{"href":"https:\/\/tlatelolcounam.mx\/uva\/wp-json\/wp\/v2\/tribe_events\/4723","targetHints":{"allow":["GET"]}}],"collection":[{"href":"https:\/\/tlatelolcounam.mx\/uva\/wp-json\/wp\/v2\/tribe_events"}],"about":[{"href":"https:\/\/tlatelolcounam.mx\/uva\/wp-json\/wp\/v2\/types\/tribe_events"}],"author":[{"embeddable":true,"href":"https:\/\/tlatelolcounam.mx\/uva\/wp-json\/wp\/v2\/users\/2"}],"version-history":[{"count":1,"href":"https:\/\/tlatelolcounam.mx\/uva\/wp-json\/wp\/v2\/tribe_events\/4723\/revisions"}],"predecessor-version":[{"id":4728,"href":"https:\/\/tlatelolcounam.mx\/uva\/wp-json\/wp\/v2\/tribe_events\/4723\/revisions\/4728"}],"wp:featuredmedia":[{"embeddable":true,"href":"https:\/\/tlatelolcounam.mx\/uva\/wp-json\/wp\/v2\/media\/4724"}],"wp:attachment":[{"href":"https:\/\/tlatelolcounam.mx\/uva\/wp-json\/wp\/v2\/media?parent=4723"}],"wp:term":[{"taxonomy":"post_tag","embeddable":true,"href":"https:\/\/tlatelolcounam.mx\/uva\/wp-json\/wp\/v2\/tags?post=4723"},{"taxonomy":"tribe_events_cat","embeddable":true,"href":"https:\/\/tlatelolcounam.mx\/uva\/wp-json\/wp\/v2\/tribe_events_cat?post=4723"}],"curies":[{"name":"wp","href":"https:\/\/api.w.org\/{rel}","templated":true}]}}

🗣️📖¡AQUÍ TÚ TEJES HISTORIAS!: Cuentos wixaritári (huicholes)

<p>¡Función presencial de cuentacuentos con <strong>Luis Javier Morales</strong>!😎</p>
<p dir="ltr">Adaptación de “El sueño de los dioses y otros cuentos huicholes” de Gabriela Olmos. Narración oral, bailada y zapateada de una selección de cuentos del pueblo wixárika (huichol) que dentro de sus relatos entreteje la creación, el amor, los sueños, el miedo, la voz interior y la muerte. Esta propuesta expande el lenguaje del gesto y movimiento corporal dimensionando las lindes y los más allá de esta sabiduría ancestral, la cual distanciándose de moralejas, penetra en el mundo mágico, misterioso y terrenal de la<br />
naturaleza humana, para ser intuida con “la cabeza del corazón”(expresión tzotzil)</p>
<p>&#8220;¡Aquí tú tejes historias!&#8221; es un programa de Universo de Letras (Literatura UNAM).</p>

<p>¡Función presencial de cuentacuentos con Luis Javier Morales!😎 Adaptación de “El sueño de los dioses y otros cuentos huicholes” de&nbsp;<a href="https://tlatelolcounam.mx/uva/event/atth-cuentos-24-04-01/">&hellip;</a></p>
