{"id":4718,"date":"2024-03-15T21:49:44","date_gmt":"2024-03-15T21:49:44","guid":{"rendered":"https:\/\/tlatelolcounam.mx\/uva\/?post_type=tribe_events&#038;p=4718"},"modified":"2024-03-15T21:50:48","modified_gmt":"2024-03-15T21:50:48","slug":"atelier-bebes","status":"publish","type":"tribe_events","link":"https:\/\/tlatelolcounam.mx\/uva\/event\/atelier-bebes\/","title":{"rendered":"\ud83d\udc76\ud83c\udffd\u2728\ud83c\udf31\ud83c\udfb6ATELIER (PARA BEB\u00c9S): Laboratorios de pedagog\u00edas corporales"},"content":{"rendered":"<p><em>&#8220;Atelier<\/em> nos invita a compartir un viaje de aprendizajes y reflexiones educativas a lo largo de varios a\u00f1os de investigaci\u00f3n.<\/p>\n<p>La aventura del <em>Atelier<\/em> implican replantear formas y modos de hacer escuela al enfocar el impacto de los aportes de la neuropsicolog\u00eda, las pedagog\u00edas corporales y, por lo tanto, la exploraci\u00f3n sensorial a trav\u00e9s del dise\u00f1o de entornos de aprendizaje.<\/p>\n<p>Nos invita a reflexionar sobre el desarrollo de habilidades de pensamiento y proceso creativos ven ni\u00f1os de la primera infancia.&#8221;<\/p>\n","protected":false},"excerpt":{"rendered":"<p>&#8220;Atelier nos invita a compartir un viaje de aprendizajes y reflexiones educativas a lo largo de varios a\u00f1os de investigaci\u00f3n.&nbsp;<a href=\"https:\/\/tlatelolcounam.mx\/uva\/event\/atelier-bebes\/\">&hellip;<\/a><\/p>\n","protected":false},"author":2,"featured_media":4703,"template":"","meta":{"_tribe_events_status":"","_tribe_events_status_reason":"","footnotes":""},"tags":[42,60],"tribe_events_cat":[39],"class_list":["post-4718","tribe_events","type-tribe_events","status-publish","has-post-thumbnail","hentry","tag-cartelera","tag-eventos-especiales","tribe_events_cat-cartelera","cat_cartelera","odd"],"_links":{"self":[{"href":"https:\/\/tlatelolcounam.mx\/uva\/wp-json\/wp\/v2\/tribe_events\/4718","targetHints":{"allow":["GET"]}}],"collection":[{"href":"https:\/\/tlatelolcounam.mx\/uva\/wp-json\/wp\/v2\/tribe_events"}],"about":[{"href":"https:\/\/tlatelolcounam.mx\/uva\/wp-json\/wp\/v2\/types\/tribe_events"}],"author":[{"embeddable":true,"href":"https:\/\/tlatelolcounam.mx\/uva\/wp-json\/wp\/v2\/users\/2"}],"version-history":[{"count":1,"href":"https:\/\/tlatelolcounam.mx\/uva\/wp-json\/wp\/v2\/tribe_events\/4718\/revisions"}],"predecessor-version":[{"id":4719,"href":"https:\/\/tlatelolcounam.mx\/uva\/wp-json\/wp\/v2\/tribe_events\/4718\/revisions\/4719"}],"wp:featuredmedia":[{"embeddable":true,"href":"https:\/\/tlatelolcounam.mx\/uva\/wp-json\/wp\/v2\/media\/4703"}],"wp:attachment":[{"href":"https:\/\/tlatelolcounam.mx\/uva\/wp-json\/wp\/v2\/media?parent=4718"}],"wp:term":[{"taxonomy":"post_tag","embeddable":true,"href":"https:\/\/tlatelolcounam.mx\/uva\/wp-json\/wp\/v2\/tags?post=4718"},{"taxonomy":"tribe_events_cat","embeddable":true,"href":"https:\/\/tlatelolcounam.mx\/uva\/wp-json\/wp\/v2\/tribe_events_cat?post=4718"}],"curies":[{"name":"wp","href":"https:\/\/api.w.org\/{rel}","templated":true}]}}

👶🏽✨🌱🎶ATELIER (PARA BEBÉS): Laboratorios de pedagogías corporales

<p><em>&#8220;Atelier</em> nos invita a compartir un viaje de aprendizajes y reflexiones educativas a lo largo de varios años de investigación.</p>
<p>La aventura del <em>Atelier</em> implican replantear formas y modos de hacer escuela al enfocar el impacto de los aportes de la neuropsicología, las pedagogías corporales y, por lo tanto, la exploración sensorial a través del diseño de entornos de aprendizaje.</p>
<p>Nos invita a reflexionar sobre el desarrollo de habilidades de pensamiento y proceso creativos ven niños de la primera infancia.&#8221;</p>

<p>&#8220;Atelier nos invita a compartir un viaje de aprendizajes y reflexiones educativas a lo largo de varios años de investigación.&nbsp;<a href="https://tlatelolcounam.mx/uva/event/atelier-bebes/">&hellip;</a></p>
