{"id":4673,"date":"2024-02-27T21:58:03","date_gmt":"2024-02-27T21:58:03","guid":{"rendered":"https:\/\/tlatelolcounam.mx\/uva\/?post_type=tribe_events&#038;p=4673"},"modified":"2024-02-27T21:58:03","modified_gmt":"2024-02-27T21:58:03","slug":"ga-diseno-24-03-1","status":"publish","type":"tribe_events","link":"https:\/\/tlatelolcounam.mx\/uva\/event\/ga-diseno-24-03-1\/","title":{"rendered":"\ud83d\udc68\ud83c\udffd\ud83d\udda5\ufe0f\ud83d\udc75\ud83c\udffe\ud83d\udcf1GRANDES APRENDICES: Dise\u00f1o pr\u00e1ctico para peque\u00f1xs emprendedorxs (intensivo). SESI\u00d3N 1"},"content":{"rendered":"<div class=\"gmail_default\">\n<p>\u00bfNecesitas dise\u00f1ar un cartel para tu negocio? \u00bfTe gustar\u00eda aprender a usar herramientas digitales para darle una imagen apropiada? \u00a1La biblioteca te escucha! Ven y conoce algunos principios y plataformas b\u00e1sicas de dise\u00f1o para impulsar tu<br \/>\niniciativa.<\/p>\n<p>Registro presencial en la Biblioteca. Cupo limitado.<\/p>\n<\/div>\n","protected":false},"excerpt":{"rendered":"<p>\u00bfNecesitas dise\u00f1ar un cartel para tu negocio? \u00bfTe gustar\u00eda aprender a usar herramientas digitales para darle una imagen apropiada? \u00a1La&nbsp;<a href=\"https:\/\/tlatelolcounam.mx\/uva\/event\/ga-diseno-24-03-1\/\">&hellip;<\/a><\/p>\n","protected":false},"author":2,"featured_media":4635,"template":"","meta":{"_tribe_events_status":"","_tribe_events_status_reason":"","footnotes":""},"tags":[87,67,69],"tribe_events_cat":[39],"class_list":["post-4673","tribe_events","type-tribe_events","status-publish","has-post-thumbnail","hentry","tag-adultxs","tag-grandes-aprendices","tag-tecnologia","tribe_events_cat-cartelera","cat_cartelera","odd"],"_links":{"self":[{"href":"https:\/\/tlatelolcounam.mx\/uva\/wp-json\/wp\/v2\/tribe_events\/4673","targetHints":{"allow":["GET"]}}],"collection":[{"href":"https:\/\/tlatelolcounam.mx\/uva\/wp-json\/wp\/v2\/tribe_events"}],"about":[{"href":"https:\/\/tlatelolcounam.mx\/uva\/wp-json\/wp\/v2\/types\/tribe_events"}],"author":[{"embeddable":true,"href":"https:\/\/tlatelolcounam.mx\/uva\/wp-json\/wp\/v2\/users\/2"}],"version-history":[{"count":1,"href":"https:\/\/tlatelolcounam.mx\/uva\/wp-json\/wp\/v2\/tribe_events\/4673\/revisions"}],"predecessor-version":[{"id":4674,"href":"https:\/\/tlatelolcounam.mx\/uva\/wp-json\/wp\/v2\/tribe_events\/4673\/revisions\/4674"}],"wp:featuredmedia":[{"embeddable":true,"href":"https:\/\/tlatelolcounam.mx\/uva\/wp-json\/wp\/v2\/media\/4635"}],"wp:attachment":[{"href":"https:\/\/tlatelolcounam.mx\/uva\/wp-json\/wp\/v2\/media?parent=4673"}],"wp:term":[{"taxonomy":"post_tag","embeddable":true,"href":"https:\/\/tlatelolcounam.mx\/uva\/wp-json\/wp\/v2\/tags?post=4673"},{"taxonomy":"tribe_events_cat","embeddable":true,"href":"https:\/\/tlatelolcounam.mx\/uva\/wp-json\/wp\/v2\/tribe_events_cat?post=4673"}],"curies":[{"name":"wp","href":"https:\/\/api.w.org\/{rel}","templated":true}]}}

👨🏽🖥️👵🏾📱GRANDES APRENDICES: Diseño práctico para pequeñxs emprendedorxs (intensivo). SESIÓN 1

<div class="gmail_default">
<p>¿Necesitas diseñar un cartel para tu negocio? ¿Te gustaría aprender a usar herramientas digitales para darle una imagen apropiada? ¡La biblioteca te escucha! Ven y conoce algunos principios y plataformas básicas de diseño para impulsar tu<br />
iniciativa.</p>
<p>Registro presencial en la Biblioteca. Cupo limitado.</p>
</div>

<p>¿Necesitas diseñar un cartel para tu negocio? ¿Te gustaría aprender a usar herramientas digitales para darle una imagen apropiada? ¡La&nbsp;<a href="https://tlatelolcounam.mx/uva/event/ga-diseno-24-03-1/">&hellip;</a></p>
