{"id":4662,"date":"2024-02-27T21:33:37","date_gmt":"2024-02-27T21:33:37","guid":{"rendered":"https:\/\/tlatelolcounam.mx\/uva\/?post_type=tribe_events&#038;p=4662"},"modified":"2024-02-27T21:33:37","modified_gmt":"2024-02-27T21:33:37","slug":"mirar-libritos-24-03-01","status":"publish","type":"tribe_events","link":"https:\/\/tlatelolcounam.mx\/uva\/event\/mirar-libritos-24-03-01\/","title":{"rendered":"\ud83d\udc40\ud83d\udcda MIRAR LIBRITOS: Aves y p\u00e1jaros"},"content":{"rendered":"<p>\u00bfTe gustan las aves? \u00bfCu\u00e1les son tus favoritas? \u00bfLas ves seguido en los libros? \u00bfTe gusta verlas m\u00e1s en libros informativos o en libros literarios?<\/p>\n<p>Con la gu\u00eda de las inigualables Carola Diez y Ver\u00f3nica Ju\u00e1rez, compartamos y exploremos lecturas de diferentes or\u00edgenes para ni\u00f1xs y j\u00f3venes; qu\u00e9 nos provocan, qu\u00e9 les han hecho a las personas a nuestro alrededor y qu\u00e9 podr\u00eda hacerse con ellos en otros contextos.<\/p>\n","protected":false},"excerpt":{"rendered":"<p>\u00bfTe gustan las aves? \u00bfCu\u00e1les son tus favoritas? \u00bfLas ves seguido en los libros? \u00bfTe gusta verlas m\u00e1s en libros&nbsp;<a href=\"https:\/\/tlatelolcounam.mx\/uva\/event\/mirar-libritos-24-03-01\/\">&hellip;<\/a><\/p>\n","protected":false},"author":2,"featured_media":4636,"template":"","meta":{"_tribe_events_status":"","_tribe_events_status_reason":"","footnotes":""},"tags":[57,42,75],"tribe_events_cat":[39],"class_list":["post-4662","tribe_events","type-tribe_events","status-publish","has-post-thumbnail","hentry","tag-bibliotecas-y-cultura-de-paz","tag-cartelera","tag-mirar-libritos","tribe_events_cat-cartelera","cat_cartelera","odd"],"_links":{"self":[{"href":"https:\/\/tlatelolcounam.mx\/uva\/wp-json\/wp\/v2\/tribe_events\/4662","targetHints":{"allow":["GET"]}}],"collection":[{"href":"https:\/\/tlatelolcounam.mx\/uva\/wp-json\/wp\/v2\/tribe_events"}],"about":[{"href":"https:\/\/tlatelolcounam.mx\/uva\/wp-json\/wp\/v2\/types\/tribe_events"}],"author":[{"embeddable":true,"href":"https:\/\/tlatelolcounam.mx\/uva\/wp-json\/wp\/v2\/users\/2"}],"version-history":[{"count":2,"href":"https:\/\/tlatelolcounam.mx\/uva\/wp-json\/wp\/v2\/tribe_events\/4662\/revisions"}],"predecessor-version":[{"id":4664,"href":"https:\/\/tlatelolcounam.mx\/uva\/wp-json\/wp\/v2\/tribe_events\/4662\/revisions\/4664"}],"wp:featuredmedia":[{"embeddable":true,"href":"https:\/\/tlatelolcounam.mx\/uva\/wp-json\/wp\/v2\/media\/4636"}],"wp:attachment":[{"href":"https:\/\/tlatelolcounam.mx\/uva\/wp-json\/wp\/v2\/media?parent=4662"}],"wp:term":[{"taxonomy":"post_tag","embeddable":true,"href":"https:\/\/tlatelolcounam.mx\/uva\/wp-json\/wp\/v2\/tags?post=4662"},{"taxonomy":"tribe_events_cat","embeddable":true,"href":"https:\/\/tlatelolcounam.mx\/uva\/wp-json\/wp\/v2\/tribe_events_cat?post=4662"}],"curies":[{"name":"wp","href":"https:\/\/api.w.org\/{rel}","templated":true}]}}

👀📚 MIRAR LIBRITOS: Aves y pájaros

<p>¿Te gustan las aves? ¿Cuáles son tus favoritas? ¿Las ves seguido en los libros? ¿Te gusta verlas más en libros informativos o en libros literarios?</p>
<p>Con la guía de las inigualables Carola Diez y Verónica Juárez, compartamos y exploremos lecturas de diferentes orígenes para niñxs y jóvenes; qué nos provocan, qué les han hecho a las personas a nuestro alrededor y qué podría hacerse con ellos en otros contextos.</p>

<p>¿Te gustan las aves? ¿Cuáles son tus favoritas? ¿Las ves seguido en los libros? ¿Te gusta verlas más en libros&nbsp;<a href="https://tlatelolcounam.mx/uva/event/mirar-libritos-24-03-01/">&hellip;</a></p>
