{"id":4660,"date":"2024-02-27T21:21:41","date_gmt":"2024-02-27T21:21:41","guid":{"rendered":"https:\/\/tlatelolcounam.mx\/uva\/?post_type=tribe_events&#038;p=4660"},"modified":"2024-02-27T21:21:41","modified_gmt":"2024-02-27T21:21:41","slug":"atth-cuentos-24-03-3","status":"publish","type":"tribe_events","link":"https:\/\/tlatelolcounam.mx\/uva\/event\/atth-cuentos-24-03-3\/","title":{"rendered":"\ud83d\udde3\ufe0f\ud83d\udcd6\u00a1AQU\u00cd T\u00da TEJES HISTORIAS!: La historia de Uno"},"content":{"rendered":"<p>\u00a1Funci\u00f3n presencial de cuentacuentos con <strong>Pina Pepina<\/strong>!\ud83d\ude0e<\/p>\n<p dir=\"ltr\">De Rosa Osuna. Uno se pregunta por qu\u00e9 uno es como es, y piensa en c\u00f3mo a uno le gustar\u00eda ser. Se cuestiona qui\u00e9n es y para qu\u00e9 sirve. \u00bfSer\u00e1 un superh\u00e9roe, un artista, un m\u00fasico o un cient\u00edfico? \u00bfSer\u00e1 parte de un cuento o tan solo un simple e in\u00fatil mu\u00f1eco de plastilina? Pero al fin y al cabo, lo que uno sea solo depende de ti, \u00bfverdad? La identidad, esa pregunta que nos incumbe desde la infancia, se plantea en Historia de Uno de una forma l\u00fadica y amable, con un protagonista de extraordinario carisma que acompa\u00f1a al p\u00fablico por una de las cuestiones que todos nos hacemos a lo largo de nuestra vida.<\/p>\n<p>&#8220;\u00a1Aqu\u00ed t\u00fa tejes historias!&#8221; es un programa de Universo de Letras (Literatura UNAM).<\/p>\n","protected":false},"excerpt":{"rendered":"<p>\u00a1Funci\u00f3n presencial de cuentacuentos con Pina Pepina!\ud83d\ude0e De Rosa Osuna. Uno se pregunta por qu\u00e9 uno es como es, y&nbsp;<a href=\"https:\/\/tlatelolcounam.mx\/uva\/event\/atth-cuentos-24-03-3\/\">&hellip;<\/a><\/p>\n","protected":false},"author":2,"featured_media":4655,"template":"","meta":{"_tribe_events_status":"","_tribe_events_status_reason":"","footnotes":""},"tags":[61,42,48],"tribe_events_cat":[39],"class_list":["post-4660","tribe_events","type-tribe_events","status-publish","has-post-thumbnail","hentry","tag-aqui-tu-tejes-historias","tag-cartelera","tag-crecer-entre-libros","tribe_events_cat-cartelera","cat_cartelera","odd"],"_links":{"self":[{"href":"https:\/\/tlatelolcounam.mx\/uva\/wp-json\/wp\/v2\/tribe_events\/4660","targetHints":{"allow":["GET"]}}],"collection":[{"href":"https:\/\/tlatelolcounam.mx\/uva\/wp-json\/wp\/v2\/tribe_events"}],"about":[{"href":"https:\/\/tlatelolcounam.mx\/uva\/wp-json\/wp\/v2\/types\/tribe_events"}],"author":[{"embeddable":true,"href":"https:\/\/tlatelolcounam.mx\/uva\/wp-json\/wp\/v2\/users\/2"}],"version-history":[{"count":1,"href":"https:\/\/tlatelolcounam.mx\/uva\/wp-json\/wp\/v2\/tribe_events\/4660\/revisions"}],"predecessor-version":[{"id":4661,"href":"https:\/\/tlatelolcounam.mx\/uva\/wp-json\/wp\/v2\/tribe_events\/4660\/revisions\/4661"}],"wp:featuredmedia":[{"embeddable":true,"href":"https:\/\/tlatelolcounam.mx\/uva\/wp-json\/wp\/v2\/media\/4655"}],"wp:attachment":[{"href":"https:\/\/tlatelolcounam.mx\/uva\/wp-json\/wp\/v2\/media?parent=4660"}],"wp:term":[{"taxonomy":"post_tag","embeddable":true,"href":"https:\/\/tlatelolcounam.mx\/uva\/wp-json\/wp\/v2\/tags?post=4660"},{"taxonomy":"tribe_events_cat","embeddable":true,"href":"https:\/\/tlatelolcounam.mx\/uva\/wp-json\/wp\/v2\/tribe_events_cat?post=4660"}],"curies":[{"name":"wp","href":"https:\/\/api.w.org\/{rel}","templated":true}]}}

🗣️📖¡AQUÍ TÚ TEJES HISTORIAS!: La historia de Uno

<p>¡Función presencial de cuentacuentos con <strong>Pina Pepina</strong>!😎</p>
<p dir="ltr">De Rosa Osuna. Uno se pregunta por qué uno es como es, y piensa en cómo a uno le gustaría ser. Se cuestiona quién es y para qué sirve. ¿Será un superhéroe, un artista, un músico o un científico? ¿Será parte de un cuento o tan solo un simple e inútil muñeco de plastilina? Pero al fin y al cabo, lo que uno sea solo depende de ti, ¿verdad? La identidad, esa pregunta que nos incumbe desde la infancia, se plantea en Historia de Uno de una forma lúdica y amable, con un protagonista de extraordinario carisma que acompaña al público por una de las cuestiones que todos nos hacemos a lo largo de nuestra vida.</p>
<p>&#8220;¡Aquí tú tejes historias!&#8221; es un programa de Universo de Letras (Literatura UNAM).</p>

<p>¡Función presencial de cuentacuentos con Pina Pepina!😎 De Rosa Osuna. Uno se pregunta por qué uno es como es, y&nbsp;<a href="https://tlatelolcounam.mx/uva/event/atth-cuentos-24-03-3/">&hellip;</a></p>
