{"id":4658,"date":"2024-02-27T21:19:02","date_gmt":"2024-02-27T21:19:02","guid":{"rendered":"https:\/\/tlatelolcounam.mx\/uva\/?post_type=tribe_events&#038;p=4658"},"modified":"2024-02-27T21:19:02","modified_gmt":"2024-02-27T21:19:02","slug":"atth-cuentos-24-03-2","status":"publish","type":"tribe_events","link":"https:\/\/tlatelolcounam.mx\/uva\/event\/atth-cuentos-24-03-2\/","title":{"rendered":"\ud83d\udde3\ufe0f\ud83d\udcd6\u00a1AQU\u00cd T\u00da TEJES HISTORIAS!: \u201cSi agua pasa por tu casa&#8230;\u201d"},"content":{"rendered":"<p>\u00a1Funci\u00f3n presencial de cuentacuentos con <strong>Axel\u00f3fono<\/strong>!\ud83d\ude0e<\/p>\n<p dir=\"ltr\">Historias para repensar, desde la tradici\u00f3n hasta nuestro d\u00edas, nuestra relaci\u00f3n con el l\u00edquido m\u00e1s preciado.<\/p>\n<p>&#8220;\u00a1Aqu\u00ed t\u00fa tejes historias!&#8221; es un programa de Universo de Letras (Literatura UNAM).<\/p>\n","protected":false},"excerpt":{"rendered":"<p>\u00a1Funci\u00f3n presencial de cuentacuentos con Axel\u00f3fono!\ud83d\ude0e Historias para repensar, desde la tradici\u00f3n hasta nuestro d\u00edas, nuestra relaci\u00f3n con el l\u00edquido&nbsp;<a href=\"https:\/\/tlatelolcounam.mx\/uva\/event\/atth-cuentos-24-03-2\/\">&hellip;<\/a><\/p>\n","protected":false},"author":2,"featured_media":4654,"template":"","meta":{"_tribe_events_status":"","_tribe_events_status_reason":"","footnotes":""},"tags":[61,42,48],"tribe_events_cat":[39],"class_list":["post-4658","tribe_events","type-tribe_events","status-publish","has-post-thumbnail","hentry","tag-aqui-tu-tejes-historias","tag-cartelera","tag-crecer-entre-libros","tribe_events_cat-cartelera","cat_cartelera","odd"],"_links":{"self":[{"href":"https:\/\/tlatelolcounam.mx\/uva\/wp-json\/wp\/v2\/tribe_events\/4658","targetHints":{"allow":["GET"]}}],"collection":[{"href":"https:\/\/tlatelolcounam.mx\/uva\/wp-json\/wp\/v2\/tribe_events"}],"about":[{"href":"https:\/\/tlatelolcounam.mx\/uva\/wp-json\/wp\/v2\/types\/tribe_events"}],"author":[{"embeddable":true,"href":"https:\/\/tlatelolcounam.mx\/uva\/wp-json\/wp\/v2\/users\/2"}],"version-history":[{"count":1,"href":"https:\/\/tlatelolcounam.mx\/uva\/wp-json\/wp\/v2\/tribe_events\/4658\/revisions"}],"predecessor-version":[{"id":4659,"href":"https:\/\/tlatelolcounam.mx\/uva\/wp-json\/wp\/v2\/tribe_events\/4658\/revisions\/4659"}],"wp:featuredmedia":[{"embeddable":true,"href":"https:\/\/tlatelolcounam.mx\/uva\/wp-json\/wp\/v2\/media\/4654"}],"wp:attachment":[{"href":"https:\/\/tlatelolcounam.mx\/uva\/wp-json\/wp\/v2\/media?parent=4658"}],"wp:term":[{"taxonomy":"post_tag","embeddable":true,"href":"https:\/\/tlatelolcounam.mx\/uva\/wp-json\/wp\/v2\/tags?post=4658"},{"taxonomy":"tribe_events_cat","embeddable":true,"href":"https:\/\/tlatelolcounam.mx\/uva\/wp-json\/wp\/v2\/tribe_events_cat?post=4658"}],"curies":[{"name":"wp","href":"https:\/\/api.w.org\/{rel}","templated":true}]}}

🗣️📖¡AQUÍ TÚ TEJES HISTORIAS!: “Si agua pasa por tu casa&#8230;”

<p>¡Función presencial de cuentacuentos con <strong>Axelófono</strong>!😎</p>
<p dir="ltr">Historias para repensar, desde la tradición hasta nuestro días, nuestra relación con el líquido más preciado.</p>
<p>&#8220;¡Aquí tú tejes historias!&#8221; es un programa de Universo de Letras (Literatura UNAM).</p>

<p>¡Función presencial de cuentacuentos con Axelófono!😎 Historias para repensar, desde la tradición hasta nuestro días, nuestra relación con el líquido&nbsp;<a href="https://tlatelolcounam.mx/uva/event/atth-cuentos-24-03-2/">&hellip;</a></p>
