{"id":4648,"date":"2024-02-27T21:13:42","date_gmt":"2024-02-27T21:13:42","guid":{"rendered":"https:\/\/tlatelolcounam.mx\/uva\/?post_type=tribe_events&#038;p=4648"},"modified":"2024-02-27T21:17:21","modified_gmt":"2024-02-27T21:17:21","slug":"atth-cuentos-24-03-1","status":"publish","type":"tribe_events","link":"https:\/\/tlatelolcounam.mx\/uva\/event\/atth-cuentos-24-03-1\/","title":{"rendered":"\ud83d\udde3\ufe0f\ud83d\udcd6\u00a1AQU\u00cd T\u00da TEJES HISTORIAS!: Tzol K\u2019in, El Zodiaco Maya"},"content":{"rendered":"<p>\u00a1Funci\u00f3n presencial de cuentacuentos con <strong>Ric R3, El viajero en el Tiempo<\/strong>!\ud83d\ude0e<\/p>\n<p dir=\"ltr\">\u201cHubo un tiempo en que 13 estrellas desearon habitar en el Kab\u00b4An, un mundo muy verde, lleno de agua. Soles, planetas y lunas le hab\u00edan dado forma, pero algo fallaba. Para ayudar, las 13 estrellas tomaron forma de animales y vivieron aventuras a trav\u00e9s de los cuatro rumbos hasta encontrarse de nuevo convirti\u00e9ndose en los guardianes de la Luna y del \u201cTzol K\u2019in, El Zodiaco Maya\u201d.<br \/>\nUn Viajero en el Tiempo nos narra leyendas mitol\u00f3gicas con din\u00e1micas de interacci\u00f3n, teatro objeto, m\u00e1scaras y arte gr\u00e1fico sobre los 13 signos tonales que llevan la cuenta de los d\u00edas, mientras cuidan de la luna\u201d.<\/p>\n<p dir=\"ltr\">*Obra impulsada por el Sistema de Apoyos a la Creaci\u00f3n y Proyectos Culturales (SACPC) 2021<\/p>\n<p>&#8220;\u00a1Aqu\u00ed t\u00fa tejes historias!&#8221; es un programa de Universo de Letras (Literatura UNAM).<\/p>\n","protected":false},"excerpt":{"rendered":"<p>\u00a1Funci\u00f3n presencial de cuentacuentos con Ric R3, El viajero en el Tiempo!\ud83d\ude0e \u201cHubo un tiempo en que 13 estrellas desearon&nbsp;<a href=\"https:\/\/tlatelolcounam.mx\/uva\/event\/atth-cuentos-24-03-1\/\">&hellip;<\/a><\/p>\n","protected":false},"author":2,"featured_media":4656,"template":"","meta":{"_tribe_events_status":"","_tribe_events_status_reason":"","footnotes":""},"tags":[61,42,48],"tribe_events_cat":[39],"class_list":["post-4648","tribe_events","type-tribe_events","status-publish","has-post-thumbnail","hentry","tag-aqui-tu-tejes-historias","tag-cartelera","tag-crecer-entre-libros","tribe_events_cat-cartelera","cat_cartelera","odd"],"_links":{"self":[{"href":"https:\/\/tlatelolcounam.mx\/uva\/wp-json\/wp\/v2\/tribe_events\/4648","targetHints":{"allow":["GET"]}}],"collection":[{"href":"https:\/\/tlatelolcounam.mx\/uva\/wp-json\/wp\/v2\/tribe_events"}],"about":[{"href":"https:\/\/tlatelolcounam.mx\/uva\/wp-json\/wp\/v2\/types\/tribe_events"}],"author":[{"embeddable":true,"href":"https:\/\/tlatelolcounam.mx\/uva\/wp-json\/wp\/v2\/users\/2"}],"version-history":[{"count":3,"href":"https:\/\/tlatelolcounam.mx\/uva\/wp-json\/wp\/v2\/tribe_events\/4648\/revisions"}],"predecessor-version":[{"id":4657,"href":"https:\/\/tlatelolcounam.mx\/uva\/wp-json\/wp\/v2\/tribe_events\/4648\/revisions\/4657"}],"wp:featuredmedia":[{"embeddable":true,"href":"https:\/\/tlatelolcounam.mx\/uva\/wp-json\/wp\/v2\/media\/4656"}],"wp:attachment":[{"href":"https:\/\/tlatelolcounam.mx\/uva\/wp-json\/wp\/v2\/media?parent=4648"}],"wp:term":[{"taxonomy":"post_tag","embeddable":true,"href":"https:\/\/tlatelolcounam.mx\/uva\/wp-json\/wp\/v2\/tags?post=4648"},{"taxonomy":"tribe_events_cat","embeddable":true,"href":"https:\/\/tlatelolcounam.mx\/uva\/wp-json\/wp\/v2\/tribe_events_cat?post=4648"}],"curies":[{"name":"wp","href":"https:\/\/api.w.org\/{rel}","templated":true}]}}

🗣️📖¡AQUÍ TÚ TEJES HISTORIAS!: Tzol K’in, El Zodiaco Maya

<p>¡Función presencial de cuentacuentos con <strong>Ric R3, El viajero en el Tiempo</strong>!😎</p>
<p dir="ltr">“Hubo un tiempo en que 13 estrellas desearon habitar en el Kab´An, un mundo muy verde, lleno de agua. Soles, planetas y lunas le habían dado forma, pero algo fallaba. Para ayudar, las 13 estrellas tomaron forma de animales y vivieron aventuras a través de los cuatro rumbos hasta encontrarse de nuevo convirtiéndose en los guardianes de la Luna y del “Tzol K’in, El Zodiaco Maya”.<br />
Un Viajero en el Tiempo nos narra leyendas mitológicas con dinámicas de interacción, teatro objeto, máscaras y arte gráfico sobre los 13 signos tonales que llevan la cuenta de los días, mientras cuidan de la luna”.</p>
<p dir="ltr">*Obra impulsada por el Sistema de Apoyos a la Creación y Proyectos Culturales (SACPC) 2021</p>
<p>&#8220;¡Aquí tú tejes historias!&#8221; es un programa de Universo de Letras (Literatura UNAM).</p>

<p>¡Función presencial de cuentacuentos con Ric R3, El viajero en el Tiempo!😎 “Hubo un tiempo en que 13 estrellas desearon&nbsp;<a href="https://tlatelolcounam.mx/uva/event/atth-cuentos-24-03-1/">&hellip;</a></p>
