{"id":4157,"date":"2023-10-30T22:31:46","date_gmt":"2023-10-30T22:31:46","guid":{"rendered":"https:\/\/tlatelolcounam.mx\/uva\/?post_type=tribe_events&#038;p=4157"},"modified":"2023-10-30T22:31:46","modified_gmt":"2023-10-30T22:31:46","slug":"mirar-libritos-23-11-01","status":"publish","type":"tribe_events","link":"https:\/\/tlatelolcounam.mx\/uva\/event\/mirar-libritos-23-11-01\/","title":{"rendered":"\ud83d\udc40\ud83d\udcda MIRAR LIBRITOS: Desde lo colectivo"},"content":{"rendered":"<p>\u00bfC\u00f3mo y de qu\u00e9 manera se asoman los procesos comunitarios en los libros ilustrados? \u00bfPor qu\u00e9 es importante visibilizarlos?<\/p>\n<p>Con la gu\u00eda de la inigualable Carola Diez e invitadxs especiales, compartamos y exploremos lecturas de diferentes or\u00edgenes para ni\u00f1xs y j\u00f3venes; qu\u00e9 nos provocan, qu\u00e9 les han hecho a las personas a nuestro alrededor y qu\u00e9 podr\u00eda hacerse con ellos en otros contextos.<\/p>\n","protected":false},"excerpt":{"rendered":"<p>\u00bfC\u00f3mo y de qu\u00e9 manera se asoman los procesos comunitarios en los libros ilustrados? \u00bfPor qu\u00e9 es importante visibilizarlos? Con&nbsp;<a href=\"https:\/\/tlatelolcounam.mx\/uva\/event\/mirar-libritos-23-11-01\/\">&hellip;<\/a><\/p>\n","protected":false},"author":2,"featured_media":4155,"template":"","meta":{"_tribe_events_status":"","_tribe_events_status_reason":"","footnotes":""},"tags":[57,42,75],"tribe_events_cat":[39],"class_list":["post-4157","tribe_events","type-tribe_events","status-publish","has-post-thumbnail","hentry","tag-bibliotecas-y-cultura-de-paz","tag-cartelera","tag-mirar-libritos","tribe_events_cat-cartelera","cat_cartelera","odd"],"_links":{"self":[{"href":"https:\/\/tlatelolcounam.mx\/uva\/wp-json\/wp\/v2\/tribe_events\/4157","targetHints":{"allow":["GET"]}}],"collection":[{"href":"https:\/\/tlatelolcounam.mx\/uva\/wp-json\/wp\/v2\/tribe_events"}],"about":[{"href":"https:\/\/tlatelolcounam.mx\/uva\/wp-json\/wp\/v2\/types\/tribe_events"}],"author":[{"embeddable":true,"href":"https:\/\/tlatelolcounam.mx\/uva\/wp-json\/wp\/v2\/users\/2"}],"version-history":[{"count":2,"href":"https:\/\/tlatelolcounam.mx\/uva\/wp-json\/wp\/v2\/tribe_events\/4157\/revisions"}],"predecessor-version":[{"id":4159,"href":"https:\/\/tlatelolcounam.mx\/uva\/wp-json\/wp\/v2\/tribe_events\/4157\/revisions\/4159"}],"wp:featuredmedia":[{"embeddable":true,"href":"https:\/\/tlatelolcounam.mx\/uva\/wp-json\/wp\/v2\/media\/4155"}],"wp:attachment":[{"href":"https:\/\/tlatelolcounam.mx\/uva\/wp-json\/wp\/v2\/media?parent=4157"}],"wp:term":[{"taxonomy":"post_tag","embeddable":true,"href":"https:\/\/tlatelolcounam.mx\/uva\/wp-json\/wp\/v2\/tags?post=4157"},{"taxonomy":"tribe_events_cat","embeddable":true,"href":"https:\/\/tlatelolcounam.mx\/uva\/wp-json\/wp\/v2\/tribe_events_cat?post=4157"}],"curies":[{"name":"wp","href":"https:\/\/api.w.org\/{rel}","templated":true}]}}

<p>¿Cómo y de qué manera se asoman los procesos comunitarios en los libros ilustrados? ¿Por qué es importante visibilizarlos?</p>
<p>Con la guía de la inigualable Carola Diez e invitadxs especiales, compartamos y exploremos lecturas de diferentes orígenes para niñxs y jóvenes; qué nos provocan, qué les han hecho a las personas a nuestro alrededor y qué podría hacerse con ellos en otros contextos.</p>

<p>¿Cómo y de qué manera se asoman los procesos comunitarios en los libros ilustrados? ¿Por qué es importante visibilizarlos? Con&nbsp;<a href="https://tlatelolcounam.mx/uva/event/mirar-libritos-23-11-01/">&hellip;</a></p>
