{"id":4085,"date":"2023-09-26T20:30:53","date_gmt":"2023-09-26T20:30:53","guid":{"rendered":"https:\/\/tlatelolcounam.mx\/uva\/?post_type=tribe_events&#038;p=4085"},"modified":"2023-09-26T20:30:53","modified_gmt":"2023-09-26T20:30:53","slug":"mirar-libritos-23-10-01","status":"publish","type":"tribe_events","link":"https:\/\/tlatelolcounam.mx\/uva\/event\/mirar-libritos-23-10-01\/","title":{"rendered":"\ud83d\udc40\ud83d\udcda MIRAR LIBRITOS: Pol\u00edticos"},"content":{"rendered":"<p>\u00bfC\u00f3mo se representan las posturas pol\u00edticas en la LIJ? \u00bfLa LIJ puede ser \u201capol\u00edtica\u201d? \u00bfSi es pol\u00edtico, deja de ser art\u00edstico?<\/p>\n<p>Con la gu\u00eda de la inigualable Carola Diez e invitadxs especiales, compartamos y exploremos lecturas de diferentes or\u00edgenes para ni\u00f1xs y j\u00f3venes; qu\u00e9 nos provocan, qu\u00e9 les han hecho a las personas a nuestro alrededor y qu\u00e9 podr\u00eda hacerse con ellos en otros contextos.<\/p>\n","protected":false},"excerpt":{"rendered":"<p>\u00bfC\u00f3mo se representan las posturas pol\u00edticas en la LIJ? \u00bfLa LIJ puede ser \u201capol\u00edtica\u201d? \u00bfSi es pol\u00edtico, deja de ser&nbsp;<a href=\"https:\/\/tlatelolcounam.mx\/uva\/event\/mirar-libritos-23-10-01\/\">&hellip;<\/a><\/p>\n","protected":false},"author":2,"featured_media":4061,"template":"","meta":{"_tribe_events_status":"","_tribe_events_status_reason":"","footnotes":""},"tags":[57,42,75],"tribe_events_cat":[39],"class_list":["post-4085","tribe_events","type-tribe_events","status-publish","has-post-thumbnail","hentry","tag-bibliotecas-y-cultura-de-paz","tag-cartelera","tag-mirar-libritos","tribe_events_cat-cartelera","cat_cartelera","odd"],"_links":{"self":[{"href":"https:\/\/tlatelolcounam.mx\/uva\/wp-json\/wp\/v2\/tribe_events\/4085","targetHints":{"allow":["GET"]}}],"collection":[{"href":"https:\/\/tlatelolcounam.mx\/uva\/wp-json\/wp\/v2\/tribe_events"}],"about":[{"href":"https:\/\/tlatelolcounam.mx\/uva\/wp-json\/wp\/v2\/types\/tribe_events"}],"author":[{"embeddable":true,"href":"https:\/\/tlatelolcounam.mx\/uva\/wp-json\/wp\/v2\/users\/2"}],"version-history":[{"count":1,"href":"https:\/\/tlatelolcounam.mx\/uva\/wp-json\/wp\/v2\/tribe_events\/4085\/revisions"}],"predecessor-version":[{"id":4086,"href":"https:\/\/tlatelolcounam.mx\/uva\/wp-json\/wp\/v2\/tribe_events\/4085\/revisions\/4086"}],"wp:featuredmedia":[{"embeddable":true,"href":"https:\/\/tlatelolcounam.mx\/uva\/wp-json\/wp\/v2\/media\/4061"}],"wp:attachment":[{"href":"https:\/\/tlatelolcounam.mx\/uva\/wp-json\/wp\/v2\/media?parent=4085"}],"wp:term":[{"taxonomy":"post_tag","embeddable":true,"href":"https:\/\/tlatelolcounam.mx\/uva\/wp-json\/wp\/v2\/tags?post=4085"},{"taxonomy":"tribe_events_cat","embeddable":true,"href":"https:\/\/tlatelolcounam.mx\/uva\/wp-json\/wp\/v2\/tribe_events_cat?post=4085"}],"curies":[{"name":"wp","href":"https:\/\/api.w.org\/{rel}","templated":true}]}}

👀📚 MIRAR LIBRITOS: Políticos

<p>¿Cómo se representan las posturas políticas en la LIJ? ¿La LIJ puede ser “apolítica”? ¿Si es político, deja de ser artístico?</p>
<p>Con la guía de la inigualable Carola Diez e invitadxs especiales, compartamos y exploremos lecturas de diferentes orígenes para niñxs y jóvenes; qué nos provocan, qué les han hecho a las personas a nuestro alrededor y qué podría hacerse con ellos en otros contextos.</p>

<p>¿Cómo se representan las posturas políticas en la LIJ? ¿La LIJ puede ser “apolítica”? ¿Si es político, deja de ser&nbsp;<a href="https://tlatelolcounam.mx/uva/event/mirar-libritos-23-10-01/">&hellip;</a></p>
