{"id":4082,"date":"2023-09-26T20:28:33","date_gmt":"2023-09-26T20:28:33","guid":{"rendered":"https:\/\/tlatelolcounam.mx\/uva\/?post_type=tribe_events&#038;p=4082"},"modified":"2023-09-26T20:28:51","modified_gmt":"2023-09-26T20:28:51","slug":"atth-cuentos-23-10-04","status":"publish","type":"tribe_events","link":"https:\/\/tlatelolcounam.mx\/uva\/event\/atth-cuentos-23-10-04\/","title":{"rendered":"\ud83d\udde3\ufe0f\ud83d\udcd6\u00a1AQU\u00cd T\u00da TEJES HISTORIAS!: Nacho cuenta contigo: valientes historias para ni\u00f1as y ni\u00f1os valientes"},"content":{"rendered":"<p>\u00a1Funci\u00f3n presencial de cuentacuentos con <strong>Nacho Casas<\/strong>!\ud83d\ude0e<\/p>\n<p dir=\"ltr\">Atreverse a brincar desde un alt\u00edsimo trampol\u00edn, \u00bfes valent\u00eda? Poner a una acechante nube gris en su lugar, \u00bfes valent\u00eda? Divi\u00e9rtete con cuentos e historias que te har\u00e1n descubrir tu propia valent\u00eda.<\/p>\n<p>&#8220;\u00a1Aqu\u00ed t\u00fa tejes historias!&#8221; es un programa de Universo de Letras (Literatura UNAM).<\/p>\n","protected":false},"excerpt":{"rendered":"<p>\u00a1Funci\u00f3n presencial de cuentacuentos con Nacho Casas!\ud83d\ude0e Atreverse a brincar desde un alt\u00edsimo trampol\u00edn, \u00bfes valent\u00eda? Poner a una acechante&nbsp;<a href=\"https:\/\/tlatelolcounam.mx\/uva\/event\/atth-cuentos-23-10-04\/\">&hellip;<\/a><\/p>\n","protected":false},"author":2,"featured_media":4065,"template":"","meta":{"_tribe_events_status":"","_tribe_events_status_reason":"","footnotes":""},"tags":[61,42,48],"tribe_events_cat":[39],"class_list":["post-4082","tribe_events","type-tribe_events","status-publish","has-post-thumbnail","hentry","tag-aqui-tu-tejes-historias","tag-cartelera","tag-crecer-entre-libros","tribe_events_cat-cartelera","cat_cartelera","odd"],"_links":{"self":[{"href":"https:\/\/tlatelolcounam.mx\/uva\/wp-json\/wp\/v2\/tribe_events\/4082","targetHints":{"allow":["GET"]}}],"collection":[{"href":"https:\/\/tlatelolcounam.mx\/uva\/wp-json\/wp\/v2\/tribe_events"}],"about":[{"href":"https:\/\/tlatelolcounam.mx\/uva\/wp-json\/wp\/v2\/types\/tribe_events"}],"author":[{"embeddable":true,"href":"https:\/\/tlatelolcounam.mx\/uva\/wp-json\/wp\/v2\/users\/2"}],"version-history":[{"count":2,"href":"https:\/\/tlatelolcounam.mx\/uva\/wp-json\/wp\/v2\/tribe_events\/4082\/revisions"}],"predecessor-version":[{"id":4084,"href":"https:\/\/tlatelolcounam.mx\/uva\/wp-json\/wp\/v2\/tribe_events\/4082\/revisions\/4084"}],"wp:featuredmedia":[{"embeddable":true,"href":"https:\/\/tlatelolcounam.mx\/uva\/wp-json\/wp\/v2\/media\/4065"}],"wp:attachment":[{"href":"https:\/\/tlatelolcounam.mx\/uva\/wp-json\/wp\/v2\/media?parent=4082"}],"wp:term":[{"taxonomy":"post_tag","embeddable":true,"href":"https:\/\/tlatelolcounam.mx\/uva\/wp-json\/wp\/v2\/tags?post=4082"},{"taxonomy":"tribe_events_cat","embeddable":true,"href":"https:\/\/tlatelolcounam.mx\/uva\/wp-json\/wp\/v2\/tribe_events_cat?post=4082"}],"curies":[{"name":"wp","href":"https:\/\/api.w.org\/{rel}","templated":true}]}}

🗣️📖¡AQUÍ TÚ TEJES HISTORIAS!: Nacho cuenta contigo: valientes historias para niñas y niños valientes

<p>¡Función presencial de cuentacuentos con <strong>Nacho Casas</strong>!😎</p>
<p dir="ltr">Atreverse a brincar desde un altísimo trampolín, ¿es valentía? Poner a una acechante nube gris en su lugar, ¿es valentía? Diviértete con cuentos e historias que te harán descubrir tu propia valentía.</p>
<p>&#8220;¡Aquí tú tejes historias!&#8221; es un programa de Universo de Letras (Literatura UNAM).</p>

<p>¡Función presencial de cuentacuentos con Nacho Casas!😎 Atreverse a brincar desde un altísimo trampolín, ¿es valentía? Poner a una acechante&nbsp;<a href="https://tlatelolcounam.mx/uva/event/atth-cuentos-23-10-04/">&hellip;</a></p>
