{"id":4077,"date":"2023-09-26T20:14:53","date_gmt":"2023-09-26T20:14:53","guid":{"rendered":"https:\/\/tlatelolcounam.mx\/uva\/?post_type=tribe_events&#038;p=4077"},"modified":"2023-09-26T20:14:53","modified_gmt":"2023-09-26T20:14:53","slug":"atth-cuentos-23-10-02","status":"publish","type":"tribe_events","link":"https:\/\/tlatelolcounam.mx\/uva\/event\/atth-cuentos-23-10-02\/","title":{"rendered":"\ud83d\udde3\ufe0f\ud83d\udcd6\u00a1AQU\u00cd T\u00da TEJES HISTORIAS!: Cuentos de aqu\u00ed, de all\u00e1 y de otros tiempos&#8230;"},"content":{"rendered":"<p>\u00a1Funci\u00f3n presencial de cuentacuentos con <strong>Carma Aguilar &#8220;Grushenka&#8221;<\/strong>!\ud83d\ude0e<\/p>\n<p dir=\"ltr\">Cuentos de aqu\u00ed, de all\u00e1 y de otros tiempos es un espect\u00e1culo que nos comparte historias de distintas \u00e9pocas, lugares y autores que saben contarnos historias que reflejan el valor \u00fanico de la amistad, la importancia de la empat\u00eda y la ayuda mutua.<\/p>\n<p>&#8220;\u00a1Aqu\u00ed t\u00fa tejes historias!&#8221; es un programa de Universo de Letras (Literatura UNAM).<\/p>\n","protected":false},"excerpt":{"rendered":"<p>\u00a1Funci\u00f3n presencial de cuentacuentos con Carma Aguilar &#8220;Grushenka&#8221;!\ud83d\ude0e Cuentos de aqu\u00ed, de all\u00e1 y de otros tiempos es un espect\u00e1culo&nbsp;<a href=\"https:\/\/tlatelolcounam.mx\/uva\/event\/atth-cuentos-23-10-02\/\">&hellip;<\/a><\/p>\n","protected":false},"author":2,"featured_media":4063,"template":"","meta":{"_tribe_events_status":"","_tribe_events_status_reason":"","footnotes":""},"tags":[61,42,48],"tribe_events_cat":[39],"class_list":["post-4077","tribe_events","type-tribe_events","status-publish","has-post-thumbnail","hentry","tag-aqui-tu-tejes-historias","tag-cartelera","tag-crecer-entre-libros","tribe_events_cat-cartelera","cat_cartelera","odd"],"_links":{"self":[{"href":"https:\/\/tlatelolcounam.mx\/uva\/wp-json\/wp\/v2\/tribe_events\/4077","targetHints":{"allow":["GET"]}}],"collection":[{"href":"https:\/\/tlatelolcounam.mx\/uva\/wp-json\/wp\/v2\/tribe_events"}],"about":[{"href":"https:\/\/tlatelolcounam.mx\/uva\/wp-json\/wp\/v2\/types\/tribe_events"}],"author":[{"embeddable":true,"href":"https:\/\/tlatelolcounam.mx\/uva\/wp-json\/wp\/v2\/users\/2"}],"version-history":[{"count":2,"href":"https:\/\/tlatelolcounam.mx\/uva\/wp-json\/wp\/v2\/tribe_events\/4077\/revisions"}],"predecessor-version":[{"id":4079,"href":"https:\/\/tlatelolcounam.mx\/uva\/wp-json\/wp\/v2\/tribe_events\/4077\/revisions\/4079"}],"wp:featuredmedia":[{"embeddable":true,"href":"https:\/\/tlatelolcounam.mx\/uva\/wp-json\/wp\/v2\/media\/4063"}],"wp:attachment":[{"href":"https:\/\/tlatelolcounam.mx\/uva\/wp-json\/wp\/v2\/media?parent=4077"}],"wp:term":[{"taxonomy":"post_tag","embeddable":true,"href":"https:\/\/tlatelolcounam.mx\/uva\/wp-json\/wp\/v2\/tags?post=4077"},{"taxonomy":"tribe_events_cat","embeddable":true,"href":"https:\/\/tlatelolcounam.mx\/uva\/wp-json\/wp\/v2\/tribe_events_cat?post=4077"}],"curies":[{"name":"wp","href":"https:\/\/api.w.org\/{rel}","templated":true}]}}

🗣️📖¡AQUÍ TÚ TEJES HISTORIAS!: Cuentos de aquí, de allá y de otros tiempos&#8230;

<p>¡Función presencial de cuentacuentos con <strong>Carma Aguilar &#8220;Grushenka&#8221;</strong>!😎</p>
<p dir="ltr">Cuentos de aquí, de allá y de otros tiempos es un espectáculo que nos comparte historias de distintas épocas, lugares y autores que saben contarnos historias que reflejan el valor único de la amistad, la importancia de la empatía y la ayuda mutua.</p>
<p>&#8220;¡Aquí tú tejes historias!&#8221; es un programa de Universo de Letras (Literatura UNAM).</p>

<p>¡Función presencial de cuentacuentos con Carma Aguilar &#8220;Grushenka&#8221;!😎 Cuentos de aquí, de allá y de otros tiempos es un espectáculo&nbsp;<a href="https://tlatelolcounam.mx/uva/event/atth-cuentos-23-10-02/">&hellip;</a></p>
