{"id":4074,"date":"2023-09-26T20:09:55","date_gmt":"2023-09-26T20:09:55","guid":{"rendered":"https:\/\/tlatelolcounam.mx\/uva\/?post_type=tribe_events&#038;p=4074"},"modified":"2023-09-26T20:12:50","modified_gmt":"2023-09-26T20:12:50","slug":"atth-cuentos-23-10-01","status":"publish","type":"tribe_events","link":"https:\/\/tlatelolcounam.mx\/uva\/event\/atth-cuentos-23-10-01\/","title":{"rendered":"\ud83d\udde3\ufe0f\ud83d\udcd6\u00a1AQU\u00cd T\u00da TEJES HISTORIAS!: Kawitu: c\u00f3mo se cre\u00f3 el mundo"},"content":{"rendered":"<p>\u00a1Funci\u00f3n presencial de cuentacuentos con <strong>Hania Jim\u00e9nez<\/strong>!\ud83d\ude0e<\/p>\n<p dir=\"ltr\">Espect\u00e1culo de narraci\u00f3n oral esc\u00e9nica de mitos wixaritari (huicholes) con algunas palabras en la lengua de la misma cultura.<\/p>\n<p>&#8220;\u00a1Aqu\u00ed t\u00fa tejes historias!&#8221; es un programa de Universo de Letras (Literatura UNAM).<\/p>\n","protected":false},"excerpt":{"rendered":"<p>\u00a1Funci\u00f3n presencial de cuentacuentos con Hania Jim\u00e9nez!\ud83d\ude0e Espect\u00e1culo de narraci\u00f3n oral esc\u00e9nica de mitos wixaritari (huicholes) con algunas palabras en&nbsp;<a href=\"https:\/\/tlatelolcounam.mx\/uva\/event\/atth-cuentos-23-10-01\/\">&hellip;<\/a><\/p>\n","protected":false},"author":2,"featured_media":4062,"template":"","meta":{"_tribe_events_status":"","_tribe_events_status_reason":"","footnotes":""},"tags":[61,42,48],"tribe_events_cat":[39],"class_list":["post-4074","tribe_events","type-tribe_events","status-publish","has-post-thumbnail","hentry","tag-aqui-tu-tejes-historias","tag-cartelera","tag-crecer-entre-libros","tribe_events_cat-cartelera","cat_cartelera","odd"],"_links":{"self":[{"href":"https:\/\/tlatelolcounam.mx\/uva\/wp-json\/wp\/v2\/tribe_events\/4074","targetHints":{"allow":["GET"]}}],"collection":[{"href":"https:\/\/tlatelolcounam.mx\/uva\/wp-json\/wp\/v2\/tribe_events"}],"about":[{"href":"https:\/\/tlatelolcounam.mx\/uva\/wp-json\/wp\/v2\/types\/tribe_events"}],"author":[{"embeddable":true,"href":"https:\/\/tlatelolcounam.mx\/uva\/wp-json\/wp\/v2\/users\/2"}],"version-history":[{"count":2,"href":"https:\/\/tlatelolcounam.mx\/uva\/wp-json\/wp\/v2\/tribe_events\/4074\/revisions"}],"predecessor-version":[{"id":4076,"href":"https:\/\/tlatelolcounam.mx\/uva\/wp-json\/wp\/v2\/tribe_events\/4074\/revisions\/4076"}],"wp:featuredmedia":[{"embeddable":true,"href":"https:\/\/tlatelolcounam.mx\/uva\/wp-json\/wp\/v2\/media\/4062"}],"wp:attachment":[{"href":"https:\/\/tlatelolcounam.mx\/uva\/wp-json\/wp\/v2\/media?parent=4074"}],"wp:term":[{"taxonomy":"post_tag","embeddable":true,"href":"https:\/\/tlatelolcounam.mx\/uva\/wp-json\/wp\/v2\/tags?post=4074"},{"taxonomy":"tribe_events_cat","embeddable":true,"href":"https:\/\/tlatelolcounam.mx\/uva\/wp-json\/wp\/v2\/tribe_events_cat?post=4074"}],"curies":[{"name":"wp","href":"https:\/\/api.w.org\/{rel}","templated":true}]}}

🗣️📖¡AQUÍ TÚ TEJES HISTORIAS!: Kawitu: cómo se creó el mundo

<p>¡Función presencial de cuentacuentos con <strong>Hania Jiménez</strong>!😎</p>
<p dir="ltr">Espectáculo de narración oral escénica de mitos wixaritari (huicholes) con algunas palabras en la lengua de la misma cultura.</p>
<p>&#8220;¡Aquí tú tejes historias!&#8221; es un programa de Universo de Letras (Literatura UNAM).</p>

<p>¡Función presencial de cuentacuentos con Hania Jiménez!😎 Espectáculo de narración oral escénica de mitos wixaritari (huicholes) con algunas palabras en&nbsp;<a href="https://tlatelolcounam.mx/uva/event/atth-cuentos-23-10-01/">&hellip;</a></p>
