{"id":3957,"date":"2023-08-28T23:37:28","date_gmt":"2023-08-28T23:37:28","guid":{"rendered":"https:\/\/tlatelolcounam.mx\/uva\/?post_type=tribe_events&#038;p=3957"},"modified":"2023-08-28T23:40:56","modified_gmt":"2023-08-28T23:40:56","slug":"atch-cuentos-23-09-02","status":"publish","type":"tribe_events","link":"https:\/\/tlatelolcounam.mx\/uva\/event\/atch-cuentos-23-09-02\/","title":{"rendered":"\ud83d\udde3\ufe0f\ud83d\udcd6\u00a1AQU\u00cd T\u00da CUENTAS HISTORIAS!: Cuentos de la madre africana"},"content":{"rendered":"<p>\u00a1Funci\u00f3n presencial de cuentacuentos con<strong> Vivianne Thiri\u00f3n<\/strong>!\ud83d\ude0e<\/p>\n<p dir=\"ltr\">Uno de los continentes m\u00e1s grandes del mundo, aloja en su territorio a m\u00e1s de 54 pa\u00edses, cada uno con su idioma, cultura y biodiversidad.<\/p>\n<p dir=\"ltr\">La palabra \u00c1frica se cree proviene del lat\u00edn aprica &#8220;soleado&#8221;, con la que los antiguos romanos denominaban a los pueblos ubicados al sur del Mediterr\u00e1neo. Debido a su clima extremoso tiene muchas dificultades para sobrevivir, no obstante mantiene muchos valores; tiene vivas sus tradiciones orales y gran amor por la naturaleza y el arte. El gran Mandela nos leg\u00f3 un gran ejemplo de congruencia y apego a la liberad; en la antolog\u00eda Mis cuentos africanos, deja muestra de la antigua esencia africana de distintas regiones, para que sus voces no mueran.<\/p>\n<p>&#8220;\u00a1Aqu\u00ed t\u00fa cuentas historias!&#8221; es un programa de Universo de Letras (Literatura UNAM).<\/p>\n","protected":false},"excerpt":{"rendered":"<p>\u00a1Funci\u00f3n presencial de cuentacuentos con Vivianne Thiri\u00f3n!\ud83d\ude0e Uno de los continentes m\u00e1s grandes del mundo, aloja en su territorio a&nbsp;<a href=\"https:\/\/tlatelolcounam.mx\/uva\/event\/atch-cuentos-23-09-02\/\">&hellip;<\/a><\/p>\n","protected":false},"author":2,"featured_media":3955,"template":"","meta":{"_tribe_events_status":"","_tribe_events_status_reason":"","footnotes":""},"tags":[74,42,48],"tribe_events_cat":[39],"class_list":["post-3957","tribe_events","type-tribe_events","status-publish","has-post-thumbnail","hentry","tag-aqui-tu-cuentas-historias","tag-cartelera","tag-crecer-entre-libros","tribe_events_cat-cartelera","cat_cartelera","odd"],"_links":{"self":[{"href":"https:\/\/tlatelolcounam.mx\/uva\/wp-json\/wp\/v2\/tribe_events\/3957","targetHints":{"allow":["GET"]}}],"collection":[{"href":"https:\/\/tlatelolcounam.mx\/uva\/wp-json\/wp\/v2\/tribe_events"}],"about":[{"href":"https:\/\/tlatelolcounam.mx\/uva\/wp-json\/wp\/v2\/types\/tribe_events"}],"author":[{"embeddable":true,"href":"https:\/\/tlatelolcounam.mx\/uva\/wp-json\/wp\/v2\/users\/2"}],"version-history":[{"count":2,"href":"https:\/\/tlatelolcounam.mx\/uva\/wp-json\/wp\/v2\/tribe_events\/3957\/revisions"}],"predecessor-version":[{"id":3982,"href":"https:\/\/tlatelolcounam.mx\/uva\/wp-json\/wp\/v2\/tribe_events\/3957\/revisions\/3982"}],"wp:featuredmedia":[{"embeddable":true,"href":"https:\/\/tlatelolcounam.mx\/uva\/wp-json\/wp\/v2\/media\/3955"}],"wp:attachment":[{"href":"https:\/\/tlatelolcounam.mx\/uva\/wp-json\/wp\/v2\/media?parent=3957"}],"wp:term":[{"taxonomy":"post_tag","embeddable":true,"href":"https:\/\/tlatelolcounam.mx\/uva\/wp-json\/wp\/v2\/tags?post=3957"},{"taxonomy":"tribe_events_cat","embeddable":true,"href":"https:\/\/tlatelolcounam.mx\/uva\/wp-json\/wp\/v2\/tribe_events_cat?post=3957"}],"curies":[{"name":"wp","href":"https:\/\/api.w.org\/{rel}","templated":true}]}}

🗣️📖¡AQUÍ TÚ CUENTAS HISTORIAS!: Cuentos de la madre africana

<p>¡Función presencial de cuentacuentos con<strong> Vivianne Thirión</strong>!😎</p>
<p dir="ltr">Uno de los continentes más grandes del mundo, aloja en su territorio a más de 54 países, cada uno con su idioma, cultura y biodiversidad.</p>
<p dir="ltr">La palabra África se cree proviene del latín aprica &#8220;soleado&#8221;, con la que los antiguos romanos denominaban a los pueblos ubicados al sur del Mediterráneo. Debido a su clima extremoso tiene muchas dificultades para sobrevivir, no obstante mantiene muchos valores; tiene vivas sus tradiciones orales y gran amor por la naturaleza y el arte. El gran Mandela nos legó un gran ejemplo de congruencia y apego a la liberad; en la antología Mis cuentos africanos, deja muestra de la antigua esencia africana de distintas regiones, para que sus voces no mueran.</p>
<p>&#8220;¡Aquí tú cuentas historias!&#8221; es un programa de Universo de Letras (Literatura UNAM).</p>

<p>¡Función presencial de cuentacuentos con Vivianne Thirión!😎 Uno de los continentes más grandes del mundo, aloja en su territorio a&nbsp;<a href="https://tlatelolcounam.mx/uva/event/atch-cuentos-23-09-02/">&hellip;</a></p>
