{"id":3911,"date":"2023-08-11T23:36:31","date_gmt":"2023-08-11T23:36:31","guid":{"rendered":"https:\/\/tlatelolcounam.mx\/uva\/?post_type=tribe_events&#038;p=3911"},"modified":"2023-08-14T23:17:32","modified_gmt":"2023-08-14T23:17:32","slug":"ga-tecnologia-basica-23-09-02","status":"publish","type":"tribe_events","link":"https:\/\/tlatelolcounam.mx\/uva\/event\/ga-tecnologia-basica-23-09-02\/","title":{"rendered":"\ud83d\udc74\ud83c\udffe\ud83d\udda5\ufe0f\ud83d\udc75\ud83c\udffe\ud83d\udcf1GRANDES APRENDICES: Tecnolog\u00eda b\u00e1sica para adultos mayores (INTENSIVO). SESI\u00d3N 2"},"content":{"rendered":"<div class=\"gmail_default\">\n<p>\u00bfEres una persona mayor y te agobia el avance de la tecnolog\u00eda?<\/p>\n<p>\u00bfSe te dificulta ver o escuchar con claridad?<\/p>\n<p>\u00a1No te preocupes! Te ayudaremos a descubrir algunas herramientas \u00fatiles y accesibles en tu tel\u00e9fono inteligente para facilitar tu vida cotidiana.<\/p>\n<p>Cupo limitado.<\/p>\n<\/div>\n","protected":false},"excerpt":{"rendered":"<p>\u00bfEres una persona mayor y te agobia el avance de la tecnolog\u00eda? \u00bfSe te dificulta ver o escuchar con claridad?&nbsp;<a href=\"https:\/\/tlatelolcounam.mx\/uva\/event\/ga-tecnologia-basica-23-09-02\/\">&hellip;<\/a><\/p>\n","protected":false},"author":2,"featured_media":3947,"template":"","meta":{"_tribe_events_status":"","_tribe_events_status_reason":"","footnotes":""},"tags":[68,67,69],"tribe_events_cat":[39],"class_list":["post-3911","tribe_events","type-tribe_events","status-publish","has-post-thumbnail","hentry","tag-adultos-mayores","tag-grandes-aprendices","tag-tecnologia","tribe_events_cat-cartelera","cat_cartelera","odd"],"_links":{"self":[{"href":"https:\/\/tlatelolcounam.mx\/uva\/wp-json\/wp\/v2\/tribe_events\/3911","targetHints":{"allow":["GET"]}}],"collection":[{"href":"https:\/\/tlatelolcounam.mx\/uva\/wp-json\/wp\/v2\/tribe_events"}],"about":[{"href":"https:\/\/tlatelolcounam.mx\/uva\/wp-json\/wp\/v2\/types\/tribe_events"}],"author":[{"embeddable":true,"href":"https:\/\/tlatelolcounam.mx\/uva\/wp-json\/wp\/v2\/users\/2"}],"version-history":[{"count":1,"href":"https:\/\/tlatelolcounam.mx\/uva\/wp-json\/wp\/v2\/tribe_events\/3911\/revisions"}],"predecessor-version":[{"id":3912,"href":"https:\/\/tlatelolcounam.mx\/uva\/wp-json\/wp\/v2\/tribe_events\/3911\/revisions\/3912"}],"wp:featuredmedia":[{"embeddable":true,"href":"https:\/\/tlatelolcounam.mx\/uva\/wp-json\/wp\/v2\/media\/3947"}],"wp:attachment":[{"href":"https:\/\/tlatelolcounam.mx\/uva\/wp-json\/wp\/v2\/media?parent=3911"}],"wp:term":[{"taxonomy":"post_tag","embeddable":true,"href":"https:\/\/tlatelolcounam.mx\/uva\/wp-json\/wp\/v2\/tags?post=3911"},{"taxonomy":"tribe_events_cat","embeddable":true,"href":"https:\/\/tlatelolcounam.mx\/uva\/wp-json\/wp\/v2\/tribe_events_cat?post=3911"}],"curies":[{"name":"wp","href":"https:\/\/api.w.org\/{rel}","templated":true}]}}

👴🏾🖥️👵🏾📱GRANDES APRENDICES: Tecnología básica para adultos mayores (INTENSIVO). SESIÓN 2

<div class="gmail_default">
<p>¿Eres una persona mayor y te agobia el avance de la tecnología?</p>
<p>¿Se te dificulta ver o escuchar con claridad?</p>
<p>¡No te preocupes! Te ayudaremos a descubrir algunas herramientas útiles y accesibles en tu teléfono inteligente para facilitar tu vida cotidiana.</p>
<p>Cupo limitado.</p>
</div>

<p>¿Eres una persona mayor y te agobia el avance de la tecnología? ¿Se te dificulta ver o escuchar con claridad?&nbsp;<a href="https://tlatelolcounam.mx/uva/event/ga-tecnologia-basica-23-09-02/">&hellip;</a></p>
