{"id":3569,"date":"2023-05-24T23:59:05","date_gmt":"2023-05-24T23:59:05","guid":{"rendered":"https:\/\/tlatelolcounam.mx\/uva\/?post_type=tribe_events&#038;p=3569"},"modified":"2023-05-24T23:59:15","modified_gmt":"2023-05-24T23:59:15","slug":"atch-cuentos-23-06-04","status":"publish","type":"tribe_events","link":"https:\/\/tlatelolcounam.mx\/uva\/event\/atch-cuentos-23-06-04\/","title":{"rendered":"\ud83d\udde3\ufe0f\ud83d\udcd6\u00a1AQU\u00cd T\u00da CUENTAS HISTORIAS!: El conejo y el coyote"},"content":{"rendered":"<p>\u00a1Funci\u00f3n presencial de cuentacuentos con<strong> Karla Selene Pineda<\/strong>!\ud83d\ude0e<\/p>\n<p>Basado en Los hombres que dispers\u00f3 la danza de Andr\u00e9s Henestrosa, cuentos y leyendas zapotecas. El conejo y el coyote, que habla acerca de la eterna persecuci\u00f3n que hace un coyote a un conejo, las trampas y aventuras de este para no dejarse alcanzar.<\/p>\n<p>&#8220;\u00a1Aqu\u00ed t\u00fa cuentas historias!&#8221; es un programa de Universo de Letras (Literatura UNAM).<\/p>\n","protected":false},"excerpt":{"rendered":"<p>\u00a1Funci\u00f3n presencial de cuentacuentos con Karla Selene Pineda!\ud83d\ude0e Basado en Los hombres que dispers\u00f3 la danza de Andr\u00e9s Henestrosa, cuentos&nbsp;<a href=\"https:\/\/tlatelolcounam.mx\/uva\/event\/atch-cuentos-23-06-04\/\">&hellip;<\/a><\/p>\n","protected":false},"author":2,"featured_media":3541,"template":"","meta":{"_tribe_events_status":"","_tribe_events_status_reason":"","footnotes":""},"tags":[74,42,48],"tribe_events_cat":[39],"class_list":["post-3569","tribe_events","type-tribe_events","status-publish","has-post-thumbnail","hentry","tag-aqui-tu-cuentas-historias","tag-cartelera","tag-crecer-entre-libros","tribe_events_cat-cartelera","cat_cartelera","odd"],"_links":{"self":[{"href":"https:\/\/tlatelolcounam.mx\/uva\/wp-json\/wp\/v2\/tribe_events\/3569","targetHints":{"allow":["GET"]}}],"collection":[{"href":"https:\/\/tlatelolcounam.mx\/uva\/wp-json\/wp\/v2\/tribe_events"}],"about":[{"href":"https:\/\/tlatelolcounam.mx\/uva\/wp-json\/wp\/v2\/types\/tribe_events"}],"author":[{"embeddable":true,"href":"https:\/\/tlatelolcounam.mx\/uva\/wp-json\/wp\/v2\/users\/2"}],"version-history":[{"count":1,"href":"https:\/\/tlatelolcounam.mx\/uva\/wp-json\/wp\/v2\/tribe_events\/3569\/revisions"}],"predecessor-version":[{"id":3570,"href":"https:\/\/tlatelolcounam.mx\/uva\/wp-json\/wp\/v2\/tribe_events\/3569\/revisions\/3570"}],"wp:featuredmedia":[{"embeddable":true,"href":"https:\/\/tlatelolcounam.mx\/uva\/wp-json\/wp\/v2\/media\/3541"}],"wp:attachment":[{"href":"https:\/\/tlatelolcounam.mx\/uva\/wp-json\/wp\/v2\/media?parent=3569"}],"wp:term":[{"taxonomy":"post_tag","embeddable":true,"href":"https:\/\/tlatelolcounam.mx\/uva\/wp-json\/wp\/v2\/tags?post=3569"},{"taxonomy":"tribe_events_cat","embeddable":true,"href":"https:\/\/tlatelolcounam.mx\/uva\/wp-json\/wp\/v2\/tribe_events_cat?post=3569"}],"curies":[{"name":"wp","href":"https:\/\/api.w.org\/{rel}","templated":true}]}}

🗣️📖¡AQUÍ TÚ CUENTAS HISTORIAS!: El conejo y el coyote

<p>¡Función presencial de cuentacuentos con<strong> Karla Selene Pineda</strong>!😎</p>
<p>Basado en Los hombres que dispersó la danza de Andrés Henestrosa, cuentos y leyendas zapotecas. El conejo y el coyote, que habla acerca de la eterna persecución que hace un coyote a un conejo, las trampas y aventuras de este para no dejarse alcanzar.</p>
<p>&#8220;¡Aquí tú cuentas historias!&#8221; es un programa de Universo de Letras (Literatura UNAM).</p>

<p>¡Función presencial de cuentacuentos con Karla Selene Pineda!😎 Basado en Los hombres que dispersó la danza de Andrés Henestrosa, cuentos&nbsp;<a href="https://tlatelolcounam.mx/uva/event/atch-cuentos-23-06-04/">&hellip;</a></p>
