{"id":3567,"date":"2023-05-24T23:54:50","date_gmt":"2023-05-24T23:54:50","guid":{"rendered":"https:\/\/tlatelolcounam.mx\/uva\/?post_type=tribe_events&#038;p=3567"},"modified":"2023-05-24T23:54:50","modified_gmt":"2023-05-24T23:54:50","slug":"atch-cuentos-23-06-03","status":"publish","type":"tribe_events","link":"https:\/\/tlatelolcounam.mx\/uva\/event\/atch-cuentos-23-06-03\/","title":{"rendered":"\ud83d\udde3\ufe0f\ud83d\udcd6\u00a1AQU\u00cd T\u00da CUENTAS HISTORIAS!: Tambi\u00e9n los animales cuentan"},"content":{"rendered":"<p>\u00a1Funci\u00f3n presencial de cuentacuentos con<strong> Lidia Zaragoza<\/strong>!\ud83d\ude0e<\/p>\n<p>Disfruta de esta divertida funci\u00f3n de cuentos y descubre al perro que no sabe ladrar, Pepe zarig\u00fceya, el mono lavandera&#8230;\u00a1Ellos tambi\u00e9n tienen mucho que contar!<\/p>\n<p>&#8220;\u00a1Aqu\u00ed t\u00fa cuentas historias!&#8221; es un programa de Universo de Letras (Literatura UNAM).<\/p>\n","protected":false},"excerpt":{"rendered":"<p>\u00a1Funci\u00f3n presencial de cuentacuentos con Lidia Zaragoza!\ud83d\ude0e Disfruta de esta divertida funci\u00f3n de cuentos y descubre al perro que no&nbsp;<a href=\"https:\/\/tlatelolcounam.mx\/uva\/event\/atch-cuentos-23-06-03\/\">&hellip;<\/a><\/p>\n","protected":false},"author":2,"featured_media":3539,"template":"","meta":{"_tribe_events_status":"","_tribe_events_status_reason":"","footnotes":""},"tags":[74,42,48],"tribe_events_cat":[39],"class_list":["post-3567","tribe_events","type-tribe_events","status-publish","has-post-thumbnail","hentry","tag-aqui-tu-cuentas-historias","tag-cartelera","tag-crecer-entre-libros","tribe_events_cat-cartelera","cat_cartelera","odd"],"_links":{"self":[{"href":"https:\/\/tlatelolcounam.mx\/uva\/wp-json\/wp\/v2\/tribe_events\/3567","targetHints":{"allow":["GET"]}}],"collection":[{"href":"https:\/\/tlatelolcounam.mx\/uva\/wp-json\/wp\/v2\/tribe_events"}],"about":[{"href":"https:\/\/tlatelolcounam.mx\/uva\/wp-json\/wp\/v2\/types\/tribe_events"}],"author":[{"embeddable":true,"href":"https:\/\/tlatelolcounam.mx\/uva\/wp-json\/wp\/v2\/users\/2"}],"version-history":[{"count":1,"href":"https:\/\/tlatelolcounam.mx\/uva\/wp-json\/wp\/v2\/tribe_events\/3567\/revisions"}],"predecessor-version":[{"id":3568,"href":"https:\/\/tlatelolcounam.mx\/uva\/wp-json\/wp\/v2\/tribe_events\/3567\/revisions\/3568"}],"wp:featuredmedia":[{"embeddable":true,"href":"https:\/\/tlatelolcounam.mx\/uva\/wp-json\/wp\/v2\/media\/3539"}],"wp:attachment":[{"href":"https:\/\/tlatelolcounam.mx\/uva\/wp-json\/wp\/v2\/media?parent=3567"}],"wp:term":[{"taxonomy":"post_tag","embeddable":true,"href":"https:\/\/tlatelolcounam.mx\/uva\/wp-json\/wp\/v2\/tags?post=3567"},{"taxonomy":"tribe_events_cat","embeddable":true,"href":"https:\/\/tlatelolcounam.mx\/uva\/wp-json\/wp\/v2\/tribe_events_cat?post=3567"}],"curies":[{"name":"wp","href":"https:\/\/api.w.org\/{rel}","templated":true}]}}

🗣️📖¡AQUÍ TÚ CUENTAS HISTORIAS!: También los animales cuentan

<p>¡Función presencial de cuentacuentos con<strong> Lidia Zaragoza</strong>!😎</p>
<p>Disfruta de esta divertida función de cuentos y descubre al perro que no sabe ladrar, Pepe zarigüeya, el mono lavandera&#8230;¡Ellos también tienen mucho que contar!</p>
<p>&#8220;¡Aquí tú cuentas historias!&#8221; es un programa de Universo de Letras (Literatura UNAM).</p>

<p>¡Función presencial de cuentacuentos con Lidia Zaragoza!😎 Disfruta de esta divertida función de cuentos y descubre al perro que no&nbsp;<a href="https://tlatelolcounam.mx/uva/event/atch-cuentos-23-06-03/">&hellip;</a></p>
