{"id":3563,"date":"2023-05-24T23:47:18","date_gmt":"2023-05-24T23:47:18","guid":{"rendered":"https:\/\/tlatelolcounam.mx\/uva\/?post_type=tribe_events&#038;p=3563"},"modified":"2023-05-24T23:47:18","modified_gmt":"2023-05-24T23:47:18","slug":"atch-cuentos-23-06-01","status":"publish","type":"tribe_events","link":"https:\/\/tlatelolcounam.mx\/uva\/event\/atch-cuentos-23-06-01\/","title":{"rendered":"\ud83d\udde3\ufe0f\ud83d\udcd6\u00a1AQU\u00cd T\u00da CUENTAS HISTORIAS!: Cuentos para florecer"},"content":{"rendered":"<p>\u00a1Funci\u00f3n presencial de cuentacuentos con<strong> Ixchel Sep\u00falveda<\/strong>!\ud83d\ude0e<\/p>\n<p>&#8220;Unos cuentos, flores y muchos colores&#8221;. Con melod\u00edas de ukulele y risas a montones, acomp\u00e1\u00f1ame a disfrutar de la vida con historias de personajes que nos recuerdan la importancia de vivir, agradecer, re\u00edr as\u00ed sin penas&#8221;.<\/p>\n<p>&#8220;\u00a1Aqu\u00ed t\u00fa cuentas historias!&#8221; es un programa de Universo de Letras (Literatura UNAM).<\/p>\n","protected":false},"excerpt":{"rendered":"<p>\u00a1Funci\u00f3n presencial de cuentacuentos con Ixchel Sep\u00falveda!\ud83d\ude0e &#8220;Unos cuentos, flores y muchos colores&#8221;. Con melod\u00edas de ukulele y risas a&nbsp;<a href=\"https:\/\/tlatelolcounam.mx\/uva\/event\/atch-cuentos-23-06-01\/\">&hellip;<\/a><\/p>\n","protected":false},"author":2,"featured_media":3540,"template":"","meta":{"_tribe_events_status":"","_tribe_events_status_reason":"","footnotes":""},"tags":[74,42,48],"tribe_events_cat":[39],"class_list":["post-3563","tribe_events","type-tribe_events","status-publish","has-post-thumbnail","hentry","tag-aqui-tu-cuentas-historias","tag-cartelera","tag-crecer-entre-libros","tribe_events_cat-cartelera","cat_cartelera","odd"],"_links":{"self":[{"href":"https:\/\/tlatelolcounam.mx\/uva\/wp-json\/wp\/v2\/tribe_events\/3563","targetHints":{"allow":["GET"]}}],"collection":[{"href":"https:\/\/tlatelolcounam.mx\/uva\/wp-json\/wp\/v2\/tribe_events"}],"about":[{"href":"https:\/\/tlatelolcounam.mx\/uva\/wp-json\/wp\/v2\/types\/tribe_events"}],"author":[{"embeddable":true,"href":"https:\/\/tlatelolcounam.mx\/uva\/wp-json\/wp\/v2\/users\/2"}],"version-history":[{"count":1,"href":"https:\/\/tlatelolcounam.mx\/uva\/wp-json\/wp\/v2\/tribe_events\/3563\/revisions"}],"predecessor-version":[{"id":3564,"href":"https:\/\/tlatelolcounam.mx\/uva\/wp-json\/wp\/v2\/tribe_events\/3563\/revisions\/3564"}],"wp:featuredmedia":[{"embeddable":true,"href":"https:\/\/tlatelolcounam.mx\/uva\/wp-json\/wp\/v2\/media\/3540"}],"wp:attachment":[{"href":"https:\/\/tlatelolcounam.mx\/uva\/wp-json\/wp\/v2\/media?parent=3563"}],"wp:term":[{"taxonomy":"post_tag","embeddable":true,"href":"https:\/\/tlatelolcounam.mx\/uva\/wp-json\/wp\/v2\/tags?post=3563"},{"taxonomy":"tribe_events_cat","embeddable":true,"href":"https:\/\/tlatelolcounam.mx\/uva\/wp-json\/wp\/v2\/tribe_events_cat?post=3563"}],"curies":[{"name":"wp","href":"https:\/\/api.w.org\/{rel}","templated":true}]}}

🗣️📖¡AQUÍ TÚ CUENTAS HISTORIAS!: Cuentos para florecer

<p>¡Función presencial de cuentacuentos con<strong> Ixchel Sepúlveda</strong>!😎</p>
<p>&#8220;Unos cuentos, flores y muchos colores&#8221;. Con melodías de ukulele y risas a montones, acompáñame a disfrutar de la vida con historias de personajes que nos recuerdan la importancia de vivir, agradecer, reír así sin penas&#8221;.</p>
<p>&#8220;¡Aquí tú cuentas historias!&#8221; es un programa de Universo de Letras (Literatura UNAM).</p>

<p>¡Función presencial de cuentacuentos con Ixchel Sepúlveda!😎 &#8220;Unos cuentos, flores y muchos colores&#8221;. Con melodías de ukulele y risas a&nbsp;<a href="https://tlatelolcounam.mx/uva/event/atch-cuentos-23-06-01/">&hellip;</a></p>
