{"id":3560,"date":"2023-05-24T23:42:47","date_gmt":"2023-05-24T23:42:47","guid":{"rendered":"https:\/\/tlatelolcounam.mx\/uva\/?post_type=tribe_events&#038;p=3560"},"modified":"2023-05-24T23:42:47","modified_gmt":"2023-05-24T23:42:47","slug":"mirar-libritos-23-06-01","status":"publish","type":"tribe_events","link":"https:\/\/tlatelolcounam.mx\/uva\/event\/mirar-libritos-23-06-01\/","title":{"rendered":"\ud83d\udc40\ud83d\udcda MIRAR LIBRITOS: \u00a1Fotolibros!"},"content":{"rendered":"<p>Sabemos sobre libros ilustrados, pero \u00bfc\u00f3mo se narra desde la fotograf\u00eda? \u00bfC\u00f3mo incorporamos la fotograf\u00eda a nuestros acervos? Con la gu\u00eda de la inigualable Carola Diez e invitadxs especiales, compartamos y exploremos lecturas de diferentes or\u00edgenes para ni\u00f1xs y j\u00f3venes; qu\u00e9 nos provocan, qu\u00e9 les han hecho a las personas a nuestro alrededor y qu\u00e9 podr\u00eda hacerse con ellos en otros contextos.<\/p>\n","protected":false},"excerpt":{"rendered":"<p>Sabemos sobre libros ilustrados, pero \u00bfc\u00f3mo se narra desde la fotograf\u00eda? \u00bfC\u00f3mo incorporamos la fotograf\u00eda a nuestros acervos? Con la&nbsp;<a href=\"https:\/\/tlatelolcounam.mx\/uva\/event\/mirar-libritos-23-06-01\/\">&hellip;<\/a><\/p>\n","protected":false},"author":2,"featured_media":3543,"template":"","meta":{"_tribe_events_status":"","_tribe_events_status_reason":"","footnotes":""},"tags":[57,42,75],"tribe_events_cat":[39],"class_list":["post-3560","tribe_events","type-tribe_events","status-publish","has-post-thumbnail","hentry","tag-bibliotecas-y-cultura-de-paz","tag-cartelera","tag-mirar-libritos","tribe_events_cat-cartelera","cat_cartelera","odd"],"_links":{"self":[{"href":"https:\/\/tlatelolcounam.mx\/uva\/wp-json\/wp\/v2\/tribe_events\/3560","targetHints":{"allow":["GET"]}}],"collection":[{"href":"https:\/\/tlatelolcounam.mx\/uva\/wp-json\/wp\/v2\/tribe_events"}],"about":[{"href":"https:\/\/tlatelolcounam.mx\/uva\/wp-json\/wp\/v2\/types\/tribe_events"}],"author":[{"embeddable":true,"href":"https:\/\/tlatelolcounam.mx\/uva\/wp-json\/wp\/v2\/users\/2"}],"version-history":[{"count":2,"href":"https:\/\/tlatelolcounam.mx\/uva\/wp-json\/wp\/v2\/tribe_events\/3560\/revisions"}],"predecessor-version":[{"id":3562,"href":"https:\/\/tlatelolcounam.mx\/uva\/wp-json\/wp\/v2\/tribe_events\/3560\/revisions\/3562"}],"wp:featuredmedia":[{"embeddable":true,"href":"https:\/\/tlatelolcounam.mx\/uva\/wp-json\/wp\/v2\/media\/3543"}],"wp:attachment":[{"href":"https:\/\/tlatelolcounam.mx\/uva\/wp-json\/wp\/v2\/media?parent=3560"}],"wp:term":[{"taxonomy":"post_tag","embeddable":true,"href":"https:\/\/tlatelolcounam.mx\/uva\/wp-json\/wp\/v2\/tags?post=3560"},{"taxonomy":"tribe_events_cat","embeddable":true,"href":"https:\/\/tlatelolcounam.mx\/uva\/wp-json\/wp\/v2\/tribe_events_cat?post=3560"}],"curies":[{"name":"wp","href":"https:\/\/api.w.org\/{rel}","templated":true}]}}

<p>Sabemos sobre libros ilustrados, pero ¿cómo se narra desde la fotografía? ¿Cómo incorporamos la fotografía a nuestros acervos? Con la guía de la inigualable Carola Diez e invitadxs especiales, compartamos y exploremos lecturas de diferentes orígenes para niñxs y jóvenes; qué nos provocan, qué les han hecho a las personas a nuestro alrededor y qué podría hacerse con ellos en otros contextos.</p>

<p>Sabemos sobre libros ilustrados, pero ¿cómo se narra desde la fotografía? ¿Cómo incorporamos la fotografía a nuestros acervos? Con la&nbsp;<a href="https://tlatelolcounam.mx/uva/event/mirar-libritos-23-06-01/">&hellip;</a></p>
