{"id":3503,"date":"2023-05-09T00:10:28","date_gmt":"2023-05-09T00:10:28","guid":{"rendered":"https:\/\/tlatelolcounam.mx\/uva\/?post_type=tribe_events&#038;p=3503"},"modified":"2023-05-09T00:10:28","modified_gmt":"2023-05-09T00:10:28","slug":"cineclub-23-06-01","status":"publish","type":"tribe_events","link":"https:\/\/tlatelolcounam.mx\/uva\/event\/cineclub-23-06-01\/","title":{"rendered":"\ud83d\udcfd\ufe0f\ud83c\udf9e\ufe0f\ud83d\udcda CINECLUB EN LA ALA\u00cdDE FOPPA: FASCISMO ORDINARIO. Sesi\u00f3n 2 (Discusi\u00f3n)"},"content":{"rendered":"<p><span style=\"font-weight: 400;\">Foppa Cinema es un cineclub de la Biblioteca Ala\u00edde Foppa de la Unidad de Vinculaci\u00f3n Art\u00edstica orientado hacia los Derechos Humanos desde diferentes perspectivas durante todo el Ciclo 25. A partir de largometrajes de dominio p\u00fablico, se pretende incentivar el cuestionamiento cr\u00edtico y diluir puntos de vista maniqueos.<\/span><\/p>\n<p>Este espacio tiene por objetivos:<\/p>\n<ul>\n<li style=\"font-weight: 400;\" aria-checked=\"false\" aria-level=\"1\"><span style=\"font-weight: 400;\">Ofrecer t\u00edtulos poco conocidos que presentan propuestas complejas y esperanzadoras o problematizadoras.<\/span><\/li>\n<li style=\"font-weight: 400;\" aria-checked=\"false\" aria-level=\"1\"><span style=\"font-weight: 400;\">Construir un espacio de discusi\u00f3n plural y respetuoso de la dignidad de las personas.<\/span><\/li>\n<li style=\"font-weight: 400;\" aria-checked=\"false\" aria-level=\"1\"><span style=\"font-weight: 400;\">Promover el cine como material de lectura v\u00e1lido y necesario en nuestra comunidad.<\/span><\/li>\n<li style=\"font-weight: 400;\" aria-checked=\"false\" aria-level=\"1\"><span style=\"font-weight: 400;\">Visibilizar y valorar los materiales de dominio p\u00fablico.<\/span><\/li>\n<\/ul>\n<p style=\"text-align: center;\"><strong>FUNCI\u00d3N DEL D\u00cdA:<\/strong><\/p>\n<p><b>FASCISMO ORDINARIO <\/b><span style=\"font-weight: 400;\">(Proyecci\u00f3n:\u00a0 31 de mayo | Discusi\u00f3n: 7 junio)<span style=\"color: #ff0000;\"><strong> \u00a1AVISO: CONTENIDO SENSIBLE!<\/strong><\/span><\/span><\/p>\n<p><i><span style=\"font-weight: 400;\">(Obyknovennyy fashizm). URSS<\/span><\/i><span style=\"font-weight: 400;\">, 1965. | Director: Mikhail Romm | R (P\u00fablico maduro) | Documental\/Hist\u00f3rico\/Pol\u00edtico. Duraci\u00f3n: 138 minutos.<\/span><\/p>\n<p><span style=\"font-weight: 400;\">RESUMEN:<\/span><i><span style=\"font-weight: 400;\"> Se presenta como un documento hist\u00f3rico dividido en una serie de cap\u00edtulos, en los cuales se analiza el surgimiento del fascismo en Alemania como consecuencia de la gran crisis del capitalismo a finales de los a\u00f1os 20 y el auge del nazismo apoyado por el capital financiero alem\u00e1n. Usando materiales f\u00edlmicos provenientes de los archivos nazis, Mikhail Romm, disc\u00edpulo de Eisenstein, analiza mediante en un relato ameno e impactante, y muy ir\u00f3nico, el car\u00e1cter populista del fascismo y el efecto de la propaganda en la psicolog\u00eda de masas, que lleg\u00f3 a extremos tales de hacer del ser humano simples m\u00e1quinas de matar.<\/span><\/i><\/p>\n","protected":false},"excerpt":{"rendered":"<p>Foppa Cinema es un cineclub de la Biblioteca Ala\u00edde Foppa de la Unidad de Vinculaci\u00f3n Art\u00edstica orientado hacia los Derechos&nbsp;<a href=\"https:\/\/tlatelolcounam.mx\/uva\/event\/cineclub-23-06-01\/\">&hellip;<\/a><\/p>\n","protected":false},"author":2,"featured_media":3381,"template":"","meta":{"_tribe_events_status":"","_tribe_events_status_reason":"","footnotes":""},"tags":[42,71,73,72],"tribe_events_cat":[39],"class_list":["post-3503","tribe_events","type-tribe_events","status-publish","has-post-thumbnail","hentry","tag-cartelera","tag-cine","tag-cineclub","tag-tertulias-bibliocomunitarias","tribe_events_cat-cartelera","cat_cartelera","odd"],"_links":{"self":[{"href":"https:\/\/tlatelolcounam.mx\/uva\/wp-json\/wp\/v2\/tribe_events\/3503","targetHints":{"allow":["GET"]}}],"collection":[{"href":"https:\/\/tlatelolcounam.mx\/uva\/wp-json\/wp\/v2\/tribe_events"}],"about":[{"href":"https:\/\/tlatelolcounam.mx\/uva\/wp-json\/wp\/v2\/types\/tribe_events"}],"author":[{"embeddable":true,"href":"https:\/\/tlatelolcounam.mx\/uva\/wp-json\/wp\/v2\/users\/2"}],"version-history":[{"count":1,"href":"https:\/\/tlatelolcounam.mx\/uva\/wp-json\/wp\/v2\/tribe_events\/3503\/revisions"}],"predecessor-version":[{"id":3504,"href":"https:\/\/tlatelolcounam.mx\/uva\/wp-json\/wp\/v2\/tribe_events\/3503\/revisions\/3504"}],"wp:featuredmedia":[{"embeddable":true,"href":"https:\/\/tlatelolcounam.mx\/uva\/wp-json\/wp\/v2\/media\/3381"}],"wp:attachment":[{"href":"https:\/\/tlatelolcounam.mx\/uva\/wp-json\/wp\/v2\/media?parent=3503"}],"wp:term":[{"taxonomy":"post_tag","embeddable":true,"href":"https:\/\/tlatelolcounam.mx\/uva\/wp-json\/wp\/v2\/tags?post=3503"},{"taxonomy":"tribe_events_cat","embeddable":true,"href":"https:\/\/tlatelolcounam.mx\/uva\/wp-json\/wp\/v2\/tribe_events_cat?post=3503"}],"curies":[{"name":"wp","href":"https:\/\/api.w.org\/{rel}","templated":true}]}}

📽️🎞️📚 CINECLUB EN LA ALAÍDE FOPPA: FASCISMO ORDINARIO. Sesión 2 (Discusión)

<p><span style="font-weight: 400;">Foppa Cinema es un cineclub de la Biblioteca Alaíde Foppa de la Unidad de Vinculación Artística orientado hacia los Derechos Humanos desde diferentes perspectivas durante todo el Ciclo 25. A partir de largometrajes de dominio público, se pretende incentivar el cuestionamiento crítico y diluir puntos de vista maniqueos.</span></p>
<p>Este espacio tiene por objetivos:</p>
<ul>
<li style="font-weight: 400;" aria-checked="false" aria-level="1"><span style="font-weight: 400;">Ofrecer títulos poco conocidos que presentan propuestas complejas y esperanzadoras o problematizadoras.</span></li>
<li style="font-weight: 400;" aria-checked="false" aria-level="1"><span style="font-weight: 400;">Construir un espacio de discusión plural y respetuoso de la dignidad de las personas.</span></li>
<li style="font-weight: 400;" aria-checked="false" aria-level="1"><span style="font-weight: 400;">Promover el cine como material de lectura válido y necesario en nuestra comunidad.</span></li>
<li style="font-weight: 400;" aria-checked="false" aria-level="1"><span style="font-weight: 400;">Visibilizar y valorar los materiales de dominio público.</span></li>
</ul>
<p style="text-align: center;"><strong>FUNCIÓN DEL DÍA:</strong></p>
<p><b>FASCISMO ORDINARIO </b><span style="font-weight: 400;">(Proyección:  31 de mayo | Discusión: 7 junio)<span style="color: #ff0000;"><strong> ¡AVISO: CONTENIDO SENSIBLE!</strong></span></span></p>
<p><i><span style="font-weight: 400;">(Obyknovennyy fashizm). URSS</span></i><span style="font-weight: 400;">, 1965. | Director: Mikhail Romm | R (Público maduro) | Documental/Histórico/Político. Duración: 138 minutos.</span></p>
<p><span style="font-weight: 400;">RESUMEN:</span><i><span style="font-weight: 400;"> Se presenta como un documento histórico dividido en una serie de capítulos, en los cuales se analiza el surgimiento del fascismo en Alemania como consecuencia de la gran crisis del capitalismo a finales de los años 20 y el auge del nazismo apoyado por el capital financiero alemán. Usando materiales fílmicos provenientes de los archivos nazis, Mikhail Romm, discípulo de Eisenstein, analiza mediante en un relato ameno e impactante, y muy irónico, el carácter populista del fascismo y el efecto de la propaganda en la psicología de masas, que llegó a extremos tales de hacer del ser humano simples máquinas de matar.</span></i></p>

<p>Foppa Cinema es un cineclub de la Biblioteca Alaíde Foppa de la Unidad de Vinculación Artística orientado hacia los Derechos&nbsp;<a href="https://tlatelolcounam.mx/uva/event/cineclub-23-06-01/">&hellip;</a></p>
