{"id":3488,"date":"2023-05-08T23:55:51","date_gmt":"2023-05-08T23:55:51","guid":{"rendered":"https:\/\/tlatelolcounam.mx\/uva\/?post_type=tribe_events&#038;p=3488"},"modified":"2023-05-08T23:55:51","modified_gmt":"2023-05-08T23:55:51","slug":"kpop-stories-23-05-01","status":"publish","type":"tribe_events","link":"https:\/\/tlatelolcounam.mx\/uva\/event\/kpop-stories-23-05-01\/","title":{"rendered":"\ud83d\udc69\ud83c\udffb\u200d\ud83c\udfa4 \ud83c\udf99\ufe0f\ud83c\udfb6\ud83d\udcdaK-POP STORIES: BTS. Su lugar en la historia del K-Pop"},"content":{"rendered":"<p>Se dice mucho sobre BTS. El lugar que tiene en el coraz\u00f3n de las comunidades K-Popers es variable y despierta pasiones muy intensas; sin embargo, consideramos que es momento de tener un di\u00e1logo abierto y respetuoso sobre el innegable lugar que ocupa en la historia en relaci\u00f3n con sus predecesores, contempor\u00e1neos y sucesores.<\/p>\n<p><span style=\"font-weight: 400;\"> \u00a1\u00danete a nuestro Discord: https:\/\/discord.gg\/uTcWU6SKu6!<\/span><\/p>\n","protected":false},"excerpt":{"rendered":"<p>Se dice mucho sobre BTS. El lugar que tiene en el coraz\u00f3n de las comunidades K-Popers es variable y despierta&nbsp;<a href=\"https:\/\/tlatelolcounam.mx\/uva\/event\/kpop-stories-23-05-01\/\">&hellip;<\/a><\/p>\n","protected":false},"author":2,"featured_media":3449,"template":"","meta":{"_tribe_events_status":"","_tribe_events_status_reason":"","footnotes":""},"tags":[42,54,49,50],"tribe_events_cat":[39],"class_list":["post-3488","tribe_events","type-tribe_events","status-publish","has-post-thumbnail","hentry","tag-cartelera","tag-jovenes","tag-k-pop-stories","tag-tertulias-bibliomusicales","tribe_events_cat-cartelera","cat_cartelera","odd"],"_links":{"self":[{"href":"https:\/\/tlatelolcounam.mx\/uva\/wp-json\/wp\/v2\/tribe_events\/3488","targetHints":{"allow":["GET"]}}],"collection":[{"href":"https:\/\/tlatelolcounam.mx\/uva\/wp-json\/wp\/v2\/tribe_events"}],"about":[{"href":"https:\/\/tlatelolcounam.mx\/uva\/wp-json\/wp\/v2\/types\/tribe_events"}],"author":[{"embeddable":true,"href":"https:\/\/tlatelolcounam.mx\/uva\/wp-json\/wp\/v2\/users\/2"}],"version-history":[{"count":1,"href":"https:\/\/tlatelolcounam.mx\/uva\/wp-json\/wp\/v2\/tribe_events\/3488\/revisions"}],"predecessor-version":[{"id":3489,"href":"https:\/\/tlatelolcounam.mx\/uva\/wp-json\/wp\/v2\/tribe_events\/3488\/revisions\/3489"}],"wp:featuredmedia":[{"embeddable":true,"href":"https:\/\/tlatelolcounam.mx\/uva\/wp-json\/wp\/v2\/media\/3449"}],"wp:attachment":[{"href":"https:\/\/tlatelolcounam.mx\/uva\/wp-json\/wp\/v2\/media?parent=3488"}],"wp:term":[{"taxonomy":"post_tag","embeddable":true,"href":"https:\/\/tlatelolcounam.mx\/uva\/wp-json\/wp\/v2\/tags?post=3488"},{"taxonomy":"tribe_events_cat","embeddable":true,"href":"https:\/\/tlatelolcounam.mx\/uva\/wp-json\/wp\/v2\/tribe_events_cat?post=3488"}],"curies":[{"name":"wp","href":"https:\/\/api.w.org\/{rel}","templated":true}]}}

<p>Se dice mucho sobre BTS. El lugar que tiene en el corazón de las comunidades K-Popers es variable y despierta pasiones muy intensas; sin embargo, consideramos que es momento de tener un diálogo abierto y respetuoso sobre el innegable lugar que ocupa en la historia en relación con sus predecesores, contemporáneos y sucesores.</p>
<p><span style="font-weight: 400;"> ¡Únete a nuestro Discord: https://discord.gg/uTcWU6SKu6!</span></p>

<p>Se dice mucho sobre BTS. El lugar que tiene en el corazón de las comunidades K-Popers es variable y despierta&nbsp;<a href="https://tlatelolcounam.mx/uva/event/kpop-stories-23-05-01/">&hellip;</a></p>
