{"id":3486,"date":"2023-05-08T23:53:26","date_gmt":"2023-05-08T23:53:26","guid":{"rendered":"https:\/\/tlatelolcounam.mx\/uva\/?post_type=tribe_events&#038;p=3486"},"modified":"2023-05-08T23:53:26","modified_gmt":"2023-05-08T23:53:26","slug":"atch-cuentos-23-05-04","status":"publish","type":"tribe_events","link":"https:\/\/tlatelolcounam.mx\/uva\/event\/atch-cuentos-23-05-04\/","title":{"rendered":"\ud83d\udde3\ufe0f\ud83d\udcd6\u00a1AQU\u00cd T\u00da CUENTAS HISTORIAS!: La triste historia de amor de Quetzalc\u00f3atl y Mayahuel"},"content":{"rendered":"<p>\u00a1Funci\u00f3n presencial de cuentacuentos con <strong>Alma Rosa Rivera<\/strong>!\ud83d\ude0e<\/p>\n<p>Espect\u00e1culo de narraci\u00f3n oral esc\u00e9nica integrado por Leyendas del M\u00e9xico antiguo en las que conoceremos mitos y leyendas para explicarnos el origen de los seres y las cosas, tales como el conejo en la luna, el ma\u00edz y la historia del pulque.<\/p>\n<p>&#8220;\u00a1Aqu\u00ed t\u00fa cuentas historias!&#8221; es un programa de Universo de Letras (Literatura UNAM).<\/p>\n","protected":false},"excerpt":{"rendered":"<p>\u00a1Funci\u00f3n presencial de cuentacuentos con Alma Rosa Rivera!\ud83d\ude0e Espect\u00e1culo de narraci\u00f3n oral esc\u00e9nica integrado por Leyendas del M\u00e9xico antiguo en&nbsp;<a href=\"https:\/\/tlatelolcounam.mx\/uva\/event\/atch-cuentos-23-05-04\/\">&hellip;<\/a><\/p>\n","protected":false},"author":2,"featured_media":3476,"template":"","meta":{"_tribe_events_status":"","_tribe_events_status_reason":"","footnotes":""},"tags":[74,42,48],"tribe_events_cat":[39],"class_list":["post-3486","tribe_events","type-tribe_events","status-publish","has-post-thumbnail","hentry","tag-aqui-tu-cuentas-historias","tag-cartelera","tag-crecer-entre-libros","tribe_events_cat-cartelera","cat_cartelera","odd"],"_links":{"self":[{"href":"https:\/\/tlatelolcounam.mx\/uva\/wp-json\/wp\/v2\/tribe_events\/3486","targetHints":{"allow":["GET"]}}],"collection":[{"href":"https:\/\/tlatelolcounam.mx\/uva\/wp-json\/wp\/v2\/tribe_events"}],"about":[{"href":"https:\/\/tlatelolcounam.mx\/uva\/wp-json\/wp\/v2\/types\/tribe_events"}],"author":[{"embeddable":true,"href":"https:\/\/tlatelolcounam.mx\/uva\/wp-json\/wp\/v2\/users\/2"}],"version-history":[{"count":1,"href":"https:\/\/tlatelolcounam.mx\/uva\/wp-json\/wp\/v2\/tribe_events\/3486\/revisions"}],"predecessor-version":[{"id":3487,"href":"https:\/\/tlatelolcounam.mx\/uva\/wp-json\/wp\/v2\/tribe_events\/3486\/revisions\/3487"}],"wp:featuredmedia":[{"embeddable":true,"href":"https:\/\/tlatelolcounam.mx\/uva\/wp-json\/wp\/v2\/media\/3476"}],"wp:attachment":[{"href":"https:\/\/tlatelolcounam.mx\/uva\/wp-json\/wp\/v2\/media?parent=3486"}],"wp:term":[{"taxonomy":"post_tag","embeddable":true,"href":"https:\/\/tlatelolcounam.mx\/uva\/wp-json\/wp\/v2\/tags?post=3486"},{"taxonomy":"tribe_events_cat","embeddable":true,"href":"https:\/\/tlatelolcounam.mx\/uva\/wp-json\/wp\/v2\/tribe_events_cat?post=3486"}],"curies":[{"name":"wp","href":"https:\/\/api.w.org\/{rel}","templated":true}]}}

🗣️📖¡AQUÍ TÚ CUENTAS HISTORIAS!: La triste historia de amor de Quetzalcóatl y Mayahuel

<p>¡Función presencial de cuentacuentos con <strong>Alma Rosa Rivera</strong>!😎</p>
<p>Espectáculo de narración oral escénica integrado por Leyendas del México antiguo en las que conoceremos mitos y leyendas para explicarnos el origen de los seres y las cosas, tales como el conejo en la luna, el maíz y la historia del pulque.</p>
<p>&#8220;¡Aquí tú cuentas historias!&#8221; es un programa de Universo de Letras (Literatura UNAM).</p>

<p>¡Función presencial de cuentacuentos con Alma Rosa Rivera!😎 Espectáculo de narración oral escénica integrado por Leyendas del México antiguo en&nbsp;<a href="https://tlatelolcounam.mx/uva/event/atch-cuentos-23-05-04/">&hellip;</a></p>
