{"id":3475,"date":"2023-05-08T23:48:25","date_gmt":"2023-05-08T23:48:25","guid":{"rendered":"https:\/\/tlatelolcounam.mx\/uva\/?post_type=tribe_events&#038;p=3475"},"modified":"2023-05-08T23:50:22","modified_gmt":"2023-05-08T23:50:22","slug":"atch-cuentos-23-05-01","status":"publish","type":"tribe_events","link":"https:\/\/tlatelolcounam.mx\/uva\/event\/atch-cuentos-23-05-01\/","title":{"rendered":"\ud83d\udde3\ufe0f\ud83d\udcd6\u00a1AQU\u00cd T\u00da CUENTAS HISTORIAS!: 1 2 3&#8230; \u00a1Qu\u00e9 ch\u00e9vere cuento!"},"content":{"rendered":"<p>\u00a1Funci\u00f3n presencial de cuentacuentos con <b>Osvaldo P\u00e9rez<\/b>!\ud83d\ude0e<\/p>\n<p>Espect\u00e1culo de historias para la familia en general, cuentos de la literatura y de la vida, mezclado con una dosis de juegos y canto. Una fiesta de la palabra que invita a la fantas\u00eda y al goce de la palabra. Un encuentro de cuentos y m\u00fasica, un arco\u00edris de sue\u00f1os. Desde Cuba para M\u00e9xico.<\/p>\n<p>&#8220;\u00a1Aqu\u00ed t\u00fa cuentas historias!&#8221; es un programa de Universo de Letras (Literatura UNAM).<\/p>\n","protected":false},"excerpt":{"rendered":"<p>\u00a1Funci\u00f3n presencial de cuentacuentos con Osvaldo P\u00e9rez!\ud83d\ude0e Espect\u00e1culo de historias para la familia en general, cuentos de la literatura y&nbsp;<a href=\"https:\/\/tlatelolcounam.mx\/uva\/event\/atch-cuentos-23-05-01\/\">&hellip;<\/a><\/p>\n","protected":false},"author":2,"featured_media":3479,"template":"","meta":{"_tribe_events_status":"","_tribe_events_status_reason":"","footnotes":""},"tags":[74,42,48],"tribe_events_cat":[39],"class_list":["post-3475","tribe_events","type-tribe_events","status-publish","has-post-thumbnail","hentry","tag-aqui-tu-cuentas-historias","tag-cartelera","tag-crecer-entre-libros","tribe_events_cat-cartelera","cat_cartelera","odd"],"_links":{"self":[{"href":"https:\/\/tlatelolcounam.mx\/uva\/wp-json\/wp\/v2\/tribe_events\/3475","targetHints":{"allow":["GET"]}}],"collection":[{"href":"https:\/\/tlatelolcounam.mx\/uva\/wp-json\/wp\/v2\/tribe_events"}],"about":[{"href":"https:\/\/tlatelolcounam.mx\/uva\/wp-json\/wp\/v2\/types\/tribe_events"}],"author":[{"embeddable":true,"href":"https:\/\/tlatelolcounam.mx\/uva\/wp-json\/wp\/v2\/users\/2"}],"version-history":[{"count":2,"href":"https:\/\/tlatelolcounam.mx\/uva\/wp-json\/wp\/v2\/tribe_events\/3475\/revisions"}],"predecessor-version":[{"id":3483,"href":"https:\/\/tlatelolcounam.mx\/uva\/wp-json\/wp\/v2\/tribe_events\/3475\/revisions\/3483"}],"wp:featuredmedia":[{"embeddable":true,"href":"https:\/\/tlatelolcounam.mx\/uva\/wp-json\/wp\/v2\/media\/3479"}],"wp:attachment":[{"href":"https:\/\/tlatelolcounam.mx\/uva\/wp-json\/wp\/v2\/media?parent=3475"}],"wp:term":[{"taxonomy":"post_tag","embeddable":true,"href":"https:\/\/tlatelolcounam.mx\/uva\/wp-json\/wp\/v2\/tags?post=3475"},{"taxonomy":"tribe_events_cat","embeddable":true,"href":"https:\/\/tlatelolcounam.mx\/uva\/wp-json\/wp\/v2\/tribe_events_cat?post=3475"}],"curies":[{"name":"wp","href":"https:\/\/api.w.org\/{rel}","templated":true}]}}

🗣️📖¡AQUÍ TÚ CUENTAS HISTORIAS!: 1 2 3&#8230; ¡Qué chévere cuento!

<p>¡Función presencial de cuentacuentos con <b>Osvaldo Pérez</b>!😎</p>
<p>Espectáculo de historias para la familia en general, cuentos de la literatura y de la vida, mezclado con una dosis de juegos y canto. Una fiesta de la palabra que invita a la fantasía y al goce de la palabra. Un encuentro de cuentos y música, un arcoíris de sueños. Desde Cuba para México.</p>
<p>&#8220;¡Aquí tú cuentas historias!&#8221; es un programa de Universo de Letras (Literatura UNAM).</p>

<p>¡Función presencial de cuentacuentos con Osvaldo Pérez!😎 Espectáculo de historias para la familia en general, cuentos de la literatura y&nbsp;<a href="https://tlatelolcounam.mx/uva/event/atch-cuentos-23-05-01/">&hellip;</a></p>
