{"id":3435,"date":"2023-03-24T23:21:56","date_gmt":"2023-03-24T23:21:56","guid":{"rendered":"https:\/\/tlatelolcounam.mx\/uva\/?post_type=tribe_events&#038;p=3435"},"modified":"2023-03-25T16:43:40","modified_gmt":"2023-03-25T16:43:40","slug":"expo-miradas-que-cuentan-23-04-1","status":"publish","type":"tribe_events","link":"https:\/\/tlatelolcounam.mx\/uva\/event\/expo-miradas-que-cuentan-23-04-1\/","title":{"rendered":"EXPOSICI\u00d3N-TALLER LITERARIO: &#8220;Miradas que cuentan, cuentos que miran&#8221;"},"content":{"rendered":"<p><span style=\"font-weight: 400;\">\u00bfAlguna vez una obra de arte te ha provocado querer hacer tus propias historias, poemas o reflexiones? \u00bfHas escrito algo? \u00bfTe gustar\u00eda intentarlo?<\/span><\/p>\n<p><span style=\"font-weight: 400;\">\u00a1Te invitamos a visitar la exposici\u00f3n del artista pl\u00e1stico Dar\u00edo Carreto, ya sea de manera virtual o presencial, y que observes cada obra con absoluta libertad!<\/span><\/p>\n<p><span style=\"font-weight: 400;\">Quiz\u00e1s encuentres cosas que te gusten, que te den miedo, que te traigan recuerdos, que te parezcan graciosas, que te entristezcan\u2026 \u00a1vamos a escribirlo todo!<\/span><\/p>\n<p><span style=\"font-weight: 400;\">T\u00fa eliges si quieres escribir una historia, un poema, un ensayo, una carta, una entrada de diario, todo se vale; lo importante es que transmitas lo que piensas y sientes a partir de la obra de arte y nos lo compartas.<\/span><\/p>\n<p><span style=\"font-weight: 400;\">Al final del taller se har\u00e1 una selecci\u00f3n de los tres textos m\u00e1s destacados, los cuales se presentar\u00e1n en una ceremonia el d\u00eda 22 de abril en las instalaciones del CCU Tlatelolco en el marco de la Fiesta del Libro y la Rosa.\u00a0<\/span><\/p>\n<p><span style=\"font-weight: 400;\">\u00bfQu\u00e9 dices, te animas a participar?<\/span><\/p>\n<p>&nbsp;<\/p>\n<p><span style=\"font-weight: 400;\">En la virtualidad: <a href=\"https:\/\/universodeletras.unam.mx\/miradas-que-cuentan-cuentos-que-miran\/\">https:\/\/universodeletras.unam.mx\/miradas-que-cuentan-cuentos-que-miran\/<\/a><\/span><\/p>\n<p><span style=\"font-weight: 400;\">En el espacio f\u00edsico: Biblioteca Ala\u00edde Foppa de la Unidad de Vinculaci\u00f3n Art\u00edstica. De lunes a viernes, de 10 a 18 h y s\u00e1bados, de 10 a 14 h.Av. Ricardo Flores Mag\u00f3n 1, Guerrero, Cuauht\u00e9moc, Ciudad de M\u00e9xico, CDMX, C.P. 06900<\/span><\/p>\n<p>&nbsp;<\/p>\n<p>&nbsp;<\/p>\n","protected":false},"excerpt":{"rendered":"<p>\u00bfAlguna vez una obra de arte te ha provocado querer hacer tus propias historias, poemas o reflexiones? \u00bfHas escrito algo?&nbsp;<a href=\"https:\/\/tlatelolcounam.mx\/uva\/event\/expo-miradas-que-cuentan-23-04-1\/\">&hellip;<\/a><\/p>\n","protected":false},"author":2,"featured_media":3420,"template":"","meta":{"_tribe_events_status":"","_tribe_events_status_reason":"","footnotes":""},"tags":[66,42,48,47],"tribe_events_cat":[39],"class_list":["post-3435","tribe_events","type-tribe_events","status-publish","has-post-thumbnail","hentry","tag-bebes","tag-cartelera","tag-crecer-entre-libros","tag-libros-que-abrazan","tribe_events_cat-cartelera","cat_cartelera","odd"],"_links":{"self":[{"href":"https:\/\/tlatelolcounam.mx\/uva\/wp-json\/wp\/v2\/tribe_events\/3435","targetHints":{"allow":["GET"]}}],"collection":[{"href":"https:\/\/tlatelolcounam.mx\/uva\/wp-json\/wp\/v2\/tribe_events"}],"about":[{"href":"https:\/\/tlatelolcounam.mx\/uva\/wp-json\/wp\/v2\/types\/tribe_events"}],"author":[{"embeddable":true,"href":"https:\/\/tlatelolcounam.mx\/uva\/wp-json\/wp\/v2\/users\/2"}],"version-history":[{"count":3,"href":"https:\/\/tlatelolcounam.mx\/uva\/wp-json\/wp\/v2\/tribe_events\/3435\/revisions"}],"predecessor-version":[{"id":3438,"href":"https:\/\/tlatelolcounam.mx\/uva\/wp-json\/wp\/v2\/tribe_events\/3435\/revisions\/3438"}],"wp:featuredmedia":[{"embeddable":true,"href":"https:\/\/tlatelolcounam.mx\/uva\/wp-json\/wp\/v2\/media\/3420"}],"wp:attachment":[{"href":"https:\/\/tlatelolcounam.mx\/uva\/wp-json\/wp\/v2\/media?parent=3435"}],"wp:term":[{"taxonomy":"post_tag","embeddable":true,"href":"https:\/\/tlatelolcounam.mx\/uva\/wp-json\/wp\/v2\/tags?post=3435"},{"taxonomy":"tribe_events_cat","embeddable":true,"href":"https:\/\/tlatelolcounam.mx\/uva\/wp-json\/wp\/v2\/tribe_events_cat?post=3435"}],"curies":[{"name":"wp","href":"https:\/\/api.w.org\/{rel}","templated":true}]}}

EXPOSICIÓN-TALLER LITERARIO: &#8220;Miradas que cuentan, cuentos que miran&#8221;

<p><span style="font-weight: 400;">¿Alguna vez una obra de arte te ha provocado querer hacer tus propias historias, poemas o reflexiones? ¿Has escrito algo? ¿Te gustaría intentarlo?</span></p>
<p><span style="font-weight: 400;">¡Te invitamos a visitar la exposición del artista plástico Darío Carreto, ya sea de manera virtual o presencial, y que observes cada obra con absoluta libertad!</span></p>
<p><span style="font-weight: 400;">Quizás encuentres cosas que te gusten, que te den miedo, que te traigan recuerdos, que te parezcan graciosas, que te entristezcan… ¡vamos a escribirlo todo!</span></p>
<p><span style="font-weight: 400;">Tú eliges si quieres escribir una historia, un poema, un ensayo, una carta, una entrada de diario, todo se vale; lo importante es que transmitas lo que piensas y sientes a partir de la obra de arte y nos lo compartas.</span></p>
<p><span style="font-weight: 400;">Al final del taller se hará una selección de los tres textos más destacados, los cuales se presentarán en una ceremonia el día 22 de abril en las instalaciones del CCU Tlatelolco en el marco de la Fiesta del Libro y la Rosa. </span></p>
<p><span style="font-weight: 400;">¿Qué dices, te animas a participar?</span></p>
<p>&nbsp;</p>
<p><span style="font-weight: 400;">En la virtualidad: <a href="https://universodeletras.unam.mx/miradas-que-cuentan-cuentos-que-miran/">https://universodeletras.unam.mx/miradas-que-cuentan-cuentos-que-miran/</a></span></p>
<p><span style="font-weight: 400;">En el espacio físico: Biblioteca Alaíde Foppa de la Unidad de Vinculación Artística. De lunes a viernes, de 10 a 18 h y sábados, de 10 a 14 h.Av. Ricardo Flores Magón 1, Guerrero, Cuauhtémoc, Ciudad de México, CDMX, C.P. 06900</span></p>
<p>&nbsp;</p>
<p>&nbsp;</p>
