{"id":3433,"date":"2023-03-24T23:08:05","date_gmt":"2023-03-24T23:08:05","guid":{"rendered":"https:\/\/tlatelolcounam.mx\/uva\/?post_type=tribe_events&#038;p=3433"},"modified":"2023-03-24T23:08:05","modified_gmt":"2023-03-24T23:08:05","slug":"kpop-stories-23-04-01","status":"publish","type":"tribe_events","link":"https:\/\/tlatelolcounam.mx\/uva\/event\/kpop-stories-23-04-01\/","title":{"rendered":"\ud83d\udc69\ud83c\udffb\u200d\ud83c\udfa4 \ud83c\udf99\ufe0f\ud83c\udfb6\ud83d\udcdaK-POP STORIES + MIRAR LIBRITOS: \u00a1\u00c1lbumes!"},"content":{"rendered":"<p>\u00a1Dos gigantes se juntan por primera vez!<\/p>\n<p><span style=\"font-weight: 400;\">Los \u00e1lbumes de K-Pop, como los libros, tambi\u00e9n se leen. Por ello, en esta ocasi\u00f3n compartiremos nuestras preguntas, inquietudes y lecturas en torno a estos objetos, buscando establecer un di\u00e1logo intergeneracional entre fans y mediadorxs de lectura en torno al K-Pop y lo que representan los \u00e1lbumes f\u00edsicos. <\/span><\/p>\n<p><span style=\"font-weight: 400;\"> \u00a1\u00danete a nuestro Discord: https:\/\/discord.gg\/uTcWU6SKu6!<\/span><\/p>\n","protected":false},"excerpt":{"rendered":"<p>\u00a1Dos gigantes se juntan por primera vez! Los \u00e1lbumes de K-Pop, como los libros, tambi\u00e9n se leen. Por ello, en&nbsp;<a href=\"https:\/\/tlatelolcounam.mx\/uva\/event\/kpop-stories-23-04-01\/\">&hellip;<\/a><\/p>\n","protected":false},"author":2,"featured_media":3410,"template":"","meta":{"_tribe_events_status":"","_tribe_events_status_reason":"","footnotes":""},"tags":[42,54,49,50],"tribe_events_cat":[39],"class_list":["post-3433","tribe_events","type-tribe_events","status-publish","has-post-thumbnail","hentry","tag-cartelera","tag-jovenes","tag-k-pop-stories","tag-tertulias-bibliomusicales","tribe_events_cat-cartelera","cat_cartelera","odd"],"_links":{"self":[{"href":"https:\/\/tlatelolcounam.mx\/uva\/wp-json\/wp\/v2\/tribe_events\/3433","targetHints":{"allow":["GET"]}}],"collection":[{"href":"https:\/\/tlatelolcounam.mx\/uva\/wp-json\/wp\/v2\/tribe_events"}],"about":[{"href":"https:\/\/tlatelolcounam.mx\/uva\/wp-json\/wp\/v2\/types\/tribe_events"}],"author":[{"embeddable":true,"href":"https:\/\/tlatelolcounam.mx\/uva\/wp-json\/wp\/v2\/users\/2"}],"version-history":[{"count":1,"href":"https:\/\/tlatelolcounam.mx\/uva\/wp-json\/wp\/v2\/tribe_events\/3433\/revisions"}],"predecessor-version":[{"id":3434,"href":"https:\/\/tlatelolcounam.mx\/uva\/wp-json\/wp\/v2\/tribe_events\/3433\/revisions\/3434"}],"wp:featuredmedia":[{"embeddable":true,"href":"https:\/\/tlatelolcounam.mx\/uva\/wp-json\/wp\/v2\/media\/3410"}],"wp:attachment":[{"href":"https:\/\/tlatelolcounam.mx\/uva\/wp-json\/wp\/v2\/media?parent=3433"}],"wp:term":[{"taxonomy":"post_tag","embeddable":true,"href":"https:\/\/tlatelolcounam.mx\/uva\/wp-json\/wp\/v2\/tags?post=3433"},{"taxonomy":"tribe_events_cat","embeddable":true,"href":"https:\/\/tlatelolcounam.mx\/uva\/wp-json\/wp\/v2\/tribe_events_cat?post=3433"}],"curies":[{"name":"wp","href":"https:\/\/api.w.org\/{rel}","templated":true}]}}

👩🏻‍🎤 🎙️🎶📚K-POP STORIES + MIRAR LIBRITOS: ¡Álbumes!

<p>¡Dos gigantes se juntan por primera vez!</p>
<p><span style="font-weight: 400;">Los álbumes de K-Pop, como los libros, también se leen. Por ello, en esta ocasión compartiremos nuestras preguntas, inquietudes y lecturas en torno a estos objetos, buscando establecer un diálogo intergeneracional entre fans y mediadorxs de lectura en torno al K-Pop y lo que representan los álbumes físicos. </span></p>
<p><span style="font-weight: 400;"> ¡Únete a nuestro Discord: https://discord.gg/uTcWU6SKu6!</span></p>

<p>¡Dos gigantes se juntan por primera vez! Los álbumes de K-Pop, como los libros, también se leen. Por ello, en&nbsp;<a href="https://tlatelolcounam.mx/uva/event/kpop-stories-23-04-01/">&hellip;</a></p>
