{"id":3394,"date":"2023-02-27T22:58:17","date_gmt":"2023-02-27T22:58:17","guid":{"rendered":"https:\/\/tlatelolcounam.mx\/uva\/?post_type=tribe_events&#038;p=3394"},"modified":"2023-02-27T22:58:17","modified_gmt":"2023-02-27T22:58:17","slug":"atch-cuentos-23-03-01","status":"publish","type":"tribe_events","link":"https:\/\/tlatelolcounam.mx\/uva\/event\/atch-cuentos-23-03-01\/","title":{"rendered":"\ud83d\udde3\ufe0f\ud83d\udcd6\u00a1AQU\u00cd T\u00da CUENTAS HISTORIAS!: La cosa que m\u00e1s duele en el mundo"},"content":{"rendered":"<p>\u00a1Funci\u00f3n presencial de cuentacuentos con <b>Pina Pepina<\/b>!\ud83d\ude0e<\/p>\n<p>\u00bfQu\u00e9 es lo que m\u00e1s duele en el mundo? \u00bfUna ca\u00edda, un rasp\u00f3n, una mentira&#8230;?<\/p>\n<p>&#8220;\u00a1Aqu\u00ed t\u00fa cuentas historias!&#8221; es un programa de Universo de Letras (Literatura UNAM).<\/p>\n","protected":false},"excerpt":{"rendered":"<p>\u00a1Funci\u00f3n presencial de cuentacuentos con Pina Pepina!\ud83d\ude0e \u00bfQu\u00e9 es lo que m\u00e1s duele en el mundo? \u00bfUna ca\u00edda, un rasp\u00f3n,&nbsp;<a href=\"https:\/\/tlatelolcounam.mx\/uva\/event\/atch-cuentos-23-03-01\/\">&hellip;<\/a><\/p>\n","protected":false},"author":2,"featured_media":3395,"template":"","meta":{"_tribe_events_status":"","_tribe_events_status_reason":"","footnotes":""},"tags":[74,42,48],"tribe_events_cat":[39],"class_list":["post-3394","tribe_events","type-tribe_events","status-publish","has-post-thumbnail","hentry","tag-aqui-tu-cuentas-historias","tag-cartelera","tag-crecer-entre-libros","tribe_events_cat-cartelera","cat_cartelera","odd"],"_links":{"self":[{"href":"https:\/\/tlatelolcounam.mx\/uva\/wp-json\/wp\/v2\/tribe_events\/3394","targetHints":{"allow":["GET"]}}],"collection":[{"href":"https:\/\/tlatelolcounam.mx\/uva\/wp-json\/wp\/v2\/tribe_events"}],"about":[{"href":"https:\/\/tlatelolcounam.mx\/uva\/wp-json\/wp\/v2\/types\/tribe_events"}],"author":[{"embeddable":true,"href":"https:\/\/tlatelolcounam.mx\/uva\/wp-json\/wp\/v2\/users\/2"}],"version-history":[{"count":2,"href":"https:\/\/tlatelolcounam.mx\/uva\/wp-json\/wp\/v2\/tribe_events\/3394\/revisions"}],"predecessor-version":[{"id":3400,"href":"https:\/\/tlatelolcounam.mx\/uva\/wp-json\/wp\/v2\/tribe_events\/3394\/revisions\/3400"}],"wp:featuredmedia":[{"embeddable":true,"href":"https:\/\/tlatelolcounam.mx\/uva\/wp-json\/wp\/v2\/media\/3395"}],"wp:attachment":[{"href":"https:\/\/tlatelolcounam.mx\/uva\/wp-json\/wp\/v2\/media?parent=3394"}],"wp:term":[{"taxonomy":"post_tag","embeddable":true,"href":"https:\/\/tlatelolcounam.mx\/uva\/wp-json\/wp\/v2\/tags?post=3394"},{"taxonomy":"tribe_events_cat","embeddable":true,"href":"https:\/\/tlatelolcounam.mx\/uva\/wp-json\/wp\/v2\/tribe_events_cat?post=3394"}],"curies":[{"name":"wp","href":"https:\/\/api.w.org\/{rel}","templated":true}]}}

🗣️📖¡AQUÍ TÚ CUENTAS HISTORIAS!: La cosa que más duele en el mundo

<p>¡Función presencial de cuentacuentos con <b>Pina Pepina</b>!😎</p>
<p>¿Qué es lo que más duele en el mundo? ¿Una caída, un raspón, una mentira&#8230;?</p>
<p>&#8220;¡Aquí tú cuentas historias!&#8221; es un programa de Universo de Letras (Literatura UNAM).</p>

<p>¡Función presencial de cuentacuentos con Pina Pepina!😎 ¿Qué es lo que más duele en el mundo? ¿Una caída, un raspón,&nbsp;<a href="https://tlatelolcounam.mx/uva/event/atch-cuentos-23-03-01/">&hellip;</a></p>
