{"id":3368,"date":"2023-02-20T21:57:55","date_gmt":"2023-02-20T21:57:55","guid":{"rendered":"https:\/\/tlatelolcounam.mx\/uva\/?post_type=tribe_events&#038;p=3368"},"modified":"2023-02-20T21:57:55","modified_gmt":"2023-02-20T21:57:55","slug":"presentacion-comic-23-03","status":"publish","type":"tribe_events","link":"https:\/\/tlatelolcounam.mx\/uva\/event\/presentacion-comic-23-03\/","title":{"rendered":"\ud83d\udcd6\ud83d\uddef\ufe0f\ud83d\udce2 PRESENTACI\u00d3N DEL C\u00d3MIC: &#8220;Ella se siente a veces&#8230;&#8221; Una historia de Ala\u00edde Foppa"},"content":{"rendered":"<p><span style=\"font-weight: 400;\">Nos la arrebataron en diciembre de 1980, en un brutal intento por silenciarla, pero 38 a\u00f1os despu\u00e9s, un 15 de noviembre de 2018, Ala\u00edde Foppa ya no s\u00f3lo viv\u00eda en la memoria de las personas, en sus libros, art\u00edculos y grabaciones, sino que renaci\u00f3 en forma de biblioteca comunitaria.<\/span><\/p>\n<p><span style=\"font-weight: 400;\">Y aqu\u00ed adoramos los c\u00f3mics. La narrativa gr\u00e1fica, en sus diversas manifestaciones (libro \u00e1lbum, manga, historieta, tebeo, <\/span><i><span style=\"font-weight: 400;\">bande dessin\u00e9e<\/span><\/i><span style=\"font-weight: 400;\">, <\/span><i><span style=\"font-weight: 400;\">fumetto, <\/span><\/i><span style=\"font-weight: 400;\">cierto tipo de fanzines\u2026), nos permite explorar lecturas viscerales debido a su car\u00e1cter visual que se atestigua (no s\u00f3lo se observa), de manera que no pas\u00f3 mucho tiempo para que la idea de un c\u00f3mic de Ala\u00edde Foppa para j\u00f3venes se convirtiera en una necesidad. Eso s\u00ed, sab\u00edamos que la cosa no iba a ser sencilla.\u00a0<\/span><\/p>\n<p><span style=\"font-weight: 400;\">El c\u00f3mic, en tanto medio asociado sobre todo con infancias y juventudes, a\u00fan suele cargar con un doble estigma: el adultoc\u00e9ntrico y el instrumentalizador. El primero, o bien tiende a desestimar lo infantil y juvenil por ser \u201cmenos complejo\u201d que lo \u201cadulto\u201d o bien tiende a desterrar a ni\u00f1xs y j\u00f3venes de lo complejo porque \u201cno tienen la capacidad para entenderlo\u201d; el segundo deriva del primero ya que perpet\u00faa la idea de que los productos culturales para ni\u00f1xs y j\u00f3venes tienen valor s\u00f3lo en la medida en que sirven para ense\u00f1arles algo y, una vez que han cumplido con sus objetivos, pueden ser superados, dado que no son \u201carte de verdad\u201d. Partimos de la certeza de que la obra de Ala\u00edde tambi\u00e9n es para j\u00f3venes y que el c\u00f3mic no es un medio para hacerla m\u00e1s \u201caccesible\u201d, sino un fin en s\u00ed mismo y una manera diferente de apropi\u00e1rnosla y compartirla, porque ya no bastaba difundir lo que ella pensaba y escrib\u00eda, sino que era necesario mostrar lo que ella nos hac\u00eda\u00a0 pensar y sentir&#8230;.<\/span><\/p>\n<p>&nbsp;<\/p>\n<p>\u00a1No te pierdas de nuestro primer c\u00f3mic! Con \u00c1urea Esquivel en el gui\u00f3n y edici\u00f3n<span class=\"fe5nidar khvhiq1o r5qsrrlp i5tg98hk f9ovudaz przvwfww gx1rr48f gfz4du6o r7fjleex nz2484kf svot0ezm dcnh1tix sxl192xd t3g6t33p\"><span class=\"mpj7bzys xzlurrtv\">\ud83d\udca5<\/span><\/span>, Ely Galvar en la ilustraci\u00f3n<span class=\"fe5nidar khvhiq1o r5qsrrlp i5tg98hk f9ovudaz przvwfww gx1rr48f gfz4du6o r7fjleex nz2484kf svot0ezm dcnh1tix sxl192xd t3g6t33p\"><span class=\"mpj7bzys xzlurrtv\">\ud83d\udca5<\/span><\/span> y Mena Bo en el dise\u00f1o editorial<span class=\"fe5nidar khvhiq1o r5qsrrlp i5tg98hk f9ovudaz przvwfww gx1rr48f gfz4du6o r7fjleex nz2484kf svot0ezm dcnh1tix sxl192xd t3g6t33p\"><span class=\"mpj7bzys xzlurrtv\">\ud83d\udca5<\/span><\/span><\/p>\n<p>&nbsp;<\/p>\n","protected":false},"excerpt":{"rendered":"<p>Nos la arrebataron en diciembre de 1980, en un brutal intento por silenciarla, pero 38 a\u00f1os despu\u00e9s, un 15 de&nbsp;<a href=\"https:\/\/tlatelolcounam.mx\/uva\/event\/presentacion-comic-23-03\/\">&hellip;<\/a><\/p>\n","protected":false},"author":2,"featured_media":3369,"template":"","meta":{"_tribe_events_status":"","_tribe_events_status_reason":"","footnotes":""},"tags":[42,60,70],"tribe_events_cat":[39],"class_list":["post-3368","tribe_events","type-tribe_events","status-publish","has-post-thumbnail","hentry","tag-cartelera","tag-eventos-especiales","tag-narrativa-grafica","tribe_events_cat-cartelera","cat_cartelera","odd"],"_links":{"self":[{"href":"https:\/\/tlatelolcounam.mx\/uva\/wp-json\/wp\/v2\/tribe_events\/3368","targetHints":{"allow":["GET"]}}],"collection":[{"href":"https:\/\/tlatelolcounam.mx\/uva\/wp-json\/wp\/v2\/tribe_events"}],"about":[{"href":"https:\/\/tlatelolcounam.mx\/uva\/wp-json\/wp\/v2\/types\/tribe_events"}],"author":[{"embeddable":true,"href":"https:\/\/tlatelolcounam.mx\/uva\/wp-json\/wp\/v2\/users\/2"}],"version-history":[{"count":2,"href":"https:\/\/tlatelolcounam.mx\/uva\/wp-json\/wp\/v2\/tribe_events\/3368\/revisions"}],"predecessor-version":[{"id":3371,"href":"https:\/\/tlatelolcounam.mx\/uva\/wp-json\/wp\/v2\/tribe_events\/3368\/revisions\/3371"}],"wp:featuredmedia":[{"embeddable":true,"href":"https:\/\/tlatelolcounam.mx\/uva\/wp-json\/wp\/v2\/media\/3369"}],"wp:attachment":[{"href":"https:\/\/tlatelolcounam.mx\/uva\/wp-json\/wp\/v2\/media?parent=3368"}],"wp:term":[{"taxonomy":"post_tag","embeddable":true,"href":"https:\/\/tlatelolcounam.mx\/uva\/wp-json\/wp\/v2\/tags?post=3368"},{"taxonomy":"tribe_events_cat","embeddable":true,"href":"https:\/\/tlatelolcounam.mx\/uva\/wp-json\/wp\/v2\/tribe_events_cat?post=3368"}],"curies":[{"name":"wp","href":"https:\/\/api.w.org\/{rel}","templated":true}]}}

📖🗯️📢 PRESENTACIÓN DEL CÓMIC: &#8220;Ella se siente a veces&#8230;&#8221; Una historia de Alaíde Foppa

<p><span style="font-weight: 400;">Nos la arrebataron en diciembre de 1980, en un brutal intento por silenciarla, pero 38 años después, un 15 de noviembre de 2018, Alaíde Foppa ya no sólo vivía en la memoria de las personas, en sus libros, artículos y grabaciones, sino que renació en forma de biblioteca comunitaria.</span></p>
<p><span style="font-weight: 400;">Y aquí adoramos los cómics. La narrativa gráfica, en sus diversas manifestaciones (libro álbum, manga, historieta, tebeo, </span><i><span style="font-weight: 400;">bande dessinée</span></i><span style="font-weight: 400;">, </span><i><span style="font-weight: 400;">fumetto, </span></i><span style="font-weight: 400;">cierto tipo de fanzines…), nos permite explorar lecturas viscerales debido a su carácter visual que se atestigua (no sólo se observa), de manera que no pasó mucho tiempo para que la idea de un cómic de Alaíde Foppa para jóvenes se convirtiera en una necesidad. Eso sí, sabíamos que la cosa no iba a ser sencilla. </span></p>
<p><span style="font-weight: 400;">El cómic, en tanto medio asociado sobre todo con infancias y juventudes, aún suele cargar con un doble estigma: el adultocéntrico y el instrumentalizador. El primero, o bien tiende a desestimar lo infantil y juvenil por ser “menos complejo” que lo “adulto” o bien tiende a desterrar a niñxs y jóvenes de lo complejo porque “no tienen la capacidad para entenderlo”; el segundo deriva del primero ya que perpetúa la idea de que los productos culturales para niñxs y jóvenes tienen valor sólo en la medida en que sirven para enseñarles algo y, una vez que han cumplido con sus objetivos, pueden ser superados, dado que no son “arte de verdad”. Partimos de la certeza de que la obra de Alaíde también es para jóvenes y que el cómic no es un medio para hacerla más “accesible”, sino un fin en sí mismo y una manera diferente de apropiárnosla y compartirla, porque ya no bastaba difundir lo que ella pensaba y escribía, sino que era necesario mostrar lo que ella nos hacía  pensar y sentir&#8230;.</span></p>
<p>&nbsp;</p>
<p>¡No te pierdas de nuestro primer cómic! Con Áurea Esquivel en el guión y edición<span class="fe5nidar khvhiq1o r5qsrrlp i5tg98hk f9ovudaz przvwfww gx1rr48f gfz4du6o r7fjleex nz2484kf svot0ezm dcnh1tix sxl192xd t3g6t33p"><span class="mpj7bzys xzlurrtv">💥</span></span>, Ely Galvar en la ilustración<span class="fe5nidar khvhiq1o r5qsrrlp i5tg98hk f9ovudaz przvwfww gx1rr48f gfz4du6o r7fjleex nz2484kf svot0ezm dcnh1tix sxl192xd t3g6t33p"><span class="mpj7bzys xzlurrtv">💥</span></span> y Mena Bo en el diseño editorial<span class="fe5nidar khvhiq1o r5qsrrlp i5tg98hk f9ovudaz przvwfww gx1rr48f gfz4du6o r7fjleex nz2484kf svot0ezm dcnh1tix sxl192xd t3g6t33p"><span class="mpj7bzys xzlurrtv">💥</span></span></p>
<p>&nbsp;</p>

<p>Nos la arrebataron en diciembre de 1980, en un brutal intento por silenciarla, pero 38 años después, un 15 de&nbsp;<a href="https://tlatelolcounam.mx/uva/event/presentacion-comic-23-03/">&hellip;</a></p>
