{"id":3357,"date":"2023-02-15T21:45:47","date_gmt":"2023-02-15T21:45:47","guid":{"rendered":"https:\/\/tlatelolcounam.mx\/uva\/?post_type=tribe_events&#038;p=3357"},"modified":"2023-02-15T21:45:47","modified_gmt":"2023-02-15T21:45:47","slug":"kpop-stories-23-03","status":"publish","type":"tribe_events","link":"https:\/\/tlatelolcounam.mx\/uva\/event\/kpop-stories-23-03\/","title":{"rendered":"\ud83d\udc69\ud83c\udffb\u200d\ud83c\udfa4 \ud83c\udf99\ufe0f\ud83c\udfb6K-POP STORIES: Girl Groups, transitar la adolescencia desde lo femenino"},"content":{"rendered":"<p>Nos dicen desde peque\u00f1as: &#8220;Una ni\u00f1a debe ser as\u00ed&#8230;&#8221;, &#8220;Una se\u00f1orita no se comporta as\u00ed&#8230;&#8221;, &#8220;Una mujer tiene que verse as\u00ed&#8230;&#8221;. \u00bf&#8221;Deber&#8221;, &#8220;tener que&#8221;&#8230;? No, hay muchas manera de habitar nuestros cuerpos y el mundo,\u00a0<span style=\"font-weight: 400;\">\u00bfplaticamos sobre nuestras experiencias de vida en torno al ser chica desde el k-pop?\u00a0<\/span><\/p>\n<p><span style=\"font-weight: 400;\"> \u00a1\u00danete a nuestro Discord: https:\/\/discord.gg\/uTcWU6SKu6!<\/span><\/p>\n","protected":false},"excerpt":{"rendered":"<p>Nos dicen desde peque\u00f1as: &#8220;Una ni\u00f1a debe ser as\u00ed&#8230;&#8221;, &#8220;Una se\u00f1orita no se comporta as\u00ed&#8230;&#8221;, &#8220;Una mujer tiene que verse&nbsp;<a href=\"https:\/\/tlatelolcounam.mx\/uva\/event\/kpop-stories-23-03\/\">&hellip;<\/a><\/p>\n","protected":false},"author":2,"featured_media":3329,"template":"","meta":{"_tribe_events_status":"","_tribe_events_status_reason":"","footnotes":""},"tags":[42,54,49,50],"tribe_events_cat":[39],"class_list":["post-3357","tribe_events","type-tribe_events","status-publish","has-post-thumbnail","hentry","tag-cartelera","tag-jovenes","tag-k-pop-stories","tag-tertulias-bibliomusicales","tribe_events_cat-cartelera","cat_cartelera","odd"],"_links":{"self":[{"href":"https:\/\/tlatelolcounam.mx\/uva\/wp-json\/wp\/v2\/tribe_events\/3357","targetHints":{"allow":["GET"]}}],"collection":[{"href":"https:\/\/tlatelolcounam.mx\/uva\/wp-json\/wp\/v2\/tribe_events"}],"about":[{"href":"https:\/\/tlatelolcounam.mx\/uva\/wp-json\/wp\/v2\/types\/tribe_events"}],"author":[{"embeddable":true,"href":"https:\/\/tlatelolcounam.mx\/uva\/wp-json\/wp\/v2\/users\/2"}],"version-history":[{"count":1,"href":"https:\/\/tlatelolcounam.mx\/uva\/wp-json\/wp\/v2\/tribe_events\/3357\/revisions"}],"predecessor-version":[{"id":3358,"href":"https:\/\/tlatelolcounam.mx\/uva\/wp-json\/wp\/v2\/tribe_events\/3357\/revisions\/3358"}],"wp:featuredmedia":[{"embeddable":true,"href":"https:\/\/tlatelolcounam.mx\/uva\/wp-json\/wp\/v2\/media\/3329"}],"wp:attachment":[{"href":"https:\/\/tlatelolcounam.mx\/uva\/wp-json\/wp\/v2\/media?parent=3357"}],"wp:term":[{"taxonomy":"post_tag","embeddable":true,"href":"https:\/\/tlatelolcounam.mx\/uva\/wp-json\/wp\/v2\/tags?post=3357"},{"taxonomy":"tribe_events_cat","embeddable":true,"href":"https:\/\/tlatelolcounam.mx\/uva\/wp-json\/wp\/v2\/tribe_events_cat?post=3357"}],"curies":[{"name":"wp","href":"https:\/\/api.w.org\/{rel}","templated":true}]}}

<p>Nos dicen desde pequeñas: &#8220;Una niña debe ser así&#8230;&#8221;, &#8220;Una señorita no se comporta así&#8230;&#8221;, &#8220;Una mujer tiene que verse así&#8230;&#8221;. ¿&#8221;Deber&#8221;, &#8220;tener que&#8221;&#8230;? No, hay muchas manera de habitar nuestros cuerpos y el mundo, <span style="font-weight: 400;">¿platicamos sobre nuestras experiencias de vida en torno al ser chica desde el k-pop? </span></p>
<p><span style="font-weight: 400;"> ¡Únete a nuestro Discord: https://discord.gg/uTcWU6SKu6!</span></p>

<p>Nos dicen desde pequeñas: &#8220;Una niña debe ser así&#8230;&#8221;, &#8220;Una señorita no se comporta así&#8230;&#8221;, &#8220;Una mujer tiene que verse&nbsp;<a href="https://tlatelolcounam.mx/uva/event/kpop-stories-23-03/">&hellip;</a></p>
