{"id":3104,"date":"2022-11-03T18:45:02","date_gmt":"2022-11-03T18:45:02","guid":{"rendered":"https:\/\/tlatelolcounam.mx\/uva\/?post_type=tribe_events&#038;p=3104"},"modified":"2022-11-03T18:45:02","modified_gmt":"2022-11-03T18:45:02","slug":"atth-cuentos-11-4","status":"publish","type":"tribe_events","link":"https:\/\/tlatelolcounam.mx\/uva\/event\/atth-cuentos-11-4\/","title":{"rendered":"\ud83e\uddf6\ud83d\udcd6\u00a1AQU\u00cd T\u00da TEJES HISTORIAS!: De libros m\u00e1gicos y lectores en apuros"},"content":{"rendered":"<p>\u00a1Volvamos a escuchar cuentos en vivo! \ud83d\ude46\ud83c\udffd\u200d\u2640\ufe0f\ud83d\ude46\ud83c\udffd\u200d\u2640\ufe0f\ud83d\ude46\ud83c\udffd\u200d\u2640\ufe0f<\/p>\n<p>\u00a1Funci\u00f3n presencial de cuentacuentos con <b>Emma Reyes<\/b>!\ud83d\ude0e<\/p>\n<p><span style=\"font-weight: 400;\">Este espect\u00e1culo trata de celebrar la importancia de los libros en nuestras vidas y la selecci\u00f3n de cuentos se bas\u00f3 en la idea de que leer nos puede cambiar la vida.<\/span><\/p>\n<p>&#8220;\u00a1Aqu\u00ed t\u00fa tejes historias!&#8221; es un programa de Universo de Letras (Literatura UNAM).<\/p>\n","protected":false},"excerpt":{"rendered":"<p>\u00a1Volvamos a escuchar cuentos en vivo! \ud83d\ude46\ud83c\udffd\u200d\u2640\ufe0f\ud83d\ude46\ud83c\udffd\u200d\u2640\ufe0f\ud83d\ude46\ud83c\udffd\u200d\u2640\ufe0f \u00a1Funci\u00f3n presencial de cuentacuentos con Emma Reyes!\ud83d\ude0e Este espect\u00e1culo trata de celebrar la&nbsp;<a href=\"https:\/\/tlatelolcounam.mx\/uva\/event\/atth-cuentos-11-4\/\">&hellip;<\/a><\/p>\n","protected":false},"author":2,"featured_media":3093,"template":"","meta":{"_tribe_events_status":"","_tribe_events_status_reason":"","footnotes":""},"tags":[61,42,48],"tribe_events_cat":[39],"class_list":["post-3104","tribe_events","type-tribe_events","status-publish","has-post-thumbnail","hentry","tag-aqui-tu-tejes-historias","tag-cartelera","tag-crecer-entre-libros","tribe_events_cat-cartelera","cat_cartelera","odd"],"_links":{"self":[{"href":"https:\/\/tlatelolcounam.mx\/uva\/wp-json\/wp\/v2\/tribe_events\/3104","targetHints":{"allow":["GET"]}}],"collection":[{"href":"https:\/\/tlatelolcounam.mx\/uva\/wp-json\/wp\/v2\/tribe_events"}],"about":[{"href":"https:\/\/tlatelolcounam.mx\/uva\/wp-json\/wp\/v2\/types\/tribe_events"}],"author":[{"embeddable":true,"href":"https:\/\/tlatelolcounam.mx\/uva\/wp-json\/wp\/v2\/users\/2"}],"version-history":[{"count":1,"href":"https:\/\/tlatelolcounam.mx\/uva\/wp-json\/wp\/v2\/tribe_events\/3104\/revisions"}],"predecessor-version":[{"id":3105,"href":"https:\/\/tlatelolcounam.mx\/uva\/wp-json\/wp\/v2\/tribe_events\/3104\/revisions\/3105"}],"wp:featuredmedia":[{"embeddable":true,"href":"https:\/\/tlatelolcounam.mx\/uva\/wp-json\/wp\/v2\/media\/3093"}],"wp:attachment":[{"href":"https:\/\/tlatelolcounam.mx\/uva\/wp-json\/wp\/v2\/media?parent=3104"}],"wp:term":[{"taxonomy":"post_tag","embeddable":true,"href":"https:\/\/tlatelolcounam.mx\/uva\/wp-json\/wp\/v2\/tags?post=3104"},{"taxonomy":"tribe_events_cat","embeddable":true,"href":"https:\/\/tlatelolcounam.mx\/uva\/wp-json\/wp\/v2\/tribe_events_cat?post=3104"}],"curies":[{"name":"wp","href":"https:\/\/api.w.org\/{rel}","templated":true}]}}

🧶📖¡AQUÍ TÚ TEJES HISTORIAS!: De libros mágicos y lectores en apuros

<p>¡Volvamos a escuchar cuentos en vivo! 🙆🏽‍♀️🙆🏽‍♀️🙆🏽‍♀️</p>
<p>¡Función presencial de cuentacuentos con <b>Emma Reyes</b>!😎</p>
<p><span style="font-weight: 400;">Este espectáculo trata de celebrar la importancia de los libros en nuestras vidas y la selección de cuentos se basó en la idea de que leer nos puede cambiar la vida.</span></p>
<p>&#8220;¡Aquí tú tejes historias!&#8221; es un programa de Universo de Letras (Literatura UNAM).</p>

<p>¡Volvamos a escuchar cuentos en vivo! 🙆🏽‍♀️🙆🏽‍♀️🙆🏽‍♀️ ¡Función presencial de cuentacuentos con Emma Reyes!😎 Este espectáculo trata de celebrar la&nbsp;<a href="https://tlatelolcounam.mx/uva/event/atth-cuentos-11-4/">&hellip;</a></p>
