{"id":3102,"date":"2022-11-03T18:43:35","date_gmt":"2022-11-03T18:43:35","guid":{"rendered":"https:\/\/tlatelolcounam.mx\/uva\/?post_type=tribe_events&#038;p=3102"},"modified":"2022-11-03T18:43:35","modified_gmt":"2022-11-03T18:43:35","slug":"atth-cuentos-11-3","status":"publish","type":"tribe_events","link":"https:\/\/tlatelolcounam.mx\/uva\/event\/atth-cuentos-11-3\/","title":{"rendered":"\ud83e\uddf6\ud83d\udcd6\u00a1AQU\u00cd T\u00da TEJES HISTORIAS!:  Jugando tambi\u00e9n contamos"},"content":{"rendered":"<p>\u00a1Volvamos a escuchar cuentos en vivo! \ud83d\ude46\ud83c\udffd\u200d\u2640\ufe0f\ud83d\ude46\ud83c\udffd\u200d\u2640\ufe0f\ud83d\ude46\ud83c\udffd\u200d\u2640\ufe0f<\/p>\n<p>\u00a1Funci\u00f3n presencial de cuentacuentos con <b>Romer Pe\u00f1a<\/b>!\ud83d\ude0e<\/p>\n<p><span style=\"font-weight: 400;\">La imaginaci\u00f3n es el boleto para viajar por lugares fant\u00e1sticos y conocer personajes simp\u00e1ticos y divertidos que te har\u00e1n re\u00edr, so\u00f1ar, y reflexionar. Este es un recorrido l\u00fadico para chicos y grandes.<\/span><\/p>\n<p>&#8220;\u00a1Aqu\u00ed t\u00fa tejes historias!&#8221; es un programa de Universo de Letras (Literatura UNAM).<\/p>\n","protected":false},"excerpt":{"rendered":"<p>\u00a1Volvamos a escuchar cuentos en vivo! \ud83d\ude46\ud83c\udffd\u200d\u2640\ufe0f\ud83d\ude46\ud83c\udffd\u200d\u2640\ufe0f\ud83d\ude46\ud83c\udffd\u200d\u2640\ufe0f \u00a1Funci\u00f3n presencial de cuentacuentos con Romer Pe\u00f1a!\ud83d\ude0e La imaginaci\u00f3n es el boleto para&nbsp;<a href=\"https:\/\/tlatelolcounam.mx\/uva\/event\/atth-cuentos-11-3\/\">&hellip;<\/a><\/p>\n","protected":false},"author":2,"featured_media":3094,"template":"","meta":{"_tribe_events_status":"","_tribe_events_status_reason":"","footnotes":""},"tags":[61,42,48],"tribe_events_cat":[39],"class_list":["post-3102","tribe_events","type-tribe_events","status-publish","has-post-thumbnail","hentry","tag-aqui-tu-tejes-historias","tag-cartelera","tag-crecer-entre-libros","tribe_events_cat-cartelera","cat_cartelera","odd"],"_links":{"self":[{"href":"https:\/\/tlatelolcounam.mx\/uva\/wp-json\/wp\/v2\/tribe_events\/3102","targetHints":{"allow":["GET"]}}],"collection":[{"href":"https:\/\/tlatelolcounam.mx\/uva\/wp-json\/wp\/v2\/tribe_events"}],"about":[{"href":"https:\/\/tlatelolcounam.mx\/uva\/wp-json\/wp\/v2\/types\/tribe_events"}],"author":[{"embeddable":true,"href":"https:\/\/tlatelolcounam.mx\/uva\/wp-json\/wp\/v2\/users\/2"}],"version-history":[{"count":1,"href":"https:\/\/tlatelolcounam.mx\/uva\/wp-json\/wp\/v2\/tribe_events\/3102\/revisions"}],"predecessor-version":[{"id":3103,"href":"https:\/\/tlatelolcounam.mx\/uva\/wp-json\/wp\/v2\/tribe_events\/3102\/revisions\/3103"}],"wp:featuredmedia":[{"embeddable":true,"href":"https:\/\/tlatelolcounam.mx\/uva\/wp-json\/wp\/v2\/media\/3094"}],"wp:attachment":[{"href":"https:\/\/tlatelolcounam.mx\/uva\/wp-json\/wp\/v2\/media?parent=3102"}],"wp:term":[{"taxonomy":"post_tag","embeddable":true,"href":"https:\/\/tlatelolcounam.mx\/uva\/wp-json\/wp\/v2\/tags?post=3102"},{"taxonomy":"tribe_events_cat","embeddable":true,"href":"https:\/\/tlatelolcounam.mx\/uva\/wp-json\/wp\/v2\/tribe_events_cat?post=3102"}],"curies":[{"name":"wp","href":"https:\/\/api.w.org\/{rel}","templated":true}]}}

🧶📖¡AQUÍ TÚ TEJES HISTORIAS!:  Jugando también contamos

<p>¡Volvamos a escuchar cuentos en vivo! 🙆🏽‍♀️🙆🏽‍♀️🙆🏽‍♀️</p>
<p>¡Función presencial de cuentacuentos con <b>Romer Peña</b>!😎</p>
<p><span style="font-weight: 400;">La imaginación es el boleto para viajar por lugares fantásticos y conocer personajes simpáticos y divertidos que te harán reír, soñar, y reflexionar. Este es un recorrido lúdico para chicos y grandes.</span></p>
<p>&#8220;¡Aquí tú tejes historias!&#8221; es un programa de Universo de Letras (Literatura UNAM).</p>

<p>¡Volvamos a escuchar cuentos en vivo! 🙆🏽‍♀️🙆🏽‍♀️🙆🏽‍♀️ ¡Función presencial de cuentacuentos con Romer Peña!😎 La imaginación es el boleto para&nbsp;<a href="https://tlatelolcounam.mx/uva/event/atth-cuentos-11-3/">&hellip;</a></p>
