{"id":3098,"date":"2022-11-03T18:40:46","date_gmt":"2022-11-03T18:40:46","guid":{"rendered":"https:\/\/tlatelolcounam.mx\/uva\/?post_type=tribe_events&#038;p=3098"},"modified":"2022-11-03T18:40:46","modified_gmt":"2022-11-03T18:40:46","slug":"atth-cuentos-11-2","status":"publish","type":"tribe_events","link":"https:\/\/tlatelolcounam.mx\/uva\/event\/atth-cuentos-11-2\/","title":{"rendered":"\ud83e\uddf6\ud83d\udcd6\u00a1AQU\u00cd T\u00da TEJES HISTORIAS!:  Buscando la paz, la armon\u00eda y un poco de risa"},"content":{"rendered":"<p>\u00a1Volvamos a escuchar cuentos en vivo! \ud83d\ude46\ud83c\udffd\u200d\u2640\ufe0f\ud83d\ude46\ud83c\udffd\u200d\u2640\ufe0f\ud83d\ude46\ud83c\udffd\u200d\u2640\ufe0f<\/p>\n<p>\u00a1Funci\u00f3n presencial de cuentacuentos con <b>Pati Soria<\/b>!\ud83d\ude0e<\/p>\n<p><span style=\"font-weight: 400;\">Cuatro animales que nos cuentan lo que les ha pasado y como han podido vencer <\/span><span style=\"font-weight: 400;\">alguno el miedo, otros las dudas. Ellos no encajan \u00bfLograr\u00e1n su objetivo?<\/span><\/p>\n<p>&#8220;\u00a1Aqu\u00ed t\u00fa tejes historias!&#8221; es un programa de Universo de Letras (Literatura UNAM).<\/p>\n","protected":false},"excerpt":{"rendered":"<p>\u00a1Volvamos a escuchar cuentos en vivo! \ud83d\ude46\ud83c\udffd\u200d\u2640\ufe0f\ud83d\ude46\ud83c\udffd\u200d\u2640\ufe0f\ud83d\ude46\ud83c\udffd\u200d\u2640\ufe0f \u00a1Funci\u00f3n presencial de cuentacuentos con Pati Soria!\ud83d\ude0e Cuatro animales que nos cuentan lo&nbsp;<a href=\"https:\/\/tlatelolcounam.mx\/uva\/event\/atth-cuentos-11-2\/\">&hellip;<\/a><\/p>\n","protected":false},"author":2,"featured_media":3095,"template":"","meta":{"_tribe_events_status":"","_tribe_events_status_reason":"","footnotes":""},"tags":[61,42,48],"tribe_events_cat":[39],"class_list":["post-3098","tribe_events","type-tribe_events","status-publish","has-post-thumbnail","hentry","tag-aqui-tu-tejes-historias","tag-cartelera","tag-crecer-entre-libros","tribe_events_cat-cartelera","cat_cartelera","odd"],"_links":{"self":[{"href":"https:\/\/tlatelolcounam.mx\/uva\/wp-json\/wp\/v2\/tribe_events\/3098","targetHints":{"allow":["GET"]}}],"collection":[{"href":"https:\/\/tlatelolcounam.mx\/uva\/wp-json\/wp\/v2\/tribe_events"}],"about":[{"href":"https:\/\/tlatelolcounam.mx\/uva\/wp-json\/wp\/v2\/types\/tribe_events"}],"author":[{"embeddable":true,"href":"https:\/\/tlatelolcounam.mx\/uva\/wp-json\/wp\/v2\/users\/2"}],"version-history":[{"count":1,"href":"https:\/\/tlatelolcounam.mx\/uva\/wp-json\/wp\/v2\/tribe_events\/3098\/revisions"}],"predecessor-version":[{"id":3099,"href":"https:\/\/tlatelolcounam.mx\/uva\/wp-json\/wp\/v2\/tribe_events\/3098\/revisions\/3099"}],"wp:featuredmedia":[{"embeddable":true,"href":"https:\/\/tlatelolcounam.mx\/uva\/wp-json\/wp\/v2\/media\/3095"}],"wp:attachment":[{"href":"https:\/\/tlatelolcounam.mx\/uva\/wp-json\/wp\/v2\/media?parent=3098"}],"wp:term":[{"taxonomy":"post_tag","embeddable":true,"href":"https:\/\/tlatelolcounam.mx\/uva\/wp-json\/wp\/v2\/tags?post=3098"},{"taxonomy":"tribe_events_cat","embeddable":true,"href":"https:\/\/tlatelolcounam.mx\/uva\/wp-json\/wp\/v2\/tribe_events_cat?post=3098"}],"curies":[{"name":"wp","href":"https:\/\/api.w.org\/{rel}","templated":true}]}}

🧶📖¡AQUÍ TÚ TEJES HISTORIAS!:  Buscando la paz, la armonía y un poco de risa

<p>¡Volvamos a escuchar cuentos en vivo! 🙆🏽‍♀️🙆🏽‍♀️🙆🏽‍♀️</p>
<p>¡Función presencial de cuentacuentos con <b>Pati Soria</b>!😎</p>
<p><span style="font-weight: 400;">Cuatro animales que nos cuentan lo que les ha pasado y como han podido vencer </span><span style="font-weight: 400;">alguno el miedo, otros las dudas. Ellos no encajan ¿Lograrán su objetivo?</span></p>
<p>&#8220;¡Aquí tú tejes historias!&#8221; es un programa de Universo de Letras (Literatura UNAM).</p>

<p>¡Volvamos a escuchar cuentos en vivo! 🙆🏽‍♀️🙆🏽‍♀️🙆🏽‍♀️ ¡Función presencial de cuentacuentos con Pati Soria!😎 Cuatro animales que nos cuentan lo&nbsp;<a href="https://tlatelolcounam.mx/uva/event/atth-cuentos-11-2/">&hellip;</a></p>
