{"id":3076,"date":"2022-10-18T18:16:09","date_gmt":"2022-10-18T18:16:09","guid":{"rendered":"https:\/\/tlatelolcounam.mx\/uva\/?post_type=tribe_events&#038;p=3076"},"modified":"2022-10-18T20:20:47","modified_gmt":"2022-10-18T20:20:47","slug":"mira-libritos-11-1","status":"publish","type":"tribe_events","link":"https:\/\/tlatelolcounam.mx\/uva\/event\/mira-libritos-11-1\/","title":{"rendered":"\ud83d\udcf0\ud83c\udfa8\ud83d\uddef\ufe0fMIRAR LIBRITOS. Mexicanos"},"content":{"rendered":"<p>\u00a1A preguntar por libros mexicanos!<\/p>\n<p>De la mano de la genial Carola Diez, una de las grandes formadoras de mediadorxs de lectura del pa\u00eds, revisemos nuestros acervos de libros \u00e1lbum, \u00bfcu\u00e1ntos t\u00edtulos son mexicanos (autor\u00eda y edici\u00f3n)? \u00bfpodemos hablar de tradiciones o c\u00e1nones en nuestro pa\u00eds?<\/p>\n<p><span style=\"font-weight: 400;\">Compartamos y exploremos en colectivo lecturas de diferentes or\u00edgenes para ni\u00f1xs y j\u00f3venes; qu\u00e9 nos provocan, qu\u00e9 hemos hecho con ellos, qu\u00e9 les han hecho a las personas a nuestro alrededor y qu\u00e9 podr\u00eda hacerse con ellos en otros contextos.<\/span><\/p>\n<p>&nbsp;<\/p>\n","protected":false},"excerpt":{"rendered":"<p>\u00a1A preguntar por libros mexicanos! De la mano de la genial Carola Diez, una de las grandes formadoras de mediadorxs&nbsp;<a href=\"https:\/\/tlatelolcounam.mx\/uva\/event\/mira-libritos-11-1\/\">&hellip;<\/a><\/p>\n","protected":false},"author":2,"featured_media":3048,"template":"","meta":{"_tribe_events_status":"","_tribe_events_status_reason":"","footnotes":""},"tags":[57,42,58],"tribe_events_cat":[39],"class_list":["post-3076","tribe_events","type-tribe_events","status-publish","has-post-thumbnail","hentry","tag-bibliotecas-y-cultura-de-paz","tag-cartelera","tag-mediacion-lectora","tribe_events_cat-cartelera","cat_cartelera","odd"],"_links":{"self":[{"href":"https:\/\/tlatelolcounam.mx\/uva\/wp-json\/wp\/v2\/tribe_events\/3076","targetHints":{"allow":["GET"]}}],"collection":[{"href":"https:\/\/tlatelolcounam.mx\/uva\/wp-json\/wp\/v2\/tribe_events"}],"about":[{"href":"https:\/\/tlatelolcounam.mx\/uva\/wp-json\/wp\/v2\/types\/tribe_events"}],"author":[{"embeddable":true,"href":"https:\/\/tlatelolcounam.mx\/uva\/wp-json\/wp\/v2\/users\/2"}],"version-history":[{"count":1,"href":"https:\/\/tlatelolcounam.mx\/uva\/wp-json\/wp\/v2\/tribe_events\/3076\/revisions"}],"predecessor-version":[{"id":3077,"href":"https:\/\/tlatelolcounam.mx\/uva\/wp-json\/wp\/v2\/tribe_events\/3076\/revisions\/3077"}],"wp:featuredmedia":[{"embeddable":true,"href":"https:\/\/tlatelolcounam.mx\/uva\/wp-json\/wp\/v2\/media\/3048"}],"wp:attachment":[{"href":"https:\/\/tlatelolcounam.mx\/uva\/wp-json\/wp\/v2\/media?parent=3076"}],"wp:term":[{"taxonomy":"post_tag","embeddable":true,"href":"https:\/\/tlatelolcounam.mx\/uva\/wp-json\/wp\/v2\/tags?post=3076"},{"taxonomy":"tribe_events_cat","embeddable":true,"href":"https:\/\/tlatelolcounam.mx\/uva\/wp-json\/wp\/v2\/tribe_events_cat?post=3076"}],"curies":[{"name":"wp","href":"https:\/\/api.w.org\/{rel}","templated":true}]}}

<p>¡A preguntar por libros mexicanos!</p>
<p>De la mano de la genial Carola Diez, una de las grandes formadoras de mediadorxs de lectura del país, revisemos nuestros acervos de libros álbum, ¿cuántos títulos son mexicanos (autoría y edición)? ¿podemos hablar de tradiciones o cánones en nuestro país?</p>
<p><span style="font-weight: 400;">Compartamos y exploremos en colectivo lecturas de diferentes orígenes para niñxs y jóvenes; qué nos provocan, qué hemos hecho con ellos, qué les han hecho a las personas a nuestro alrededor y qué podría hacerse con ellos en otros contextos.</span></p>
<p>&nbsp;</p>
