{"id":3019,"date":"2022-09-23T19:56:53","date_gmt":"2022-09-23T19:56:53","guid":{"rendered":"https:\/\/tlatelolcounam.mx\/uva\/?post_type=tribe_events&#038;p=3019"},"modified":"2022-09-23T19:58:43","modified_gmt":"2022-09-23T19:58:43","slug":"ga-tecnologia-basica-1","status":"publish","type":"tribe_events","link":"https:\/\/tlatelolcounam.mx\/uva\/event\/ga-tecnologia-basica-1\/","title":{"rendered":"\ud83d\udc74\ud83c\udffe\ud83d\udda5\ufe0f\ud83d\udc75\ud83c\udffe\ud83d\udcf1GRANDES APRENDICES: Tecnolog\u00eda b\u00e1sica para adultos mayores. SESI\u00d3N 1"},"content":{"rendered":"<div class=\"gmail_default\">\n<p><span style=\"font-weight: 400;\">\u00bfEres una persona mayor y tienes dificultades para usar tu tel\u00e9fono celular o tu computadora? \u00bfTe cansa que los tr\u00e1mites se hagan en l\u00ednea? \u00bfTe agobia el avance de la tecnolog\u00eda? <\/span><\/p>\n<p><span style=\"font-weight: 400;\">\u00a1No te preocupes! <\/span><\/p>\n<p><span style=\"font-weight: 400;\">Te ofrecemos un acercamiento paciente, sencillo y afectuoso para que puedas adue\u00f1arte de algunas herramientas \u00fatiles de acuerdo con tus necesidades.<\/span><\/p>\n<p>Cupo limitado.<\/p>\n<\/div>\n","protected":false},"excerpt":{"rendered":"<p>\u00bfEres una persona mayor y tienes dificultades para usar tu tel\u00e9fono celular o tu computadora? \u00bfTe cansa que los tr\u00e1mites&nbsp;<a href=\"https:\/\/tlatelolcounam.mx\/uva\/event\/ga-tecnologia-basica-1\/\">&hellip;<\/a><\/p>\n","protected":false},"author":2,"featured_media":2998,"template":"","meta":{"_tribe_events_status":"","_tribe_events_status_reason":"","footnotes":""},"tags":[68,67,69],"tribe_events_cat":[39],"class_list":["post-3019","tribe_events","type-tribe_events","status-publish","has-post-thumbnail","hentry","tag-adultos-mayores","tag-grandes-aprendices","tag-tecnologia","tribe_events_cat-cartelera","cat_cartelera","odd"],"_links":{"self":[{"href":"https:\/\/tlatelolcounam.mx\/uva\/wp-json\/wp\/v2\/tribe_events\/3019","targetHints":{"allow":["GET"]}}],"collection":[{"href":"https:\/\/tlatelolcounam.mx\/uva\/wp-json\/wp\/v2\/tribe_events"}],"about":[{"href":"https:\/\/tlatelolcounam.mx\/uva\/wp-json\/wp\/v2\/types\/tribe_events"}],"author":[{"embeddable":true,"href":"https:\/\/tlatelolcounam.mx\/uva\/wp-json\/wp\/v2\/users\/2"}],"version-history":[{"count":1,"href":"https:\/\/tlatelolcounam.mx\/uva\/wp-json\/wp\/v2\/tribe_events\/3019\/revisions"}],"predecessor-version":[{"id":3020,"href":"https:\/\/tlatelolcounam.mx\/uva\/wp-json\/wp\/v2\/tribe_events\/3019\/revisions\/3020"}],"wp:featuredmedia":[{"embeddable":true,"href":"https:\/\/tlatelolcounam.mx\/uva\/wp-json\/wp\/v2\/media\/2998"}],"wp:attachment":[{"href":"https:\/\/tlatelolcounam.mx\/uva\/wp-json\/wp\/v2\/media?parent=3019"}],"wp:term":[{"taxonomy":"post_tag","embeddable":true,"href":"https:\/\/tlatelolcounam.mx\/uva\/wp-json\/wp\/v2\/tags?post=3019"},{"taxonomy":"tribe_events_cat","embeddable":true,"href":"https:\/\/tlatelolcounam.mx\/uva\/wp-json\/wp\/v2\/tribe_events_cat?post=3019"}],"curies":[{"name":"wp","href":"https:\/\/api.w.org\/{rel}","templated":true}]}}

👴🏾🖥️👵🏾📱GRANDES APRENDICES: Tecnología básica para adultos mayores. SESIÓN 1

<div class="gmail_default">
<p><span style="font-weight: 400;">¿Eres una persona mayor y tienes dificultades para usar tu teléfono celular o tu computadora? ¿Te cansa que los trámites se hagan en línea? ¿Te agobia el avance de la tecnología? </span></p>
<p><span style="font-weight: 400;">¡No te preocupes! </span></p>
<p><span style="font-weight: 400;">Te ofrecemos un acercamiento paciente, sencillo y afectuoso para que puedas adueñarte de algunas herramientas útiles de acuerdo con tus necesidades.</span></p>
<p>Cupo limitado.</p>
</div>

<p>¿Eres una persona mayor y tienes dificultades para usar tu teléfono celular o tu computadora? ¿Te cansa que los trámites&nbsp;<a href="https://tlatelolcounam.mx/uva/event/ga-tecnologia-basica-1/">&hellip;</a></p>
